{"id":2576,"date":"2020-10-06T21:31:03","date_gmt":"2020-10-06T19:31:03","guid":{"rendered":"https:\/\/blogsaverroes.juntadeandalucia.es\/ceipsangregoriooria\/?page_id=2576"},"modified":"2020-10-15T17:54:23","modified_gmt":"2020-10-15T15:54:23","slug":"nuestro-proyecto","status":"publish","type":"page","link":"https:\/\/blogsaverroes.juntadeandalucia.es\/ceipsangregoriooria\/nuestro-proyecto\/","title":{"rendered":"Plan de Igualdad y Coeducaci\u00f3n entre hombres y mujeres."},"content":{"rendered":"<p>La violencia de g\u00e9nero es desafortunadamente uno de los temas principales y presentes en nuestra vida cotidiana, abordado por nuestras medios de comunicaci\u00f3n con una frecuencia pr\u00e1cticamente diaria, siendo un tema de especial preocupaci\u00f3n y<br \/>\nrelevancia, adem\u00e1s de plantearse como uno de los retos m\u00e1s dif\u00edciles a los que se enfrenta hoy nuestra sociedad.<\/p>\n<p>En nuestro centro educativo somos conscientes de ello y desde hace a\u00f1os desarrollamos el Plan de igualdad y coeducaci\u00f3n, a partir de cual pretendemos crear un clima de convivencia basado en la igualdad, el respeto y la comunicaci\u00f3n entre los diversos estamentos que integran nuestra comunidad escolar, desde la etapa de Educaci\u00f3n Infantil (en la que aparecen las primeras diferencias y la segregaci\u00f3n por \u201cg\u00e9nero\u201d que es una clara preferencia de los ni\u00f1os\/as para jugar con sus iguales) hasta el segundo curso de la Educaci\u00f3n Secundaria (etapa de la adolescencia y definici\u00f3n clara de la sexualidad).<\/p>\n<p>La coeducaci\u00f3n, tal y como establece el art\u00edculo 39 de la LEA 17\/2007, \u201cla educaci\u00f3n en valores y temas transversales son temas comunes a todas las \u00e1reas dirigido a la formaci\u00f3n integral del alumno, y a la preparaci\u00f3n del mismo para integrarse en la sociedad\u201d. Consideramos pues, que es fundamental no limitar nuestra labor a los aspectos puramente acad\u00e9micos, sino ir m\u00e1s all\u00e1, logrando que nuestros alumnos\/as aprendan a ser y a convivir respetando las diferencias existentes en un entorno plural, apreciando e interiorizando valores y actitudes que fomenten la igualdad y el respeto entre hombres y mujeres.<\/p>\n<p>&nbsp;<\/p>\n<p><img fetchpriority=\"high\" decoding=\"async\" class=\"alignnone  aligncenter\" src=\"https:\/\/www.reinventhadas.com\/wp-content\/uploads\/2015\/11\/PLANES-DE.jpg\" width=\"302\" height=\"302\"><\/p>\n","protected":false},"excerpt":{"rendered":"<p>La violencia de g\u00e9nero es desafortunadamente uno de los temas principales y presentes en nuestra vida cotidiana, abordado por nuestras medios de comunicaci\u00f3n con una frecuencia pr\u00e1cticamente diaria, siendo un tema de especial preocupaci\u00f3n y&#46;&#46;&#46;<\/p>\n","protected":false},"author":8040,"featured_media":0,"parent":0,"menu_order":0,"comment_status":"closed","ping_status":"closed","template":"","meta":{"ngg_post_thumbnail":0,"footnotes":"","_mc_calendar":[]},"aioseo_notices":[],"_links":{"self":[{"href":"https:\/\/blogsaverroes.juntadeandalucia.es\/ceipsangregoriooria\/wp-json\/wp\/v2\/pages\/2576"}],"collection":[{"href":"https:\/\/blogsaverroes.juntadeandalucia.es\/ceipsangregoriooria\/wp-json\/wp\/v2\/pages"}],"about":[{"href":"https:\/\/blogsaverroes.juntadeandalucia.es\/ceipsangregoriooria\/wp-json\/wp\/v2\/types\/page"}],"author":[{"embeddable":true,"href":"https:\/\/blogsaverroes.juntadeandalucia.es\/ceipsangregoriooria\/wp-json\/wp\/v2\/users\/8040"}],"replies":[{"embeddable":true,"href":"https:\/\/blogsaverroes.juntadeandalucia.es\/ceipsangregoriooria\/wp-json\/wp\/v2\/comments?post=2576"}],"version-history":[{"count":14,"href":"https:\/\/blogsaverroes.juntadeandalucia.es\/ceipsangregoriooria\/wp-json\/wp\/v2\/pages\/2576\/revisions"}],"predecessor-version":[{"id":2638,"href":"https:\/\/blogsaverroes.juntadeandalucia.es\/ceipsangregoriooria\/wp-json\/wp\/v2\/pages\/2576\/revisions\/2638"}],"wp:attachment":[{"href":"https:\/\/blogsaverroes.juntadeandalucia.es\/ceipsangregoriooria\/wp-json\/wp\/v2\/media?parent=2576"}],"curies":[{"name":"wp","href":"https:\/\/api.w.org\/{rel}","templated":true}]}}