{"id":871,"date":"2015-03-16T07:25:46","date_gmt":"2015-03-16T07:25:46","guid":{"rendered":"http:\/\/blogsaverroes.juntadeandalucia.es\/pre\/ceip\/?page_id=106"},"modified":"2024-10-18T13:18:44","modified_gmt":"2024-10-18T11:18:44","slug":"actividades-extraescolares","status":"publish","type":"page","link":"https:\/\/blogsaverroes.juntadeandalucia.es\/ceipsangregoriooria\/actividades-extraescolares\/","title":{"rendered":"Actividades extraescolares y PROA."},"content":{"rendered":"<p>En el presente curso escolar se ofertan las siguientes actividades escolares que se desarrollar\u00e1n en horario de lunes a jueves de 16:00 a 17:00 horas.<\/p>\n<p><img fetchpriority=\"high\" decoding=\"async\" class=\" aligncenter\" src=\"https:\/\/www.juntadeandalucia.es\/export\/drupaljda\/art-2941706_1920.jpg\" width=\"557\" height=\"371\"><\/p>\n<ul style=\"list-style-type: square\">\n<li>Artes Pl\u00e1sticas Y Manualidades. Martes y jueves.<\/li>\n<li>Expresi\u00f3n Corporal. Lunes y mi\u00e9rcoles.<\/li>\n<\/ul>\n<p><span style=\"font-weight: 400\">Los precios de los distintos servicios que ofrece el centro est\u00e1n regulados por:<\/span><\/p>\n<ul class=\"lista\">\n<li><a href=\"https:\/\/www.juntadeandalucia.es\/boja\/2024\/150\/33\">Acuerdo de 30 de julio de 2024<\/a>, del Consejo de Gobierno, por el que se revisa la cuant\u00eda del precio p\u00fablico del servicio complementario de comedor escolar en los centros docentes p\u00fablicos de Andaluc\u00eda, establecido en el apartado A) del Anexo I del Acuerdo del Consejo de Gobierno, de 27 de marzo de 2018, por el que se fija la cuant\u00eda de los precios p\u00fablicos por los servicios complementarios de aula matinal, comedor escolar y actividades extraescolares en los centros docentes p\u00fablicos y por el servicio de residencia en las residencias escolares de Andaluc\u00eda (BOJA 02-08-24).&nbsp;<\/li>\n<\/ul>\n<p>&nbsp;<\/p>\n<ul style=\"list-style-type: square\">\n<li>Programa de Acompa\u00f1amiento Escolar (3\u00ba, 4\u00ba, 5\u00ba y 6\u00ba Primaria; 1\u00ba y 2\u00ba ESO).<\/li>\n<\/ul>\n<p>&nbsp;<\/p>\n<p><a href=\"https:\/\/blogsaverroes.juntadeandalucia.es\/ceipsangregoriooria\/files\/2021\/10\/proa-e1633971681226.jpg\"><img decoding=\"async\" class=\" wp-image-3505 aligncenter\" src=\"https:\/\/blogsaverroes.juntadeandalucia.es\/ceipsangregoriooria\/files\/2021\/10\/proa-e1633971681226.jpg\" alt=\"\" width=\"812\" height=\"231\" srcset=\"https:\/\/blogsaverroes.juntadeandalucia.es\/ceipsangregoriooria\/files\/2021\/10\/proa-e1633971681226.jpg 1258w, https:\/\/blogsaverroes.juntadeandalucia.es\/ceipsangregoriooria\/files\/2021\/10\/proa-e1633971681226-300x85.jpg 300w, https:\/\/blogsaverroes.juntadeandalucia.es\/ceipsangregoriooria\/files\/2021\/10\/proa-e1633971681226-1024x291.jpg 1024w, https:\/\/blogsaverroes.juntadeandalucia.es\/ceipsangregoriooria\/files\/2021\/10\/proa-e1633971681226-768x219.jpg 768w\" sizes=\"(max-width: 812px) 100vw, 812px\" \/><\/a><\/p>\n<p>El alta o baja en cualquiera de estas actividades se realizar\u00e1 en la Secretar\u00eda del centro.<\/p>\n<p>&nbsp;<\/p>\n","protected":false},"excerpt":{"rendered":"<p>En el presente curso escolar se ofertan las siguientes actividades escolares que se desarrollar\u00e1n en horario de lunes a jueves de 16:00 a 17:00 horas. Artes Pl\u00e1sticas Y Manualidades. Martes y jueves. Expresi\u00f3n Corporal. Lunes&#46;&#46;&#46;<\/p>\n","protected":false},"author":1,"featured_media":0,"parent":0,"menu_order":0,"comment_status":"closed","ping_status":"open","template":"","meta":{"ngg_post_thumbnail":0,"footnotes":"","_mc_calendar":[]},"aioseo_notices":[],"_links":{"self":[{"href":"https:\/\/blogsaverroes.juntadeandalucia.es\/ceipsangregoriooria\/wp-json\/wp\/v2\/pages\/871"}],"collection":[{"href":"https:\/\/blogsaverroes.juntadeandalucia.es\/ceipsangregoriooria\/wp-json\/wp\/v2\/pages"}],"about":[{"href":"https:\/\/blogsaverroes.juntadeandalucia.es\/ceipsangregoriooria\/wp-json\/wp\/v2\/types\/page"}],"author":[{"embeddable":true,"href":"https:\/\/blogsaverroes.juntadeandalucia.es\/ceipsangregoriooria\/wp-json\/wp\/v2\/users\/1"}],"replies":[{"embeddable":true,"href":"https:\/\/blogsaverroes.juntadeandalucia.es\/ceipsangregoriooria\/wp-json\/wp\/v2\/comments?post=871"}],"version-history":[{"count":12,"href":"https:\/\/blogsaverroes.juntadeandalucia.es\/ceipsangregoriooria\/wp-json\/wp\/v2\/pages\/871\/revisions"}],"predecessor-version":[{"id":4474,"href":"https:\/\/blogsaverroes.juntadeandalucia.es\/ceipsangregoriooria\/wp-json\/wp\/v2\/pages\/871\/revisions\/4474"}],"wp:attachment":[{"href":"https:\/\/blogsaverroes.juntadeandalucia.es\/ceipsangregoriooria\/wp-json\/wp\/v2\/media?parent=871"}],"curies":[{"name":"wp","href":"https:\/\/api.w.org\/{rel}","templated":true}]}}

<p>En el presente curso escolar se ofertan las siguientes actividades escolares que se desarrollarán en horario de lunes a jueves de 16:00 a 17:00 horas.</p>
<p><img fetchpriority="high" decoding="async" class=" aligncenter" src="https://www.juntadeandalucia.es/export/drupaljda/art-2941706_1920.jpg" width="557" height="371"></p>
<ul style="list-style-type: square">
<li>Artes Plásticas Y Manualidades. Martes y jueves.</li>
<li>Expresión Corporal. Lunes y miércoles.</li>
</ul>
<p><span style="font-weight: 400">Los precios de los distintos servicios que ofrece el centro están regulados por:</span></p>
<ul class="lista">
<li><a href="https://www.juntadeandalucia.es/boja/2024/150/33">Acuerdo de 30 de julio de 2024</a>, del Consejo de Gobierno, por el que se revisa la cuantía del precio público del servicio complementario de comedor escolar en los centros docentes públicos de Andalucía, establecido en el apartado A) del Anexo I del Acuerdo del Consejo de Gobierno, de 27 de marzo de 2018, por el que se fija la cuantía de los precios públicos por los servicios complementarios de aula matinal, comedor escolar y actividades extraescolares en los centros docentes públicos y por el servicio de residencia en las residencias escolares de Andalucía (BOJA 02-08-24).&nbsp;</li>
</ul>
<p>&nbsp;</p>
<ul style="list-style-type: square">
<li>Programa de Acompañamiento Escolar (3º, 4º, 5º y 6º Primaria; 1º y 2º ESO).</li>
</ul>
<p>&nbsp;</p>
<p><a href="https://blogsaverroes.juntadeandalucia.es/ceipsangregoriooria/files/2021/10/proa-e1633971681226.jpg"><img decoding="async" class=" wp-image-3505 aligncenter" src="https://blogsaverroes.juntadeandalucia.es/ceipsangregoriooria/files/2021/10/proa-e1633971681226.jpg" alt="" width="812" height="231" srcset="https://blogsaverroes.juntadeandalucia.es/ceipsangregoriooria/files/2021/10/proa-e1633971681226.jpg 1258w, https://blogsaverroes.juntadeandalucia.es/ceipsangregoriooria/files/2021/10/proa-e1633971681226-300x85.jpg 300w, https://blogsaverroes.juntadeandalucia.es/ceipsangregoriooria/files/2021/10/proa-e1633971681226-1024x291.jpg 1024w, https://blogsaverroes.juntadeandalucia.es/ceipsangregoriooria/files/2021/10/proa-e1633971681226-768x219.jpg 768w" sizes="(max-width: 812px) 100vw, 812px" /></a></p>
<p>El alta o baja en cualquiera de estas actividades se realizará en la Secretaría del centro.</p>
<p>&nbsp;</p>

<p>En el presente curso escolar se ofertan las siguientes actividades escolares que se desarrollarán en horario de lunes a jueves de 16:00 a 17:00 horas. Artes Plásticas Y Manualidades. Martes y jueves. Expresión Corporal. Lunes&#46;&#46;&#46;</p>
