{"id":2417,"date":"2024-08-07T17:57:57","date_gmt":"2024-08-07T16:57:57","guid":{"rendered":"https:\/\/blogsaverroes.juntadeandalucia.es\/ceipsanisidoro\/?page_id=2417"},"modified":"2025-09-24T22:37:11","modified_gmt":"2025-09-24T21:37:11","slug":"actividades-extraescolares","status":"publish","type":"page","link":"https:\/\/blogsaverroes.juntadeandalucia.es\/ceipsanisidoro\/actividades-extraescolares\/","title":{"rendered":"Actividades Extraescolares"},"content":{"rendered":"<p style=\"text-align: justify\">Este a\u00f1o la empresa que llevar\u00e1 a cabo las actividades extraescolares es: \u201cACTIVIDADES CPM\u201d.<\/p>\n<p style=\"text-align: justify\">Los talleres que se van a impartir son: Ingl\u00e9s y Baile. Se desarrollar\u00e1n dos d\u00edas a la semana en los siguientes horarios:<\/p>\n<p style=\"text-align: justify\">\u2022 Ingl\u00e9s: Martes y jueves (16:00-17:00)&nbsp;<\/p>\n<p style=\"text-align: justify\">\u2022 Baile: Martes y jueves (17:00-18:00)<\/p>\n<p style=\"text-align: justify\">&nbsp;<\/p>\n<p style=\"text-align: justify\"><span style=\"font-size: 14pt\">Se recuerda:<\/span><\/p>\n<p style=\"text-align: justify\">&#8211; Comienzo de los talleres: <strong>1 de octubre<\/strong> de 2025 en el horario establecido.<\/p>\n<p style=\"text-align: justify\">&#8211; Cualquier baja, modificaci\u00f3n o consulta, deben hacerla a Secretar\u00eda.<\/p>\n<p style=\"text-align: justify\">&#8211; Solo es bonificable una actividad extraescolar por alumno\/a.<\/p>\n<p style=\"text-align: justify\">&#8211; M\u00ednimo de 10 alumnos\/as para comenzar la actividad.<\/p>\n<p style=\"text-align: center\"><span style=\"font-size: 14pt\"><strong>\u00a1\u00a1\u00a1 OS ANIMAMOS A FORMAR GRUPO E INSCRIBIROS EN LAS ACTIVIDADES!!<\/strong><\/span><br \/>\n&nbsp;<\/p>\n<p style=\"text-align: center\"><img loading=\"lazy\" decoding=\"async\" class=\"alignnone size-medium wp-image-3945\" src=\"https:\/\/blogsaverroes.juntadeandalucia.es\/ceipsanisidoro\/files\/2025\/09\/extraescolares-207x300.jpg\" alt=\"\" width=\"500\" height=\"725\" srcset=\"https:\/\/blogsaverroes.juntadeandalucia.es\/ceipsanisidoro\/files\/2025\/09\/extraescolares-207x300.jpg 207w, https:\/\/blogsaverroes.juntadeandalucia.es\/ceipsanisidoro\/files\/2025\/09\/extraescolares-707x1024.jpg 707w, https:\/\/blogsaverroes.juntadeandalucia.es\/ceipsanisidoro\/files\/2025\/09\/extraescolares-768x1112.jpg 768w, https:\/\/blogsaverroes.juntadeandalucia.es\/ceipsanisidoro\/files\/2025\/09\/extraescolares-1061x1536.jpg 1061w, https:\/\/blogsaverroes.juntadeandalucia.es\/ceipsanisidoro\/files\/2025\/09\/extraescolares.jpg 1121w\" sizes=\"(max-width: 500px) 100vw, 500px\" \/>&nbsp;<\/p>\n<p>&nbsp;<\/p>\n<p style=\"text-align: center\"><iframe loading=\"lazy\" src=\"https:\/\/drive.google.com\/file\/d\/1YzGP3y-fo1D7MSuO-DKcuDi9Dl-u2ndg\/preview\" width=\"640\" height=\"480\"><\/iframe><\/p>\n<p style=\"text-align: center\">&nbsp;<\/p>\n","protected":false},"excerpt":{"rendered":"<p>Este a\u00f1o la empresa que llevar\u00e1 a cabo las actividades extraescolares es: \u201cACTIVIDADES CPM\u201d. Los talleres que se van a impartir son: Ingl\u00e9s y Baile. Se desarrollar\u00e1n dos d\u00edas a la semana en los&#46;&#46;&#46;<\/p>\n","protected":false},"author":13345,"featured_media":0,"parent":0,"menu_order":0,"comment_status":"closed","ping_status":"closed","template":"","meta":{"ngg_post_thumbnail":0,"footnotes":""},"aioseo_notices":[],"_links":{"self":[{"href":"https:\/\/blogsaverroes.juntadeandalucia.es\/ceipsanisidoro\/wp-json\/wp\/v2\/pages\/2417"}],"collection":[{"href":"https:\/\/blogsaverroes.juntadeandalucia.es\/ceipsanisidoro\/wp-json\/wp\/v2\/pages"}],"about":[{"href":"https:\/\/blogsaverroes.juntadeandalucia.es\/ceipsanisidoro\/wp-json\/wp\/v2\/types\/page"}],"author":[{"embeddable":true,"href":"https:\/\/blogsaverroes.juntadeandalucia.es\/ceipsanisidoro\/wp-json\/wp\/v2\/users\/13345"}],"replies":[{"embeddable":true,"href":"https:\/\/blogsaverroes.juntadeandalucia.es\/ceipsanisidoro\/wp-json\/wp\/v2\/comments?post=2417"}],"version-history":[{"count":7,"href":"https:\/\/blogsaverroes.juntadeandalucia.es\/ceipsanisidoro\/wp-json\/wp\/v2\/pages\/2417\/revisions"}],"predecessor-version":[{"id":3946,"href":"https:\/\/blogsaverroes.juntadeandalucia.es\/ceipsanisidoro\/wp-json\/wp\/v2\/pages\/2417\/revisions\/3946"}],"wp:attachment":[{"href":"https:\/\/blogsaverroes.juntadeandalucia.es\/ceipsanisidoro\/wp-json\/wp\/v2\/media?parent=2417"}],"curies":[{"name":"wp","href":"https:\/\/api.w.org\/{rel}","templated":true}]}}