{"id":2988,"date":"2024-11-18T13:52:59","date_gmt":"2024-11-18T12:52:59","guid":{"rendered":"https:\/\/blogsaverroes.juntadeandalucia.es\/ceipsanisidoro\/?page_id=2988"},"modified":"2025-09-24T17:27:15","modified_gmt":"2025-09-24T16:27:15","slug":"datoscentro","status":"publish","type":"page","link":"https:\/\/blogsaverroes.juntadeandalucia.es\/ceipsanisidoro\/datoscentro\/","title":{"rendered":"Datos del Centro"},"content":{"rendered":"<p><strong><span style=\"font-size: 18pt\">CEIP San Isidoro<\/span><\/strong><\/p>\n<p><span style=\"font-size: 12pt\"><strong>Direcci\u00f3n: <\/strong>Avenida de la Constituci\u00f3n, 1. 2364o Torredelcampo (Ja\u00e9n)<\/span><\/p>\n<p><span style=\"font-size: 12pt\"><strong>Tel\u00e9fonos: <\/strong>671 565 601 \/ 600 157 154<\/span><\/p>\n<p><strong><span style=\"font-size: 14pt\"><span style=\"font-size: 12pt\">e-Mail:<\/span>&nbsp;<\/span><\/strong><span style=\"font-size: 12pt\">23003922@g.educaand.es<\/span><\/p>\n<p>&nbsp;<\/p>\n<h3 style=\"text-align: left\"><iframe loading=\"lazy\" src=\"https:\/\/www.google.com\/maps\/embed?pb=!1m18!1m12!1m3!1d3153.911921803674!2d-3.904561084793187!3d37.76866337976062!2m3!1f0!2f0!3f0!3m2!1i1024!2i768!4f13.1!3m3!1m2!1s0xd6dd0217cda64d1%3A0x9aab2a053f0ab335!2sColegio%20P%C3%BAblico%20San%20Isidoro!5e0!3m2!1ses!2ses!4v1635150671602!5m2!1ses!2ses\" width=\"400\" height=\"300\"><\/iframe>&nbsp;<\/h3>\n<h3>&nbsp;<\/h3>\n<p><span style=\"font-size: 18pt\"><strong>Horarios de atenci\u00f3n al p\u00fablico (Cita Previa):<\/strong><\/span><\/p>\n<p><!--\/themify_builder_static--><\/p>\n<ul>\n<li><strong>Jefatura de Estudios:<\/strong> De 09:00 a 10:00 (Lunes, Mi\u00e9rcoles y Jueves)<\/li>\n<li><strong>Secretar\u00eda:<\/strong> De 12:30 a 13:30 (Martes, Mi\u00e9rcoles y Jueves)<\/li>\n<li><strong>Direcci\u00f3n:<\/strong> De 12:30 a 13:30 (Lunes, Martes y Viernes)<\/li>\n<\/ul>\n<p>&nbsp;<\/p>\n<p><span style=\"font-size: 18pt\"><strong>Correos educativos del profesorado:<\/strong><\/span><\/p>\n<p style=\"text-align: center\"><iframe loading=\"lazy\" src=\"https:\/\/drive.google.com\/file\/d\/1numQ5XK888esjyMK9UIULYHaLKHSecum\/preview\" width=\"640\" height=\"480\"><\/iframe>&nbsp;<\/p>\n<p>&nbsp;<\/p>\n<p><span style=\"font-size: 18pt\"><strong>Canales de Comunicaci\u00f3n:<\/strong><\/span><\/p>\n<p style=\"text-align: center\"><iframe loading=\"lazy\" src=\"https:\/\/drive.google.com\/file\/d\/1UZp37p0csHNA0EWwHTFbSNFwFcmMZlWK\/preview\" width=\"640\" height=\"480\"><\/iframe>&nbsp;<\/p>\n","protected":false},"excerpt":{"rendered":"<p>CEIP San Isidoro Direcci\u00f3n: Avenida de la Constituci\u00f3n, 1. 2364o Torredelcampo (Ja\u00e9n) Tel\u00e9fonos: 671 565 601 \/ 600 157 154 e-Mail:&nbsp;23003922@g.educaand.es &nbsp; &nbsp; &nbsp; Horarios de atenci\u00f3n al p\u00fablico (Cita Previa): Jefatura de Estudios:&#46;&#46;&#46;<\/p>\n","protected":false},"author":13354,"featured_media":0,"parent":0,"menu_order":0,"comment_status":"closed","ping_status":"closed","template":"","meta":{"ngg_post_thumbnail":0,"footnotes":""},"aioseo_notices":[],"_links":{"self":[{"href":"https:\/\/blogsaverroes.juntadeandalucia.es\/ceipsanisidoro\/wp-json\/wp\/v2\/pages\/2988"}],"collection":[{"href":"https:\/\/blogsaverroes.juntadeandalucia.es\/ceipsanisidoro\/wp-json\/wp\/v2\/pages"}],"about":[{"href":"https:\/\/blogsaverroes.juntadeandalucia.es\/ceipsanisidoro\/wp-json\/wp\/v2\/types\/page"}],"author":[{"embeddable":true,"href":"https:\/\/blogsaverroes.juntadeandalucia.es\/ceipsanisidoro\/wp-json\/wp\/v2\/users\/13354"}],"replies":[{"embeddable":true,"href":"https:\/\/blogsaverroes.juntadeandalucia.es\/ceipsanisidoro\/wp-json\/wp\/v2\/comments?post=2988"}],"version-history":[{"count":7,"href":"https:\/\/blogsaverroes.juntadeandalucia.es\/ceipsanisidoro\/wp-json\/wp\/v2\/pages\/2988\/revisions"}],"predecessor-version":[{"id":3916,"href":"https:\/\/blogsaverroes.juntadeandalucia.es\/ceipsanisidoro\/wp-json\/wp\/v2\/pages\/2988\/revisions\/3916"}],"wp:attachment":[{"href":"https:\/\/blogsaverroes.juntadeandalucia.es\/ceipsanisidoro\/wp-json\/wp\/v2\/media?parent=2988"}],"curies":[{"name":"wp","href":"https:\/\/api.w.org\/{rel}","templated":true}]}}