{"id":896,"date":"2021-09-15T17:30:46","date_gmt":"2021-09-15T16:30:46","guid":{"rendered":"https:\/\/blogsaverroes.juntadeandalucia.es\/ceipsanisidoro\/?page_id=896"},"modified":"2025-09-24T18:06:14","modified_gmt":"2025-09-24T17:06:14","slug":"recursos-humanos","status":"publish","type":"page","link":"https:\/\/blogsaverroes.juntadeandalucia.es\/ceipsanisidoro\/recursos-humanos\/","title":{"rendered":"Recursos Humanos"},"content":{"rendered":"<p><!--themify_builder_static--><\/p>\n<h3>Claustro 2025-2026<\/h3>\n<ul>\n<li>\n<h4>Equipo Directivo<\/h4>\n<p style=\"text-align: left\"><strong>Directora<\/strong>: M\u00aa \u00c1ngeles Piedra Garc\u00eda<\/p>\n<p style=\"text-align: left\"><strong>Jefe de Estudios:&nbsp;<\/strong>Tom\u00e1s J. Cobo Valdivia<\/p>\n<p style=\"text-align: left\"><strong>Secretar\u00eda:&nbsp;<\/strong>M\u00aa Dolores Valverde Garc\u00eda<\/p>\n<\/li>\n<\/ul>\n<p>&nbsp;<\/p>\n<ul>\n<li>\n<h4>Tutor\u00edas Ed. Infantil<\/h4>\n<p style=\"text-align: left\"><strong>Infantil 3 a\u00f1os: <\/strong>Jessica Mar\u00eda Quesada S\u00e1nchez<\/p>\n<p style=\"text-align: left\"><strong>Infantil 4 a\u00f1os-A: <\/strong>Carmen Mar\u00eda Castro Peinado<\/p>\n<p style=\"text-align: left\"><strong>Infantil 4 a\u00f1os-B: <\/strong>Carmen &nbsp;Mar\u00eda Parra Milla<\/p>\n<p style=\"text-align: left\"><strong>Infantil 5 a\u00f1os-A:<\/strong> M\u00aa Bel\u00e9n Fern\u00e1ndez Vicente<\/p>\n<p style=\"text-align: left\"><strong>Infantil 5 a\u00f1os-B:<\/strong> M\u00aa Dolores Valverde Garc\u00eda<\/p>\n<p><strong>Apoyo Infantil:<\/strong> Manuela Moral C\u00e1rdenas<\/li>\n<\/ul>\n<p>&nbsp;<\/p>\n<ul>\n<li>\n<h4>Tutor\u00edas Ed Primaria<\/h4>\n<p><strong>1\u00ba Primaria-A:<\/strong> M\u00aa Juana Blanca Rubio&nbsp;<\/p>\n<p><strong>1\u00ba Primaria-B:&nbsp;<\/strong>Dolores Mar\u00eda Li\u00e9bana Peinado<\/p>\n<p><strong>2\u00ba Primaria-A:<\/strong> Agust\u00edn Salazar Garrido<\/p>\n<p><strong>2\u00ba Primaria-B: <\/strong>Juana L\u00f3pez Valderrama<\/p>\n<p><strong>3\u00ba Primaria-A: <\/strong>Francisca Torres D\u00edaz<\/p>\n<p><strong>4\u00ba Primaria-A:&nbsp;<\/strong>Ana Bel\u00e9n Valdivia Poyatos<\/p>\n<p><strong>4\u00ba Primaria-B: <\/strong>Rafa Moreno Ortega<\/p>\n<p><strong>5\u00ba Primaria-A: <\/strong>Tom\u00e1s J. Cobo Valdivia&nbsp;<\/p>\n<p><strong>5\u00ba Primaria-B: <\/strong>Carmen Gonz\u00e1lez Alguacil<\/p>\n<p><strong>6\u00ba Primaria-A: <\/strong>Pedro Morales Morales<\/p>\n<p><strong>6\u00ba Primaria-B:<\/strong> Jos\u00e9 Luis Ure\u00f1a Bares<\/p>\n<p><strong>EEE: <\/strong>Olga Gal\u00e1n Ord\u00f3\u00f1ez<\/p>\n<h4>&nbsp;<\/h4>\n<\/li>\n<li>\n<h4>Especialistas<\/h4>\n<p><strong>Ed. F\u00edsica:&nbsp;<\/strong>Josefa L\u00f3pez de los Mozos Fern\u00e1ndez<\/p>\n<p><strong>Religi\u00f3n: <\/strong>&nbsp;Aurelia Molina Guerrero y M\u00aa Luisa Peralbo Illescas<\/p>\n<p><strong>Ingl\u00e9s:&nbsp;<\/strong>Felipe Garc\u00eda Vacas, Macarena Hidalgo Martos y Jos\u00e9 Luis Ure\u00f1a Bares<\/p>\n<p><strong>Franc\u00e9s: <\/strong>Francisca Torres D\u00edaz<\/p>\n<p><strong>M\u00fasica: <\/strong>Dolores Mar\u00eda Li\u00e9bana Peinado<\/p>\n<p><strong>Taller TIC:&nbsp;<\/strong>Macarena Hidalgo Martos<\/li>\n<\/ul>\n<p>&nbsp;<\/p>\n<ul>\n<li>\n<h4>Equipo de Orientaci\u00f3n<\/h4>\n<p>&#8211; Esther Toledo Saavedra (PT)<\/p>\n<p>&#8211; Mar\u00eda Luz Mart\u00ednez Romero (PT)&nbsp;<\/p>\n<p>&#8211; Olga Gal\u00e1n Ord\u00f3\u00f1ez (PT)<\/p>\n<p>&#8211; Roc\u00edo Ratia Hueso (AL)<\/p>\n<p>&#8211; Antonia Mar\u00eda Susi Mozas (Orientadora)<\/p>\n<p>&#8211; M\u00aa Eugenia Ure\u00f1a Arjonilla (M\u00e9dico)<\/p>\n<p>&nbsp;<\/li>\n<li>\n<h4>Otro personal del centro<\/h4>\n<p>&#8211; Silvia del M\u00e1rmol (Monitora escolar)&nbsp;<\/p>\n<p>&#8211;&nbsp;Ana Isabel Ram\u00edrez Lara (PTIS)<\/p>\n<p>&#8211; Alejandro Mesa La Rosa (PTIS)<\/li>\n<\/ul>\n<p>&nbsp;<\/p>\n<ul>\n<li>\n<h4>Composici\u00f3n Consejo Escolar<\/h4>\n<p><span style=\"text-decoration: underline\">Equipo Directivo:<\/span><\/p>\n<p>Piedra Garc\u00eda, Mar\u00eda \u00c1ngeles (DIRECTORA)<\/p>\n<p>Cobo Valdivia, Tom\u00e1s Jes\u00fas (JEFE DE ESTUDIOS)<\/p>\n<p>Valverde Garc\u00eda, Mar\u00eda Dolores (SECRETARIA)<\/p>\n<p><span style=\"text-decoration: underline\">Sector Profesorado:<\/span><\/p>\n<p>Garc\u00eda Vacas, Felipe<\/p>\n<p>Hidalgo Martos, Macarena<\/p>\n<p>Morales Morales, Pedro Manuel<\/p>\n<p>Parra Milla, Carmen Mar\u00eda<\/p>\n<p>Salazar Garrido, Agust\u00edn Crist\u00f3bal<\/p>\n<p>Fern\u00e1ndez Vicente, Mar\u00eda Bel\u00e9n<\/p>\n<p>Moral C\u00e1rdenas, Manuela<\/p>\n<p>Moreno Ortega, Rafael<\/p>\n<p><span style=\"text-decoration: underline\">Sector Padres\/Madres:<\/span><\/p>\n<p>Garrido S\u00e1nchez, Roc\u00edo<\/p>\n<p>L\u00f3pez Sotos, Isabel Mar\u00eda<\/p>\n<p>Pesta\u00f1a Moral, Carmen Mar\u00eda<\/p>\n<p>Mar\u00eda Blanca Jim\u00e9nez, Inmaculada<\/p>\n<p>Cortecero P\u00e9rez, Mar\u00eda Jes\u00fas<\/p>\n<p>Cruz Mart\u00ednez, Silvia<\/p>\n<p>Capiscol Bares, Pedro<\/p>\n<p>Quesada Fern\u00e1ndez, Jos\u00e9<\/p>\n<p><span style=\"text-decoration: underline\">AMPA:<\/span><\/p>\n<p>Lara Cuesta, Rosa Mar\u00eda&nbsp;<\/p>\n<p><span style=\"text-decoration: underline\">Representante del Ayuntamiento:<\/span><\/p>\n<p>Civantos Rico, Gloria<\/p>\n<h4>&nbsp;<\/h4>\n<\/li>\n<li>\n<h4>Personal Plan de Apertura y Plan de Deporte en la Escuela<\/h4>\n<p>&#8211; Actividades CPM (actividades extraescolares) Tel\u00e9fono : 953352972<\/p>\n<p>&#8211; Comertel, S.A. (servicio catering)&nbsp; Tel\u00e9fono: 954461035<\/li>\n<\/ul>\n<p>&nbsp;<\/p>\n<ul>\n<li>\n<h4>AMPA<\/h4>\n<p>Presidenta: Rosa Mar\u00eda Lara Cuesta<\/p>\n<p>Direcci\u00f3n Avenida de la Constituci\u00f3n,1<\/p>\n<p>Email: ampadesansisidoro@gmail.com<\/p>\n<p>Tel\u00e9fono: 623358473<\/li>\n<\/ul>\n<p><!--\/themify_builder_static--><\/p>\n","protected":false},"excerpt":{"rendered":"<p>Claustro 2025-2026 Equipo Directivo Directora: M\u00aa \u00c1ngeles Piedra Garc\u00eda Jefe de Estudios:&nbsp;Tom\u00e1s J. Cobo Valdivia Secretar\u00eda:&nbsp;M\u00aa Dolores Valverde Garc\u00eda &nbsp; Tutor\u00edas Ed. Infantil Infantil 3 a\u00f1os: Jessica Mar\u00eda Quesada S\u00e1nchez Infantil 4 a\u00f1os-A: Carmen&#46;&#46;&#46;<\/p>\n","protected":false},"author":13345,"featured_media":0,"parent":0,"menu_order":0,"comment_status":"closed","ping_status":"closed","template":"","meta":{"ngg_post_thumbnail":0,"footnotes":""},"aioseo_notices":[],"_links":{"self":[{"href":"https:\/\/blogsaverroes.juntadeandalucia.es\/ceipsanisidoro\/wp-json\/wp\/v2\/pages\/896"}],"collection":[{"href":"https:\/\/blogsaverroes.juntadeandalucia.es\/ceipsanisidoro\/wp-json\/wp\/v2\/pages"}],"about":[{"href":"https:\/\/blogsaverroes.juntadeandalucia.es\/ceipsanisidoro\/wp-json\/wp\/v2\/types\/page"}],"author":[{"embeddable":true,"href":"https:\/\/blogsaverroes.juntadeandalucia.es\/ceipsanisidoro\/wp-json\/wp\/v2\/users\/13345"}],"replies":[{"embeddable":true,"href":"https:\/\/blogsaverroes.juntadeandalucia.es\/ceipsanisidoro\/wp-json\/wp\/v2\/comments?post=896"}],"version-history":[{"count":44,"href":"https:\/\/blogsaverroes.juntadeandalucia.es\/ceipsanisidoro\/wp-json\/wp\/v2\/pages\/896\/revisions"}],"predecessor-version":[{"id":3923,"href":"https:\/\/blogsaverroes.juntadeandalucia.es\/ceipsanisidoro\/wp-json\/wp\/v2\/pages\/896\/revisions\/3923"}],"wp:attachment":[{"href":"https:\/\/blogsaverroes.juntadeandalucia.es\/ceipsanisidoro\/wp-json\/wp\/v2\/media?parent=896"}],"curies":[{"name":"wp","href":"https:\/\/api.w.org\/{rel}","templated":true}]}}