{"id":42,"date":"2015-03-13T08:40:47","date_gmt":"2015-03-13T08:40:47","guid":{"rendered":"http:\/\/blogsaverroes.juntadeandalucia.es\/pre\/ceip\/?page_id=42"},"modified":"2026-02-03T09:38:08","modified_gmt":"2026-02-03T08:38:08","slug":"equipo-directivo","status":"publish","type":"page","link":"https:\/\/blogsaverroes.juntadeandalucia.es\/ceipsanisidrolabrador\/equipo-directivo\/","title":{"rendered":"Equipo directivo"},"content":{"rendered":"<p style=\"text-align: justify\">En nuestro centro existen las figuras de Director, asume las funciones de Jefe de Estudios y Secretaria del centro.<\/p>\n<p><strong>Direcci\u00f3n: <\/strong>Javier P\u00e9rez Jim\u00e9nez.<strong><br \/>\n<\/strong><\/p>\n<p><strong>Jefatura de estudios:<\/strong> Javier P\u00e9rez Jim\u00e9nez.<\/p>\n<p style=\"text-align: justify\"><strong>Secretaria: <\/strong>Mar\u00eda Inmaculada Cano Medina.<strong><strong><br \/>\n<\/strong><br \/>\n<\/strong>As\u00ed mismo, la <strong>coordinadora de Educaci\u00f3n Infantil y Primaria<\/strong>, nombrada por los dos pr\u00f3ximos cursos escolares es Sandra Gonz\u00e1lez Claus.<\/p>\n<p><strong>Coordinadora Equipo de Orientaci\u00f3n: <\/strong>Mar\u00eda Inmaculada Cano Medina.<\/p>\n","protected":false},"excerpt":{"rendered":"<p>En nuestro centro existen las figuras de Director, asume las funciones de Jefe de Estudios y Secretaria del centro. Direcci\u00f3n: Javier P\u00e9rez Jim\u00e9nez. Jefatura de estudios: Javier P\u00e9rez Jim\u00e9nez. Secretaria: Mar\u00eda Inmaculada Cano Medina.&#46;&#46;&#46;<\/p>\n","protected":false},"author":1,"featured_media":0,"parent":0,"menu_order":0,"comment_status":"closed","ping_status":"open","template":"","meta":{"ngg_post_thumbnail":0,"footnotes":"","_mc_calendar":[]},"aioseo_notices":[],"_links":{"self":[{"href":"https:\/\/blogsaverroes.juntadeandalucia.es\/ceipsanisidrolabrador\/wp-json\/wp\/v2\/pages\/42"}],"collection":[{"href":"https:\/\/blogsaverroes.juntadeandalucia.es\/ceipsanisidrolabrador\/wp-json\/wp\/v2\/pages"}],"about":[{"href":"https:\/\/blogsaverroes.juntadeandalucia.es\/ceipsanisidrolabrador\/wp-json\/wp\/v2\/types\/page"}],"author":[{"embeddable":true,"href":"https:\/\/blogsaverroes.juntadeandalucia.es\/ceipsanisidrolabrador\/wp-json\/wp\/v2\/users\/1"}],"replies":[{"embeddable":true,"href":"https:\/\/blogsaverroes.juntadeandalucia.es\/ceipsanisidrolabrador\/wp-json\/wp\/v2\/comments?post=42"}],"version-history":[{"count":15,"href":"https:\/\/blogsaverroes.juntadeandalucia.es\/ceipsanisidrolabrador\/wp-json\/wp\/v2\/pages\/42\/revisions"}],"predecessor-version":[{"id":9512,"href":"https:\/\/blogsaverroes.juntadeandalucia.es\/ceipsanisidrolabrador\/wp-json\/wp\/v2\/pages\/42\/revisions\/9512"}],"wp:attachment":[{"href":"https:\/\/blogsaverroes.juntadeandalucia.es\/ceipsanisidrolabrador\/wp-json\/wp\/v2\/media?parent=42"}],"curies":[{"name":"wp","href":"https:\/\/api.w.org\/{rel}","templated":true}]}}