{"id":44,"date":"2015-03-13T08:42:15","date_gmt":"2015-03-13T08:42:15","guid":{"rendered":"http:\/\/blogsaverroes.juntadeandalucia.es\/pre\/ceip\/?page_id=44"},"modified":"2026-02-03T10:03:21","modified_gmt":"2026-02-03T09:03:21","slug":"planes-y-proyectos","status":"publish","type":"page","link":"https:\/\/blogsaverroes.juntadeandalucia.es\/ceipsanisidrolabrador\/planes-y-proyectos\/","title":{"rendered":"Planes y Programas Educativos"},"content":{"rendered":"<p><img loading=\"lazy\" decoding=\"async\" class=\"alignnone size-medium wp-image-1667\" src=\"http:\/\/blogsaverroes.juntadeandalucia.es\/ceipsanisidrolabrador\/files\/2015\/03\/planes-300x150.png\" alt=\"planes\" width=\"300\" height=\"150\" srcset=\"https:\/\/blogsaverroes.juntadeandalucia.es\/ceipsanisidrolabrador\/files\/2015\/03\/planes-300x150.png 300w, https:\/\/blogsaverroes.juntadeandalucia.es\/ceipsanisidrolabrador\/files\/2015\/03\/planes-332x166.png 332w, https:\/\/blogsaverroes.juntadeandalucia.es\/ceipsanisidrolabrador\/files\/2015\/03\/planes.png 640w\" sizes=\"(max-width: 300px) 100vw, 300px\" \/><\/p>\n<p style=\"text-align: justify\">Cada centro personaliza y adapta su Proyecto Educativo adheri\u00e9ndose a diferentes <strong>Planes y Programas<\/strong> promovidos desde la Consejer\u00eda de Educaci\u00f3n, Cultura y Deporte.<\/p>\n<p style=\"text-align: justify\">En nuestro centro participamos en los siguientes Planes y Programas o programas estrat\u00e9gicos, siendo coordinados por los siguientes maestros\/as:<\/p>\n<ul style=\"text-align: justify\">\n<li><strong>Plan de Igualdad: <\/strong>Inmaculada P\u00e9rez R\u00edos.<strong><br \/>\n<\/strong><\/li>\n<li><strong>Plan de Apertura de centros docentes: <\/strong>Javier P\u00e9rez Jim\u00e9nez.<strong><br \/>\n<\/strong><\/li>\n<li><strong>Transformaci\u00f3n Digital Educativa<\/strong>: Javier P\u00e9rez Jim\u00e9nez.<\/li>\n<li><strong>Plan de Lectura y Bibliotecas:<\/strong> M\u00aa del Valle Ostos Carmona.<strong><br \/>\n<\/strong><\/li>\n<li><strong>H\u00e1bitos de Vida Saludable:&nbsp; <\/strong>Mar\u00eda Inmaculada Cano Medina.<strong><br \/>\n<\/strong><\/li>\n<li><strong>ALDEA: <\/strong>Rosa M\u00aa Reifs Ruiz.<\/li>\n<li><strong>Pr\u00e1cticum: <\/strong>Javier P\u00e9rez Jim\u00e9nez.<\/li>\n<li><strong>Plan de Autoprotecci\u00f3n Escolar y Prevenci\u00f3n de Riesgos Laborales: <\/strong>Rosa M\u00aa Reifs Ruiz.<strong><br \/>\n<\/strong><\/li>\n<li><strong>M\u00e1s Deporte:<\/strong> Carlos Tejero Fern\u00e1ndez.<\/li>\n<li><strong>PREX:<\/strong> Rosa M\u00aa Reifs Ruiz.<\/li>\n<li><strong>Pacto de Estado: Prevenci\u00f3n de la Violencia de G\u00e9nero:<\/strong> Inmaculada P\u00e9rez R\u00edos.<\/li>\n<li><strong>Peri\u00f3dico Escolar \u00abColenoticias\u00bb: <\/strong>M\u00aa Inmaculada Cano Medina.<\/li>\n<\/ul>\n<p style=\"text-align: justify\">&nbsp;<\/p>\n","protected":false},"excerpt":{"rendered":"<p>Cada centro personaliza y adapta su Proyecto Educativo adheri\u00e9ndose a diferentes Planes y Programas promovidos desde la Consejer\u00eda de Educaci\u00f3n, Cultura y Deporte. En nuestro centro participamos en los siguientes Planes y Programas o&#46;&#46;&#46;<\/p>\n","protected":false},"author":1,"featured_media":0,"parent":0,"menu_order":0,"comment_status":"closed","ping_status":"closed","template":"","meta":{"ngg_post_thumbnail":0,"footnotes":"","_mc_calendar":[]},"aioseo_notices":[],"_links":{"self":[{"href":"https:\/\/blogsaverroes.juntadeandalucia.es\/ceipsanisidrolabrador\/wp-json\/wp\/v2\/pages\/44"}],"collection":[{"href":"https:\/\/blogsaverroes.juntadeandalucia.es\/ceipsanisidrolabrador\/wp-json\/wp\/v2\/pages"}],"about":[{"href":"https:\/\/blogsaverroes.juntadeandalucia.es\/ceipsanisidrolabrador\/wp-json\/wp\/v2\/types\/page"}],"author":[{"embeddable":true,"href":"https:\/\/blogsaverroes.juntadeandalucia.es\/ceipsanisidrolabrador\/wp-json\/wp\/v2\/users\/1"}],"replies":[{"embeddable":true,"href":"https:\/\/blogsaverroes.juntadeandalucia.es\/ceipsanisidrolabrador\/wp-json\/wp\/v2\/comments?post=44"}],"version-history":[{"count":15,"href":"https:\/\/blogsaverroes.juntadeandalucia.es\/ceipsanisidrolabrador\/wp-json\/wp\/v2\/pages\/44\/revisions"}],"predecessor-version":[{"id":9520,"href":"https:\/\/blogsaverroes.juntadeandalucia.es\/ceipsanisidrolabrador\/wp-json\/wp\/v2\/pages\/44\/revisions\/9520"}],"wp:attachment":[{"href":"https:\/\/blogsaverroes.juntadeandalucia.es\/ceipsanisidrolabrador\/wp-json\/wp\/v2\/media?parent=44"}],"curies":[{"name":"wp","href":"https:\/\/api.w.org\/{rel}","templated":true}]}}