{"id":2461,"date":"2025-03-23T12:19:34","date_gmt":"2025-03-23T11:19:34","guid":{"rendered":"https:\/\/blogsaverroes.juntadeandalucia.es\/ceipsanisidroperiana\/?page_id=2461"},"modified":"2025-04-24T12:01:50","modified_gmt":"2025-04-24T11:01:50","slug":"planes-y-programas","status":"publish","type":"page","link":"https:\/\/blogsaverroes.juntadeandalucia.es\/ceipsanisidroperiana\/planes-y-programas\/","title":{"rendered":"Planes y programas"},"content":{"rendered":"\t\t<div data-elementor-type=\"wp-page\" data-elementor-id=\"2461\" class=\"elementor elementor-2461\">\n\t\t\t\t\t\t<section class=\"elementor-section elementor-top-section elementor-element elementor-element-fe72541 elementor-section-boxed elementor-section-height-default elementor-section-height-default\" data-id=\"fe72541\" data-element_type=\"section\">\n\t\t\t\t\t\t<div class=\"elementor-container elementor-column-gap-default\">\n\t\t\t\t\t<div class=\"elementor-column elementor-col-100 elementor-top-column elementor-element elementor-element-a1dc037\" data-id=\"a1dc037\" data-element_type=\"column\">\n\t\t\t<div class=\"elementor-widget-wrap elementor-element-populated\">\n\t\t\t\t\t\t<div class=\"elementor-element elementor-element-ab021fb elementor-widget elementor-widget-heading\" data-id=\"ab021fb\" data-element_type=\"widget\" data-widget_type=\"heading.default\">\n\t\t\t\t<div class=\"elementor-widget-container\">\n\t\t\t\t\t<h2 class=\"elementor-heading-title elementor-size-default\">Programas<\/h2>\t\t\t\t<\/div>\n\t\t\t\t<\/div>\n\t\t\t\t\t<\/div>\n\t\t<\/div>\n\t\t\t\t\t<\/div>\n\t\t<\/section>\n\t\t\t\t<section class=\"elementor-section elementor-top-section elementor-element elementor-element-5090d63 elementor-section-boxed elementor-section-height-default elementor-section-height-default\" data-id=\"5090d63\" data-element_type=\"section\">\n\t\t\t\t\t\t<div class=\"elementor-container elementor-column-gap-default\">\n\t\t\t\t\t<div class=\"elementor-column elementor-col-100 elementor-top-column elementor-element elementor-element-8696d7c\" data-id=\"8696d7c\" data-element_type=\"column\">\n\t\t\t<div class=\"elementor-widget-wrap elementor-element-populated\">\n\t\t\t\t\t\t<div class=\"elementor-element elementor-element-230ebe4 elementor-tabs-view-horizontal elementor-widget elementor-widget-tabs\" data-id=\"230ebe4\" data-element_type=\"widget\" data-widget_type=\"tabs.default\">\n\t\t\t\t<div class=\"elementor-widget-container\">\n\t\t\t\t\t\t\t<div class=\"elementor-tabs\">\n\t\t\t<div class=\"elementor-tabs-wrapper\" role=\"tablist\" >\n\t\t\t\t\t\t\t\t\t<div id=\"elementor-tab-title-3671\" class=\"elementor-tab-title elementor-tab-desktop-title\" aria-selected=\"true\" data-tab=\"1\" role=\"tab\" tabindex=\"0\" aria-controls=\"elementor-tab-content-3671\" aria-expanded=\"false\">Desarrollo Educativo<\/div>\n\t\t\t\t\t\t\t\t\t<div id=\"elementor-tab-title-3672\" class=\"elementor-tab-title elementor-tab-desktop-title\" aria-selected=\"false\" data-tab=\"2\" role=\"tab\" tabindex=\"-1\" aria-controls=\"elementor-tab-content-3672\" aria-expanded=\"false\">CiMA<\/div>\n\t\t\t\t\t\t\t\t\t<div id=\"elementor-tab-title-3673\" class=\"elementor-tab-title elementor-tab-desktop-title\" aria-selected=\"false\" data-tab=\"3\" role=\"tab\" tabindex=\"-1\" aria-controls=\"elementor-tab-content-3673\" aria-expanded=\"false\">Programas Educativos Internacionales<\/div>\n\t\t\t\t\t\t\t<\/div>\n\t\t\t<div class=\"elementor-tabs-content-wrapper\" role=\"tablist\" aria-orientation=\"vertical\">\n\t\t\t\t\t\t\t\t\t<div class=\"elementor-tab-title elementor-tab-mobile-title\" aria-selected=\"true\" data-tab=\"1\" role=\"tab\" tabindex=\"0\" aria-controls=\"elementor-tab-content-3671\" aria-expanded=\"false\">Desarrollo Educativo<\/div>\n\t\t\t\t\t<div id=\"elementor-tab-content-3671\" class=\"elementor-tab-content elementor-clearfix\" data-tab=\"1\" role=\"tabpanel\" aria-labelledby=\"elementor-tab-title-3671\" tabindex=\"0\" hidden=\"false\"><p><span style=\"color: #000000\">1.<\/span> <span style=\"color: #000000\"><strong>Bienestar emocional<\/strong><\/span><\/p><ul><li>Formaci\u00f3n espec\u00edfica dirigida al profesorado que asume las funciones de coordinaci\u00f3n de bienestar y protecci\u00f3n de la infancia y adolescencia, as\u00ed como a los equipos directivos y profesionales de la orientaci\u00f3n educativa.<\/li><li>Presentaci\u00f3n, difusi\u00f3n y formaci\u00f3n asociada a la aplicaci\u00f3n de una Gu\u00eda de acompa\u00f1amiento educativo en situaciones de duelo para Educaci\u00f3n Infantil, Educaci\u00f3n Primaria y Educaci\u00f3n Secundaria.<\/li><li>Elaboraci\u00f3n, presentaci\u00f3n y difusi\u00f3n asociada a la prevenci\u00f3n del suicidio y conductas autol\u00edticas en el \u00e1mbito educativo, incluyendo un Protocolo de Actuaci\u00f3n ante dichos casos, as\u00ed como la formaci\u00f3n necesaria para su implementaci\u00f3n.<\/li><li>Realizaci\u00f3n de campa\u00f1as publicitarias e informativas destinadas a la comunidad educativa, al alumnado y a la poblaci\u00f3n en general, para la sensibilizaci\u00f3n sobre los problemas derivados de la salud mental en los menores.<\/li><li>Formaci\u00f3n dirigida al profesorado sobre autocuidado emocional y bienestar docente.<\/li><\/ul><p><span style=\"color: #000000\">2. <strong>PROA Andaluc\u00eda + PROA Refuerzo estival<\/strong><\/span><\/p><p>El PROA Andaluc\u00eda se concibe como un conjunto de actuaciones dirigidas a mejorar el grado de adquisici\u00f3n de las competencias clave y la motivaci\u00f3n del alumnado con necesidades espec\u00edficas de apoyo educativo por precisar acciones de car\u00e1cter compensatorio, que en el caso del alumnado de origen extranjero, adem\u00e1s, pretenden conseguir un nivel adecuado de uso del espa\u00f1ol como lengua vehicular. Dichas acciones est\u00e1n dirigidas a evitar el riesgo de abandono temprano del Sistema Educativo y complementar las acciones encaminadas a la mejora del \u00e9xito escolar que se desarrollan en los centros docentes p\u00fablicos andaluces.<\/p><\/div>\n\t\t\t\t\t\t\t\t\t<div class=\"elementor-tab-title elementor-tab-mobile-title\" aria-selected=\"false\" data-tab=\"2\" role=\"tab\" tabindex=\"-1\" aria-controls=\"elementor-tab-content-3672\" aria-expanded=\"false\">CiMA<\/div>\n\t\t\t\t\t<div id=\"elementor-tab-content-3672\" class=\"elementor-tab-content elementor-clearfix\" data-tab=\"2\" role=\"tabpanel\" aria-labelledby=\"elementor-tab-title-3672\" tabindex=\"0\" hidden=\"hidden\"><p><span style=\"color: #000000\">1. <strong>Promoci\u00f3n de h\u00e1bitos de vida saludable (HHVS)<\/strong><\/span><\/p><div><p>La Consejer\u00eda de Desarrollo Educativo y Formaci\u00f3n Profesional pone a disposici\u00f3n de los centros el Programa para la Innovaci\u00f3n y la Mejora del Aprendizaje, Programa CIMA, una herramienta para el desarrollo del nuevo marco curricular y la integraci\u00f3n de las pr\u00e1cticas educativas en el Proyecto Educativo del centro, fomentando el trabajo cooperativo y la mejora continua del aprendizaje y los conocimientos del alumnado andaluz.<\/p><p>Los cambios en la sociedad de la informaci\u00f3n y la conectividad, las \u00faltimas investigaciones en innovaci\u00f3n y evaluaci\u00f3n educativa y los resultados obtenidos en el diagn\u00f3stico sobre el estado de la innovaci\u00f3n educativa en Andaluc\u00eda han promovido un nuevo paradigma en la organizaci\u00f3n y funcionamiento de los programas educativos configurado desde los fundamentos normativos, cient\u00edficos y pedag\u00f3gicos.<\/p><p>Con este Programa, se pretende reforzar y consolidar una iniciativa de la Consejer\u00eda de Desarrollo Educativo y Formaci\u00f3n Profesional para situar al sistema educativo andaluz en una senda acorde con los objetivos adoptados a nivel mundial para la construcci\u00f3n de una sociedad m\u00e1s sostenible e inclusiva desde el \u00e1mbito educativo.<\/p><\/div><p><span style=\"color: #000000\">2.<\/span> <strong><span style=\"color: #000000\">Educaci\u00f3n ambiental para la sostenibilidad (ALDEA)<\/span><\/strong><\/p><p>Este \u00e1mbito, que se viene trabajando en la comunidad educativa andaluza desde la Consejer\u00eda de Desarrollo Educativo y Formaci\u00f3n Profesional, la Consejer\u00eda de Sostenibilidad y Medio Ambiente, y la Consejer\u00eda de Agricultura, Pesca, Agua y Desarrollo Rural, pretende promover el desarrollo integrado de iniciativas de educaci\u00f3n ambiental ante la situaci\u00f3n de emergencia clim\u00e1tica actual, la conexi\u00f3n con la naturaleza y renaturalizaci\u00f3n de espacios, el cambio clim\u00e1tico, el desarrollo sostenible y las relaciones del ser humano con su entorno social y natural (competencia ecosocial).<\/p><p>Este \u00e1mbito se articula en torno a diferentes l\u00edneas de actuaci\u00f3n con el objeto de contribuir a una transformaci\u00f3n hacia sociedades m\u00e1s justas, democr\u00e1ticas y sostenibles y permitiendo el logro de una educaci\u00f3n integral que comparte y se asienta en los cuatro pilares educativos que propone la UNESCO: Aprender a ser, aprender a convivir, aprender a conocer, aprender a hacer.<\/p><\/div>\n\t\t\t\t\t\t\t\t\t<div class=\"elementor-tab-title elementor-tab-mobile-title\" aria-selected=\"false\" data-tab=\"3\" role=\"tab\" tabindex=\"-1\" aria-controls=\"elementor-tab-content-3673\" aria-expanded=\"false\">Programas Educativos Internacionales<\/div>\n\t\t\t\t\t<div id=\"elementor-tab-content-3673\" class=\"elementor-tab-content elementor-clearfix\" data-tab=\"3\" role=\"tabpanel\" aria-labelledby=\"elementor-tab-title-3673\" tabindex=\"0\" hidden=\"hidden\"><p><span style=\"color: #000000\">1. <strong>Ense\u00f1anza Biling\u00fce<\/strong><\/span><\/p><p><span style=\"color: #000000\">2. <strong>Auxiliares de conversaci\u00f3n<\/strong><\/span><\/p><\/div>\n\t\t\t\t\t\t\t<\/div>\n\t\t<\/div>\n\t\t\t\t\t\t<\/div>\n\t\t\t\t<\/div>\n\t\t\t\t\t<\/div>\n\t\t<\/div>\n\t\t\t\t\t<\/div>\n\t\t<\/section>\n\t\t\t\t<section class=\"elementor-section elementor-top-section elementor-element elementor-element-bd4cbb2 elementor-section-boxed elementor-section-height-default elementor-section-height-default\" data-id=\"bd4cbb2\" data-element_type=\"section\">\n\t\t\t\t\t\t<div class=\"elementor-container elementor-column-gap-default\">\n\t\t\t\t\t<div class=\"elementor-column elementor-col-100 elementor-top-column elementor-element elementor-element-b1f8215\" data-id=\"b1f8215\" data-element_type=\"column\">\n\t\t\t<div class=\"elementor-widget-wrap elementor-element-populated\">\n\t\t\t\t\t\t<div class=\"elementor-element elementor-element-19057bf elementor-widget elementor-widget-spacer\" data-id=\"19057bf\" data-element_type=\"widget\" data-widget_type=\"spacer.default\">\n\t\t\t\t<div class=\"elementor-widget-container\">\n\t\t\t\t\t\t\t<div class=\"elementor-spacer\">\n\t\t\t<div class=\"elementor-spacer-inner\"><\/div>\n\t\t<\/div>\n\t\t\t\t\t\t<\/div>\n\t\t\t\t<\/div>\n\t\t\t\t\t<\/div>\n\t\t<\/div>\n\t\t\t\t\t<\/div>\n\t\t<\/section>\n\t\t\t\t<section class=\"elementor-section elementor-top-section elementor-element elementor-element-fea3369 elementor-section-boxed elementor-section-height-default elementor-section-height-default\" data-id=\"fea3369\" data-element_type=\"section\">\n\t\t\t\t\t\t<div class=\"elementor-container elementor-column-gap-default\">\n\t\t\t\t\t<div class=\"elementor-column elementor-col-100 elementor-top-column elementor-element elementor-element-d19853f\" data-id=\"d19853f\" data-element_type=\"column\">\n\t\t\t<div class=\"elementor-widget-wrap elementor-element-populated\">\n\t\t\t\t\t\t<div class=\"elementor-element elementor-element-4a2a365 elementor-widget elementor-widget-heading\" data-id=\"4a2a365\" data-element_type=\"widget\" data-widget_type=\"heading.default\">\n\t\t\t\t<div class=\"elementor-widget-container\">\n\t\t\t\t\t<h2 class=\"elementor-heading-title elementor-size-default\">Planes<\/h2>\t\t\t\t<\/div>\n\t\t\t\t<\/div>\n\t\t\t\t\t<\/div>\n\t\t<\/div>\n\t\t\t\t\t<\/div>\n\t\t<\/section>\n\t\t\t\t<section class=\"elementor-section elementor-top-section elementor-element elementor-element-29f72a0 elementor-section-boxed elementor-section-height-default elementor-section-height-default\" data-id=\"29f72a0\" data-element_type=\"section\">\n\t\t\t\t\t\t<div class=\"elementor-container elementor-column-gap-default\">\n\t\t\t\t\t<div class=\"elementor-column elementor-col-100 elementor-top-column elementor-element elementor-element-0915294\" data-id=\"0915294\" data-element_type=\"column\">\n\t\t\t<div class=\"elementor-widget-wrap elementor-element-populated\">\n\t\t\t\t\t\t<div class=\"elementor-element elementor-element-41c20a7 elementor-tabs-view-horizontal elementor-widget elementor-widget-tabs\" data-id=\"41c20a7\" data-element_type=\"widget\" data-widget_type=\"tabs.default\">\n\t\t\t\t<div class=\"elementor-widget-container\">\n\t\t\t\t\t\t\t<div class=\"elementor-tabs\">\n\t\t\t<div class=\"elementor-tabs-wrapper\" role=\"tablist\" >\n\t\t\t\t\t\t\t\t\t<div id=\"elementor-tab-title-6891\" class=\"elementor-tab-title elementor-tab-desktop-title\" aria-selected=\"true\" data-tab=\"1\" role=\"tab\" tabindex=\"0\" aria-controls=\"elementor-tab-content-6891\" aria-expanded=\"false\">Plan de Apertura<\/div>\n\t\t\t\t\t\t\t\t\t<div id=\"elementor-tab-title-6892\" class=\"elementor-tab-title elementor-tab-desktop-title\" aria-selected=\"false\" data-tab=\"2\" role=\"tab\" tabindex=\"-1\" aria-controls=\"elementor-tab-content-6892\" aria-expanded=\"false\">Escuelas deportivas<\/div>\n\t\t\t\t\t\t\t\t\t<div id=\"elementor-tab-title-6893\" class=\"elementor-tab-title elementor-tab-desktop-title\" aria-selected=\"false\" data-tab=\"3\" role=\"tab\" tabindex=\"-1\" aria-controls=\"elementor-tab-content-6893\" aria-expanded=\"false\">Lectura y biblioteca<\/div>\n\t\t\t\t\t\t\t\t\t<div id=\"elementor-tab-title-6894\" class=\"elementor-tab-title elementor-tab-desktop-title\" aria-selected=\"false\" data-tab=\"4\" role=\"tab\" tabindex=\"-1\" aria-controls=\"elementor-tab-content-6894\" aria-expanded=\"false\">Plan de Igualdad<\/div>\n\t\t\t\t\t\t\t\t\t<div id=\"elementor-tab-title-6895\" class=\"elementor-tab-title elementor-tab-desktop-title\" aria-selected=\"false\" data-tab=\"5\" role=\"tab\" tabindex=\"-1\" aria-controls=\"elementor-tab-content-6895\" aria-expanded=\"false\">Espacio de Paz<\/div>\n\t\t\t\t\t\t\t\t\t<div id=\"elementor-tab-title-6896\" class=\"elementor-tab-title elementor-tab-desktop-title\" aria-selected=\"false\" data-tab=\"6\" role=\"tab\" tabindex=\"-1\" aria-controls=\"elementor-tab-content-6896\" aria-expanded=\"false\">Transformaci\u00f3n digital<\/div>\n\t\t\t\t\t\t\t<\/div>\n\t\t\t<div class=\"elementor-tabs-content-wrapper\" role=\"tablist\" aria-orientation=\"vertical\">\n\t\t\t\t\t\t\t\t\t<div class=\"elementor-tab-title elementor-tab-mobile-title\" aria-selected=\"true\" data-tab=\"1\" role=\"tab\" tabindex=\"0\" aria-controls=\"elementor-tab-content-6891\" aria-expanded=\"false\">Plan de Apertura<\/div>\n\t\t\t\t\t<div id=\"elementor-tab-content-6891\" class=\"elementor-tab-content elementor-clearfix\" data-tab=\"1\" role=\"tabpanel\" aria-labelledby=\"elementor-tab-title-6891\" tabindex=\"0\" hidden=\"false\"><p>Los servicios conexos a la ense\u00f1anza son de gran relevancia para la conciliaci\u00f3n de la vida laboral y familiar, por tanto, los servicios complementarios de aula matinal, comedor escolar y actividades extraescolares se han ido manteniendo dentro del Sistema P\u00fablico Educativo Andaluz desde su implantaci\u00f3n.<\/p><\/div>\n\t\t\t\t\t\t\t\t\t<div class=\"elementor-tab-title elementor-tab-mobile-title\" aria-selected=\"false\" data-tab=\"2\" role=\"tab\" tabindex=\"-1\" aria-controls=\"elementor-tab-content-6892\" aria-expanded=\"false\">Escuelas deportivas<\/div>\n\t\t\t\t\t<div id=\"elementor-tab-content-6892\" class=\"elementor-tab-content elementor-clearfix\" data-tab=\"2\" role=\"tabpanel\" aria-labelledby=\"elementor-tab-title-6892\" tabindex=\"0\" hidden=\"hidden\"><p>Da respuesta a las necesidades del alumnado de los centros sostenidos con fondos p\u00fablicos para aumentar la pr\u00e1ctica deportiva y mejorar la conciliaci\u00f3n de la vida familiar y laboral. Viene, en suma, a reforzar las actividades deportivas de los centros docentes en los niveles locales, comarcales, provinciales y auton\u00f3mico, en colaboraci\u00f3n con Ayuntamientos y Diputaciones Provinciales, as\u00ed como con otras entidades colaboradoras y con la Consejer\u00eda de Salud y Consumo y la Consejer\u00eda de Turismo, Cultura y Deporte.<\/p><p>A trav\u00e9s del Programa, la pr\u00e1ctica del deporte tambi\u00e9n debe integrar la actividad l\u00fadica mediante juegos recreativos y populares que desarrollen el contacto del alumnado con el entorno, as\u00ed como con sus compa\u00f1eros para maximizar el trato personal y minimizar el uso negativo que se pueda hacer de las Nuevas Tecnolog\u00edas.<\/p><\/div>\n\t\t\t\t\t\t\t\t\t<div class=\"elementor-tab-title elementor-tab-mobile-title\" aria-selected=\"false\" data-tab=\"3\" role=\"tab\" tabindex=\"-1\" aria-controls=\"elementor-tab-content-6893\" aria-expanded=\"false\">Lectura y biblioteca<\/div>\n\t\t\t\t\t<div id=\"elementor-tab-content-6893\" class=\"elementor-tab-content elementor-clearfix\" data-tab=\"3\" role=\"tabpanel\" aria-labelledby=\"elementor-tab-title-6893\" tabindex=\"0\" hidden=\"hidden\"><\/div>\n\t\t\t\t\t\t\t\t\t<div class=\"elementor-tab-title elementor-tab-mobile-title\" aria-selected=\"false\" data-tab=\"4\" role=\"tab\" tabindex=\"-1\" aria-controls=\"elementor-tab-content-6894\" aria-expanded=\"false\">Plan de Igualdad<\/div>\n\t\t\t\t\t<div id=\"elementor-tab-content-6894\" class=\"elementor-tab-content elementor-clearfix\" data-tab=\"4\" role=\"tabpanel\" aria-labelledby=\"elementor-tab-title-6894\" tabindex=\"0\" hidden=\"hidden\"><p>La raz\u00f3n de ser de Plan es lograr que la estrategia de igualdad de g\u00e9nero en el \u00e1mbito educativo de Andaluc\u00eda sea una realidad plena y efectiva, sin marcha atr\u00e1s.\u00a0<\/p><p>En el panorama educativo contempor\u00e1neo, la promoci\u00f3n de la igualdad de g\u00e9nero ha emergido como una necesidad ineludible. Las instituciones educativas de la actualidad marcan un compromiso con la justicia social y los derechos humanos fundamentales y adoptan un enfoque pragm\u00e1tico y estrat\u00e9gico para abordar las disparidades y desigualdades arraigadas en nuestra sociedad. La sociedad se mueve hacia la correcci\u00f3n de los desequilibrios num\u00e9ricos, lo cual pasa por garantizar la representaci\u00f3n equitativa en roles y responsabilidades, as\u00ed como abarcar una transformaci\u00f3n profunda en las estructuras y pr\u00e1cticas sociales. La Educaci\u00f3n es un veh\u00edculo fundamental para transformar estas estructuras y pr\u00e1cticas sociales, ya que ha demostrado ser un motor fundamental del cambio social.<\/p><p>Desde la primera infancia hasta la educaci\u00f3n superior, los sucesivos Planes de Igualdad han buscado fomentar entornos inclusivos, libres de discriminaci\u00f3n y estereotipos de g\u00e9nero, donde todas las personas tengan igualdad de oportunidades para desarrollar su potencial acad\u00e9mico, personal y profesional. En este sentido, la implementaci\u00f3n de pol\u00edticas y programas que promuevan la igualdad de g\u00e9nero en el \u00e1mbito educativo no solo es una cuesti\u00f3n de justicia, sino tambi\u00e9n un requisito fundamental para construir sociedades m\u00e1s equitativas, democr\u00e1ticas y pr\u00f3speras.<\/p><\/div>\n\t\t\t\t\t\t\t\t\t<div class=\"elementor-tab-title elementor-tab-mobile-title\" aria-selected=\"false\" data-tab=\"5\" role=\"tab\" tabindex=\"-1\" aria-controls=\"elementor-tab-content-6895\" aria-expanded=\"false\">Espacio de Paz<\/div>\n\t\t\t\t\t<div id=\"elementor-tab-content-6895\" class=\"elementor-tab-content elementor-clearfix\" data-tab=\"5\" role=\"tabpanel\" aria-labelledby=\"elementor-tab-title-6895\" tabindex=\"0\" hidden=\"hidden\"><p>La Red Andaluza \u00abEscuela: Espacio de Paz\u00bb es una red de centros interesados en compartir iniciativas, recursos y experiencias para la mejora de la convivencia escolar y la difusi\u00f3n de la Cultura de Paz, contrayendo un compromiso de profundizaci\u00f3n en aspectos concretos de su Plan de Convivencia. La normativa que regula el funcionamiento de la Red pone el acento en la cultura de la evaluaci\u00f3n, en la necesidad de visibilizar las buenas pr\u00e1cticas desarrolladas en los centros y en la voluntad de trabajar en red compartiendo propuestas, estrategias y recursos con toda la comunidad educativa.<\/p><p>Desde la Red Andaluza \u00abEscuela: Espacio de Paz\u00bb se proponen seis \u00e1mbitos de actuaci\u00f3n y profundizaci\u00f3n para la mejora de la convivencia escolar:<\/p><ul><li>Mejora desde la gesti\u00f3n y organizaci\u00f3n.<\/li><li>Desarrollo de la participaci\u00f3n.<\/li><li>Promoci\u00f3n de la convivencia: desarrollo de valores, actitudes, habilidades y h\u00e1bitos.<\/li><li>Prevenci\u00f3n de situaciones de riesgo para la convivencia.<\/li><li>Intervenci\u00f3n ante conductas contrarias a la convivencia.<\/li><li>Reeducaci\u00f3n de actitudes y restauraci\u00f3n de la convivencia.<\/li><\/ul><\/div>\n\t\t\t\t\t\t\t\t\t<div class=\"elementor-tab-title elementor-tab-mobile-title\" aria-selected=\"false\" data-tab=\"6\" role=\"tab\" tabindex=\"-1\" aria-controls=\"elementor-tab-content-6896\" aria-expanded=\"false\">Transformaci\u00f3n digital<\/div>\n\t\t\t\t\t<div id=\"elementor-tab-content-6896\" class=\"elementor-tab-content elementor-clearfix\" data-tab=\"6\" role=\"tabpanel\" aria-labelledby=\"elementor-tab-title-6896\" tabindex=\"0\" hidden=\"hidden\"><p>El concepto de Transformaci\u00f3n Digital Educativa (TDE) incluye el conjunto de actuaciones orientadas a la mejora y modernizaci\u00f3n de los procesos, los procedimientos, los h\u00e1bitos y comportamientos de las organizaciones educativas y de las personas que, haciendo uso de las tecnolog\u00edas digitales, desarrollen su capacidad de hacer frente a los retos de la sociedad actual.<\/p><p>De esta forma, la TDE supondr\u00e1 una contribuci\u00f3n en el aprendizaje competencial, en la consecuci\u00f3n de los resultados de aprendizaje del alumnado y en el acceso a las tecnolog\u00edas desde un principio de equidad, bas\u00e1ndose en los Marcos de Referencia Europeos relativos a la competencia digital (DigCompOrg, DigCompEdu y DigComp).<\/p><\/div>\n\t\t\t\t\t\t\t<\/div>\n\t\t<\/div>\n\t\t\t\t\t\t<\/div>\n\t\t\t\t<\/div>\n\t\t\t\t\t<\/div>\n\t\t<\/div>\n\t\t\t\t\t<\/div>\n\t\t<\/section>\n\t\t\t\t<\/div>\n\t\t","protected":false},"excerpt":{"rendered":"<p>Programas Desarrollo Educativo CiMA Programas Educativos Internacionales Desarrollo Educativo 1. Bienestar emocional Formaci\u00f3n espec\u00edfica dirigida al profesorado que asume las funciones de coordinaci\u00f3n de bienestar&hellip;<\/p>\n","protected":false},"author":10501,"featured_media":0,"parent":0,"menu_order":0,"comment_status":"closed","ping_status":"closed","template":"","meta":{"ngg_post_thumbnail":0,"footnotes":"","_mc_calendar":[]},"aioseo_notices":[],"_links":{"self":[{"href":"https:\/\/blogsaverroes.juntadeandalucia.es\/ceipsanisidroperiana\/wp-json\/wp\/v2\/pages\/2461"}],"collection":[{"href":"https:\/\/blogsaverroes.juntadeandalucia.es\/ceipsanisidroperiana\/wp-json\/wp\/v2\/pages"}],"about":[{"href":"https:\/\/blogsaverroes.juntadeandalucia.es\/ceipsanisidroperiana\/wp-json\/wp\/v2\/types\/page"}],"author":[{"embeddable":true,"href":"https:\/\/blogsaverroes.juntadeandalucia.es\/ceipsanisidroperiana\/wp-json\/wp\/v2\/users\/10501"}],"replies":[{"embeddable":true,"href":"https:\/\/blogsaverroes.juntadeandalucia.es\/ceipsanisidroperiana\/wp-json\/wp\/v2\/comments?post=2461"}],"version-history":[{"count":56,"href":"https:\/\/blogsaverroes.juntadeandalucia.es\/ceipsanisidroperiana\/wp-json\/wp\/v2\/pages\/2461\/revisions"}],"predecessor-version":[{"id":4038,"href":"https:\/\/blogsaverroes.juntadeandalucia.es\/ceipsanisidroperiana\/wp-json\/wp\/v2\/pages\/2461\/revisions\/4038"}],"wp:attachment":[{"href":"https:\/\/blogsaverroes.juntadeandalucia.es\/ceipsanisidroperiana\/wp-json\/wp\/v2\/media?parent=2461"}],"curies":[{"name":"wp","href":"https:\/\/api.w.org\/{rel}","templated":true}]}}