{"id":2249,"date":"2021-08-24T13:23:21","date_gmt":"2021-08-24T11:23:21","guid":{"rendered":"https:\/\/blogsaverroes.juntadeandalucia.es\/ceipsanjose\/?page_id=2249"},"modified":"2024-11-26T10:59:23","modified_gmt":"2024-11-26T09:59:23","slug":"tutoriales-para-la-comunidad-educativa","status":"publish","type":"page","link":"https:\/\/blogsaverroes.juntadeandalucia.es\/ceipsanjose\/tutoriales-para-la-comunidad-educativa\/","title":{"rendered":"Tutoriales"},"content":{"rendered":"<table style=\"width: 100%;border-collapse: collapse;border-style: solid;border-color: #60e82a\">\n<tbody>\n<tr>\n<td style=\"width: 100%\">TUTORIALES SOBRE PASEN&nbsp;<\/td>\n<\/tr>\n<tr>\n<td style=\"width: 100%\">\n<ul>\n<li style=\"list-style-type: none\">\n<ul>\n<li><a href=\"https:\/\/view.genial.ly\/5fdc65a74f179c0cf95e12af\/interactive-content-ipasen-familias-ceip-san-jose-palenciana-\">Funcionamiento de iPasen<\/a><\/li>\n<\/ul>\n<\/li>\n<\/ul>\n<\/td>\n<\/tr>\n<tr>\n<td style=\"width: 100%\">\n<ul>\n<li style=\"list-style-type: none\">\n<ul>\n<li><a href=\"https:\/\/docs.google.com\/document\/d\/1DJwXMjPp2CkcII2PPlsrXTgmhwPjYKoJr1scHajX1mM\/edit?usp=sharing\">Uso de las Credenciales Pasen del Alumnado.&nbsp;<\/a><\/li>\n<\/ul>\n<\/li>\n<\/ul>\n<\/td>\n<\/tr>\n<tr>\n<td style=\"width: 100%\">\n<ul>\n<li style=\"list-style-type: none\">\n<ul>\n<li><a href=\"https:\/\/youtu.be\/WRvJEhelN0Y?feature=shared\">Petici\u00f3n de tutor\u00edas por parte de la familias.&nbsp;<\/a><\/li>\n<\/ul>\n<\/li>\n<\/ul>\n<\/td>\n<\/tr>\n<\/tbody>\n<\/table>\n<table style=\"border-collapse: collapse;width: 100%\">\n<tbody>\n<tr>\n<td style=\"width: 100%\">\n<ul>\n<li style=\"list-style-type: none\">\n<ul>\n<li style=\"text-align: left\"><a href=\"https:\/\/drive.google.com\/file\/d\/103FOuLUu6nWU1pjDhlcsME2JAqiBfhiY\/view?usp=sharing\">Sobre Matr\u00edcula 2024\/25<\/a><\/li>\n<\/ul>\n<\/li>\n<\/ul>\n<\/td>\n<\/tr>\n<\/tbody>\n<\/table>\n","protected":false},"excerpt":{"rendered":"<p>TUTORIALES SOBRE PASEN&nbsp; Funcionamiento de iPasen Uso de las Credenciales Pasen del Alumnado.&nbsp; Petici\u00f3n de tutor\u00edas por parte de la familias.&nbsp; Sobre Matr\u00edcula 2024\/25<\/p>\n","protected":false},"author":2266,"featured_media":0,"parent":0,"menu_order":0,"comment_status":"closed","ping_status":"closed","template":"","meta":{"ngg_post_thumbnail":0,"footnotes":"","_mc_calendar":[]},"aioseo_notices":[],"_links":{"self":[{"href":"https:\/\/blogsaverroes.juntadeandalucia.es\/ceipsanjose\/wp-json\/wp\/v2\/pages\/2249"}],"collection":[{"href":"https:\/\/blogsaverroes.juntadeandalucia.es\/ceipsanjose\/wp-json\/wp\/v2\/pages"}],"about":[{"href":"https:\/\/blogsaverroes.juntadeandalucia.es\/ceipsanjose\/wp-json\/wp\/v2\/types\/page"}],"author":[{"embeddable":true,"href":"https:\/\/blogsaverroes.juntadeandalucia.es\/ceipsanjose\/wp-json\/wp\/v2\/users\/2266"}],"replies":[{"embeddable":true,"href":"https:\/\/blogsaverroes.juntadeandalucia.es\/ceipsanjose\/wp-json\/wp\/v2\/comments?post=2249"}],"version-history":[{"count":7,"href":"https:\/\/blogsaverroes.juntadeandalucia.es\/ceipsanjose\/wp-json\/wp\/v2\/pages\/2249\/revisions"}],"predecessor-version":[{"id":3042,"href":"https:\/\/blogsaverroes.juntadeandalucia.es\/ceipsanjose\/wp-json\/wp\/v2\/pages\/2249\/revisions\/3042"}],"wp:attachment":[{"href":"https:\/\/blogsaverroes.juntadeandalucia.es\/ceipsanjose\/wp-json\/wp\/v2\/media?parent=2249"}],"curies":[{"name":"wp","href":"https:\/\/api.w.org\/{rel}","templated":true}]}}