{"id":2280,"date":"2021-08-24T16:58:40","date_gmt":"2021-08-24T14:58:40","guid":{"rendered":"https:\/\/blogsaverroes.juntadeandalucia.es\/ceipsanjose\/?page_id=2280"},"modified":"2021-11-30T12:39:37","modified_gmt":"2021-11-30T11:39:37","slug":"webs-del-centro","status":"publish","type":"page","link":"https:\/\/blogsaverroes.juntadeandalucia.es\/ceipsanjose\/webs-del-centro\/","title":{"rendered":"Webs del Centro"},"content":{"rendered":"<p>A trav\u00e9s de los siguientes enlaces se puede acceder a las experiencias desarrolladas en los diferentes ciclos y etapas. Al picar en ellos, abandonas esta p\u00e1gina web, pero tendr\u00e1s un enlace para volver en cada una de ellas.&nbsp;<\/p>\n<table style=\"width: 100%;border-collapse: collapse;border-style: solid;border-color: #000000;background-color: #a6dbed;height: 280px\">\n<tbody>\n<tr style=\"height: 56px\">\n<td style=\"width: 100%;height: 56px\">\n<ul>\n<li><a href=\"https:\/\/sites.google.com\/g.educaand.es\/infantilceipsanjosepalenciana\/p%C3%A1gina-principal\">SITE DE EDUCACI\u00d3N INFANTIL<\/a><\/li>\n<\/ul>\n<\/td>\n<\/tr>\n<tr style=\"height: 56px\">\n<td style=\"width: 100%;height: 56px\">\n<ul>\n<li><a href=\"https:\/\/sites.google.com\/g.educaand.es\/1-ciclo-primaria-ceip-san-jos\/inicio\">SITE DE PRIMER CICLO<\/a><\/li>\n<\/ul>\n<\/td>\n<\/tr>\n<tr style=\"height: 56px\">\n<td style=\"width: 100%;height: 56px\">\n<ul>\n<li><a href=\"https:\/\/sites.google.com\/g.educaand.es\/2cicloceipsanjosepalenciana\/p%C3%A1gina-principal\">SITE DE SEGUNDO CICLO<\/a><\/li>\n<\/ul>\n<\/td>\n<\/tr>\n<tr style=\"height: 56px\">\n<td style=\"width: 100%;height: 56px\">\n<ul>\n<li><a href=\"https:\/\/sites.google.com\/g.educaand.es\/3cicloceipsanjosepalenciana\/inicio\">SITE DE TERCER CICLO<\/a><\/li>\n<\/ul>\n<\/td>\n<\/tr>\n<tr style=\"height: 56px\">\n<td style=\"width: 100%;height: 56px\">\n<ul>\n<li><a href=\"https:\/\/sites.google.com\/g.educaand.es\/primercicloesoceipsj\/inicio\">SITE DEL PRIMER CICLO DE ESO<\/a><\/li>\n<\/ul>\n<\/td>\n<\/tr>\n<\/tbody>\n<\/table>\n<p>El centro cuenta con otros espacios web dedicados a diferentes planes y proyectos educativos. Los cuales recogemos a continuaci\u00f3n:<\/p>\n<table style=\"width: 100%;border-collapse: collapse;background-color: #e9ceed;border-color: #000000\">\n<tbody>\n<tr>\n<td style=\"width: 100%\">\n<ul>\n<li><a href=\"https:\/\/sites.google.com\/g.educaand.es\/prensaceipsanjosepalenciana\/p%C3%A1gina-principal\">SITE DEL PROGRAMA COMUNICA \u00abLA PRENSA DEL COLE\u00bb<\/a>. En esta espacio recogemos experiencias relacionadas con la expresi\u00f3n y comunicaci\u00f3n desarrolladas por el alumnado del centro. Este espacio web tambi\u00e9n recoge actividades desarrolladas dentro del PLAN DE IGUALDAD, del de PREVENCI\u00d3N DE LA VIOLENCIA DE G\u00c9NERO y de nuestra participaci\u00f3n en SENTIR Y VIVIR EL PATRIMONIO.<\/li>\n<\/ul>\n<\/td>\n<\/tr>\n<tr>\n<td style=\"width: 100%\">\n<ul>\n<li><a href=\"https:\/\/padlet.com\/angelamarchan\/sej9ha4lgh0fdepw\">BIBLIOTECA VIRTUAL DEL CEIP SAN JOS\u00c9<\/a><\/li>\n<\/ul>\n<\/td>\n<\/tr>\n<\/tbody>\n<\/table>\n","protected":false},"excerpt":{"rendered":"<p>A trav\u00e9s de los siguientes enlaces se puede acceder a las experiencias desarrolladas en los diferentes ciclos y etapas. Al picar en ellos, abandonas esta p\u00e1gina web, pero tendr\u00e1s un enlace para volver en cada una de ellas.&nbsp; SITE DE EDUCACI\u00d3N INFANTIL SITE DE PRIMER CICLO SITE DE SEGUNDO CICLO SITE DE TERCER CICLO SITE &hellip; <a href=\"https:\/\/blogsaverroes.juntadeandalucia.es\/ceipsanjose\/webs-del-centro\/\" class=\"more-link\">Seguir leyendo <span class=\"screen-reader-text\">Webs del Centro<\/span> <span class=\"meta-nav\">&rarr;<\/span><\/a><\/p>\n","protected":false},"author":2266,"featured_media":0,"parent":0,"menu_order":0,"comment_status":"closed","ping_status":"closed","template":"","meta":{"ngg_post_thumbnail":0,"footnotes":"","_mc_calendar":[]},"aioseo_notices":[],"_links":{"self":[{"href":"https:\/\/blogsaverroes.juntadeandalucia.es\/ceipsanjose\/wp-json\/wp\/v2\/pages\/2280"}],"collection":[{"href":"https:\/\/blogsaverroes.juntadeandalucia.es\/ceipsanjose\/wp-json\/wp\/v2\/pages"}],"about":[{"href":"https:\/\/blogsaverroes.juntadeandalucia.es\/ceipsanjose\/wp-json\/wp\/v2\/types\/page"}],"author":[{"embeddable":true,"href":"https:\/\/blogsaverroes.juntadeandalucia.es\/ceipsanjose\/wp-json\/wp\/v2\/users\/2266"}],"replies":[{"embeddable":true,"href":"https:\/\/blogsaverroes.juntadeandalucia.es\/ceipsanjose\/wp-json\/wp\/v2\/comments?post=2280"}],"version-history":[{"count":7,"href":"https:\/\/blogsaverroes.juntadeandalucia.es\/ceipsanjose\/wp-json\/wp\/v2\/pages\/2280\/revisions"}],"predecessor-version":[{"id":2421,"href":"https:\/\/blogsaverroes.juntadeandalucia.es\/ceipsanjose\/wp-json\/wp\/v2\/pages\/2280\/revisions\/2421"}],"wp:attachment":[{"href":"https:\/\/blogsaverroes.juntadeandalucia.es\/ceipsanjose\/wp-json\/wp\/v2\/media?parent=2280"}],"curies":[{"name":"wp","href":"https:\/\/api.w.org\/{rel}","templated":true}]}}