{"id":141,"date":"2015-03-17T07:13:24","date_gmt":"2015-03-17T07:13:24","guid":{"rendered":"http:\/\/blogsaverroes.juntadeandalucia.es\/pre\/ceip\/?page_id=141"},"modified":"2018-05-10T11:16:04","modified_gmt":"2018-05-10T11:16:04","slug":"escolarizacion","status":"publish","type":"page","link":"https:\/\/blogsaverroes.juntadeandalucia.es\/ceipsanjosedecalasanz\/escolarizacion\/","title":{"rendered":"Escolarizaci\u00f3n 2018-2019"},"content":{"rendered":"<p>&nbsp;<\/p>\n<p><a href=\"https:\/\/blogsaverroes.juntadeandalucia.es\/ceipsanjosedecalasanz\/files\/2015\/03\/A3_EDUCACION_ADMISION.pdf\">A3_EDUCACION_ADMISION<\/a><\/p>\n<p><a href=\"https:\/\/blogsaverroes.juntadeandalucia.es\/ceipsanjosedecalasanz\/files\/2015\/03\/A4_EDUCACION_ADMISION.pdf\">A4_EDUCACION_ADMISION<\/a><\/p>\n<p><a href=\"https:\/\/blogsaverroes.juntadeandalucia.es\/ceipsanjosedecalasanz\/files\/2015\/03\/callejero-\u00e1rea-influencia.pdf\">callejero \u00e1rea influencia<\/a><\/p>\n<p><a href=\"https:\/\/blogsaverroes.juntadeandalucia.es\/ceipsanjosedecalasanz\/files\/2015\/03\/Cuadro-informativo_criterios-baremaci\u00f3n-18_19.pdf\">Cuadro informativo_criterios baremaci\u00f3n 18_19<\/a><\/p>\n<p><a href=\"https:\/\/blogsaverroes.juntadeandalucia.es\/ceipsanjosedecalasanz\/files\/2015\/03\/mapa-\u00e1rea-de-influencia.pdf\">mapa \u00e1rea de influencia<\/a><\/p>\n<p><a href=\"https:\/\/blogsaverroes.juntadeandalucia.es\/ceipsanjosedecalasanz\/files\/2015\/03\/Nota-Informativa-2018_19.pdf\">Nota Informativa 2018_19<\/a><\/p>\n<p><a href=\"https:\/\/blogsaverroes.juntadeandalucia.es\/ceipsanjosedecalasanz\/files\/2015\/03\/Nota-informativa_NO-amplicaci\u00f3n-de-ratio_18-19.pdf\">Nota informativa_NO amplicaci\u00f3n de ratio_18-19<\/a><\/p>\n<p><a href=\"https:\/\/blogsaverroes.juntadeandalucia.es\/ceipsanjosedecalasanz\/files\/2015\/03\/RELACI\u00d3N-DE-SOLICIITUDES-BAREMADAS.pdf\">R<\/a><a href=\"https:\/\/blogsaverroes.juntadeandalucia.es\/ceipsanjosedecalasanz\/files\/2015\/03\/RELACI\u00d3N-DE-SOLICIITUDES-BAREMADAS.pdf\">ELACI\u00d3N DE SOLICIITUDES BAREMADAS<\/a><\/p>\n<p><a href=\"https:\/\/blogsaverroes.juntadeandalucia.es\/ceipsanjosedecalasanz\/files\/2015\/03\/RELACI\u00d3N-DE-SOLICITUDES-ORDENADAS-ALFAB\u00c9TICAMENTE.pdf\">RELACI\u00d3N DE SOLICITUDES ORDENADAS ALFAB\u00c9TICAMENTE<\/a><\/p>\n<p><a href=\"https:\/\/blogsaverroes.juntadeandalucia.es\/ceipsanjosedecalasanz\/files\/2015\/03\/Impreso_Solicitud_Admision_Anexo_III.pdf\">Impreso_Solicitud_Admision_Anexo_III<\/a><\/p>\n<p><a href=\"https:\/\/blogsaverroes.juntadeandalucia.es\/ceipsanjosedecalasanz\/files\/2015\/03\/ANEXO_III.pdf\">A<\/a><a href=\"https:\/\/blogsaverroes.juntadeandalucia.es\/ceipsanjosedecalasanz\/files\/2015\/03\/ANEXO_III.pdf\">NEXO_III<\/a><\/p>\n<p><a href=\"https:\/\/blogsaverroes.juntadeandalucia.es\/ceipsanjosedecalasanz\/files\/2015\/03\/Resumen-informaci\u00f3n-escolarizaci\u00f3n.pdf\">Resumen informaci\u00f3n escolarizaci\u00f3n<\/a><\/p>\n<p><a title=\"Portal escolarizaci\u00f3n\" href=\"http:\/\/www.juntadeandalucia.es\/educacion\/webportal\/web\/portal-escolarizacion\/infantil-primaria-eso-bachillerato\" target=\"_blank\" rel=\"noopener\">Enlace al portal de escolarizaci\u00f3n.<\/a><\/p>\n<p><a title=\"Procedimiento\" href=\"http:\/\/portal.ced.junta-andalucia.es\/educacion\/webportal\/abaco-portlet\/content\/f2f9bdb4-4717-409f-8dbc-da5b8ed61e38\" target=\"_blank\" rel=\"noopener\">Normativa<\/a>&nbsp;sobre el proceso de escolarizaci\u00f3n.<\/p>\n","protected":false},"excerpt":{"rendered":"<p>&nbsp; A3_EDUCACION_ADMISION A4_EDUCACION_ADMISION callejero \u00e1rea influencia Cuadro informativo_criterios baremaci\u00f3n 18_19 mapa \u00e1rea de influencia Nota Informativa 2018_19 Nota informativa_NO amplicaci\u00f3n de ratio_18-19 RELACI\u00d3N DE SOLICIITUDES BAREMADAS RELACI\u00d3N DE SOLICITUDES ORDENADAS ALFAB\u00c9TICAMENTE Impreso_Solicitud_Admision_Anexo_III ANEXO_III Resumen&#46;&#46;&#46;<\/p>\n","protected":false},"author":1,"featured_media":0,"parent":0,"menu_order":0,"comment_status":"closed","ping_status":"open","template":"","meta":{"ngg_post_thumbnail":0,"footnotes":"","_mc_calendar":[]},"aioseo_notices":[],"_links":{"self":[{"href":"https:\/\/blogsaverroes.juntadeandalucia.es\/ceipsanjosedecalasanz\/wp-json\/wp\/v2\/pages\/141"}],"collection":[{"href":"https:\/\/blogsaverroes.juntadeandalucia.es\/ceipsanjosedecalasanz\/wp-json\/wp\/v2\/pages"}],"about":[{"href":"https:\/\/blogsaverroes.juntadeandalucia.es\/ceipsanjosedecalasanz\/wp-json\/wp\/v2\/types\/page"}],"author":[{"embeddable":true,"href":"https:\/\/blogsaverroes.juntadeandalucia.es\/ceipsanjosedecalasanz\/wp-json\/wp\/v2\/users\/1"}],"replies":[{"embeddable":true,"href":"https:\/\/blogsaverroes.juntadeandalucia.es\/ceipsanjosedecalasanz\/wp-json\/wp\/v2\/comments?post=141"}],"version-history":[{"count":4,"href":"https:\/\/blogsaverroes.juntadeandalucia.es\/ceipsanjosedecalasanz\/wp-json\/wp\/v2\/pages\/141\/revisions"}],"predecessor-version":[{"id":2389,"href":"https:\/\/blogsaverroes.juntadeandalucia.es\/ceipsanjosedecalasanz\/wp-json\/wp\/v2\/pages\/141\/revisions\/2389"}],"wp:attachment":[{"href":"https:\/\/blogsaverroes.juntadeandalucia.es\/ceipsanjosedecalasanz\/wp-json\/wp\/v2\/media?parent=141"}],"curies":[{"name":"wp","href":"https:\/\/api.w.org\/{rel}","templated":true}]}}

Escolarización 2018-2019

<p>&nbsp;</p>
<p><a href="https://blogsaverroes.juntadeandalucia.es/ceipsanjosedecalasanz/files/2015/03/A3_EDUCACION_ADMISION.pdf">A3_EDUCACION_ADMISION</a></p>
<p><a href="https://blogsaverroes.juntadeandalucia.es/ceipsanjosedecalasanz/files/2015/03/A4_EDUCACION_ADMISION.pdf">A4_EDUCACION_ADMISION</a></p>
<p><a href="https://blogsaverroes.juntadeandalucia.es/ceipsanjosedecalasanz/files/2015/03/callejero-área-influencia.pdf">callejero área influencia</a></p>
<p><a href="https://blogsaverroes.juntadeandalucia.es/ceipsanjosedecalasanz/files/2015/03/Cuadro-informativo_criterios-baremación-18_19.pdf">Cuadro informativo_criterios baremación 18_19</a></p>
<p><a href="https://blogsaverroes.juntadeandalucia.es/ceipsanjosedecalasanz/files/2015/03/mapa-área-de-influencia.pdf">mapa área de influencia</a></p>
<p><a href="https://blogsaverroes.juntadeandalucia.es/ceipsanjosedecalasanz/files/2015/03/Nota-Informativa-2018_19.pdf">Nota Informativa 2018_19</a></p>
<p><a href="https://blogsaverroes.juntadeandalucia.es/ceipsanjosedecalasanz/files/2015/03/Nota-informativa_NO-amplicación-de-ratio_18-19.pdf">Nota informativa_NO amplicación de ratio_18-19</a></p>
<p><a href="https://blogsaverroes.juntadeandalucia.es/ceipsanjosedecalasanz/files/2015/03/RELACIÓN-DE-SOLICIITUDES-BAREMADAS.pdf">R</a><a href="https://blogsaverroes.juntadeandalucia.es/ceipsanjosedecalasanz/files/2015/03/RELACIÓN-DE-SOLICIITUDES-BAREMADAS.pdf">ELACIÓN DE SOLICIITUDES BAREMADAS</a></p>
<p><a href="https://blogsaverroes.juntadeandalucia.es/ceipsanjosedecalasanz/files/2015/03/RELACIÓN-DE-SOLICITUDES-ORDENADAS-ALFABÉTICAMENTE.pdf">RELACIÓN DE SOLICITUDES ORDENADAS ALFABÉTICAMENTE</a></p>
<p><a href="https://blogsaverroes.juntadeandalucia.es/ceipsanjosedecalasanz/files/2015/03/Impreso_Solicitud_Admision_Anexo_III.pdf">Impreso_Solicitud_Admision_Anexo_III</a></p>
<p><a href="https://blogsaverroes.juntadeandalucia.es/ceipsanjosedecalasanz/files/2015/03/ANEXO_III.pdf">A</a><a href="https://blogsaverroes.juntadeandalucia.es/ceipsanjosedecalasanz/files/2015/03/ANEXO_III.pdf">NEXO_III</a></p>
<p><a href="https://blogsaverroes.juntadeandalucia.es/ceipsanjosedecalasanz/files/2015/03/Resumen-información-escolarización.pdf">Resumen información escolarización</a></p>
<p><a title="Portal escolarización" href="http://www.juntadeandalucia.es/educacion/webportal/web/portal-escolarizacion/infantil-primaria-eso-bachillerato" target="_blank" rel="noopener">Enlace al portal de escolarización.</a></p>
<p><a title="Procedimiento" href="http://portal.ced.junta-andalucia.es/educacion/webportal/abaco-portlet/content/f2f9bdb4-4717-409f-8dbc-da5b8ed61e38" target="_blank" rel="noopener">Normativa</a>&nbsp;sobre el proceso de escolarización.</p>

<p>&nbsp; A3_EDUCACION_ADMISION A4_EDUCACION_ADMISION callejero área influencia Cuadro informativo_criterios baremación 18_19 mapa área de influencia Nota Informativa 2018_19 Nota informativa_NO amplicación de ratio_18-19 RELACIÓN DE SOLICIITUDES BAREMADAS RELACIÓN DE SOLICITUDES ORDENADAS ALFABÉTICAMENTE Impreso_Solicitud_Admision_Anexo_III ANEXO_III Resumen&#46;&#46;&#46;</p>
