{"id":198,"date":"2015-03-17T09:55:36","date_gmt":"2015-03-17T09:55:36","guid":{"rendered":"http:\/\/blogsaverroes.juntadeandalucia.es\/pre\/ceip\/?page_id=198"},"modified":"2018-04-17T10:26:18","modified_gmt":"2018-04-17T10:26:18","slug":"que-es-el-ampa","status":"publish","type":"page","link":"https:\/\/blogsaverroes.juntadeandalucia.es\/ceipsanjosedecalasanz\/que-es-el-ampa\/","title":{"rendered":"\u00bfQu\u00e9 es el AMPA?"},"content":{"rendered":"<p style=\"text-align: left\"><a href=\"https:\/\/blogsaverroes.juntadeandalucia.es\/ceipsanjosedecalasanz\/files\/2014\/12\/familia.png\"><img loading=\"lazy\" decoding=\"async\" class=\"aligncenter size-medium wp-image-542\" src=\"https:\/\/blogsaverroes.juntadeandalucia.es\/ceipsanjosedecalasanz\/files\/2014\/12\/familia-300x194.png\" alt=\"familia\" width=\"300\" height=\"194\" srcset=\"https:\/\/blogsaverroes.juntadeandalucia.es\/ceipsanjosedecalasanz\/files\/2014\/12\/familia-300x194.png 300w, https:\/\/blogsaverroes.juntadeandalucia.es\/ceipsanjosedecalasanz\/files\/2014\/12\/familia-1024x662.png 1024w, https:\/\/blogsaverroes.juntadeandalucia.es\/ceipsanjosedecalasanz\/files\/2014\/12\/familia-700x452.png 700w, https:\/\/blogsaverroes.juntadeandalucia.es\/ceipsanjosedecalasanz\/files\/2014\/12\/familia-332x215.png 332w, https:\/\/blogsaverroes.juntadeandalucia.es\/ceipsanjosedecalasanz\/files\/2014\/12\/familia.png 1280w\" sizes=\"(max-width: 300px) 100vw, 300px\" \/><\/a>El <strong>AMPA<\/strong> es una asociaci\u00f3n sin \u00e1nimo de lucro que formada por los padres y madres de todo el alumnado del Colegio.<\/p>\n<p>Es un punto de encuentro y de trabajo independiente, abierto y plural.<\/p>\n<p>Desde el AMPA podemos contribuir a la mejora de la calidad de la educaci\u00f3n, la convivencia del centro y de las instalaciones.<\/p>\n<p style=\"text-align: justify\">La Asociaci\u00f3n de Padres y Madres&nbsp; de Alumnos \u201c Sierra de Aras\u201d perteneciente al CEIP \u201cSan Jos\u00e9 de Calasanz\u201d, se constituy\u00f3 seg\u00fan consta en&nbsp; anteriores estatutos all\u00e1 por el a\u00f1o 1997, integrando a padres y madres de alumnos de este Colegio que celebra su cincuentenario .<\/p>\n<p style=\"text-align: justify\">&nbsp;&nbsp;&nbsp;&nbsp;&nbsp;&nbsp;&nbsp;&nbsp;&nbsp;&nbsp;&nbsp; En la actualidad cuenta con 130 familias,de las que algunas de ellas contribuyen con su cuota anual a realizar algunas de las actividades que llevamos a cabo durante el a\u00f1o escolar.<\/p>\n<p style=\"text-align: justify\">Esta AMPA quiere hacer referencia a la colaboraci\u00f3n sincera y constante con la Direcci\u00f3n del centro y con su profesorado.<\/p>\n<p style=\"text-align: justify\">&nbsp;<\/p>\n<p style=\"text-align: justify\">Gracias al &nbsp;Director del Centro&nbsp; que nos brinda este medio nos hemos propuesto comunicaros con detalle todo lo que vayamos haciendo a trav\u00e9s de este espacio web. Por eso, intentaremos incluir un peque\u00f1o resumen informe de lo que tratamos en las reuniones que celebramos la Junta directiva.<\/p>\n<p style=\"text-align: justify\"><span style=\"font-family: 'Arial','sans-serif'\">S\u00f3lo es necesaria&nbsp;<strong>una alta por familia.<\/strong>&nbsp;Si hay varios hermanos estudiando en el centro, solo se paga una sola cuota de 10 \u20ac.<\/span><\/p>\n<p style=\"text-align: justify\"><span style=\"font-family: 'Arial','sans-serif'\">Le pod\u00e9is hacer entrega de la cuota al delegado\/a de vuestra clase y \u00e9l o ella os extender\u00e1 un recibo.<\/span><\/p>\n<p><a href=\"https:\/\/blogsaverroes.juntadeandalucia.es\/ceipsanjosedecalasanz\/files\/2015\/03\/image3.jpg\"><img loading=\"lazy\" decoding=\"async\" class=\"alignnone size-full wp-image-2326\" src=\"https:\/\/blogsaverroes.juntadeandalucia.es\/ceipsanjosedecalasanz\/files\/2015\/03\/image3.jpg\" alt=\"\" width=\"213\" height=\"159\" srcset=\"https:\/\/blogsaverroes.juntadeandalucia.es\/ceipsanjosedecalasanz\/files\/2015\/03\/image3.jpg 213w, https:\/\/blogsaverroes.juntadeandalucia.es\/ceipsanjosedecalasanz\/files\/2015\/03\/image3-24x18.jpg 24w, https:\/\/blogsaverroes.juntadeandalucia.es\/ceipsanjosedecalasanz\/files\/2015\/03\/image3-36x27.jpg 36w, https:\/\/blogsaverroes.juntadeandalucia.es\/ceipsanjosedecalasanz\/files\/2015\/03\/image3-48x36.jpg 48w\" sizes=\"(max-width: 213px) 100vw, 213px\" \/>De izquierda a derecha son Lola Aguayo (vocal), Sensi P\u00e9rez (tesorera), Mari Carmen Garc\u00eda (vicepresidenta), Sof\u00eda P\u00e9rez (presidenta), Laura Mart\u00ednez (secretaria) y Lourdes Contreras &nbsp;(vocal).<\/a><\/p>\n<h3>\u00bfpor qu\u00e9 es importante vuestra participaci\u00f3n?<\/h3>\n<p>En el colegio existen espacios de participaci\u00f3n, siendo el AMPA &nbsp;el \u00fanico espacio de participaci\u00f3n aut\u00f3nomo de padres y madres. El AMPA es importante porque:<\/p>\n<ul>\n<li>Somos corresponsables de la educaci\u00f3n que nuestros hijos\/as reciben en el colegio.<\/li>\n<li>Es un espacio para aportar iniciativas y trabajar con la direcci\u00f3n del Centro, sin depender de esta.<\/li>\n<\/ul>\n<h3>\u00bfc\u00f3mo puedes participar?<\/h3>\n<p>Participar en el AMPA es muy f\u00e1cil y cada uno decide el nivel de implicaci\u00f3n.<\/p>\n<ul>\n<li>Podemos asociarnos en cualquier momento, aunque se entrega a las familias una ficha de inscripci\u00f3n con la matr\u00edcula en la que se indica la cuota anual por cada familia (la cuota es por familia no por ni\u00f1o\/a)<\/li>\n<li>Podemos tambi\u00e9n participar a trav\u00e9s de las asambleas, incorpor\u00e1ndote a las reuniones&nbsp;abiertas que se convoquen.<\/li>\n<li>Podemos colaborar en los diferentes grupos de trabajo o&nbsp;en actividades puntuales que se organizan desde el AMPA a lo largo del curso.<\/li>\n<li>Podemos proponer iniciativas, plantear temas de debate, organizar actividades, etc., &nbsp;dirigi\u00e9ndote a cualquier miembro de la junta directiva o a trav\u00e9s del blog.<\/li>\n<\/ul>\n<p>Como ves, hay muchas formas de participar y es muy importante que m\u00e1s padres y madres pasemos a la participa-ACCI\u00d3N,&nbsp;&nbsp;de forma activa y colectiva.<\/p>\n<h3>\u00bfpara qu\u00e9 sirve?<\/h3>\n<ul>\n<li>Para defender y velar por el derecho a una educaci\u00f3n de calidad, democr\u00e1tica, atendiendo a las necesidades de todos los ni\u00f1os\/as &nbsp;y cr\u00edtica.<\/li>\n<li>Para promover la participaci\u00f3n de padres y madres en la vida del centro, defendiendo los intereses del alumnado y de toda la comunidad educativa.<\/li>\n<li>Para buscar soluciones de forma colectiva a temas relacionados con la ense\u00f1anza y educaci\u00f3n de nuestros hijos\/as.<\/li>\n<li>Para crear espacios de encuentro y trabajo en el resto de la comunidad educativa y con el entorno.<\/li>\n<li>Para crear espacios de reflexi\u00f3n y participaci\u00f3n compartida sobre la educaci\u00f3n de nuestros hijos\/as<br \/>\nPara participar en la gesti\u00f3n del colegio.<\/li>\n<\/ul>\n<h3>\u00bfc\u00f3mo se financia?<\/h3>\n<p>El AMPA &nbsp;se financia a trav\u00e9s de las cuotas de socios\/as.<br \/>\nLa cuota de socios\/as es el \u00fanico pago que realizan las familias y que gestiona el AMPA para el beneficio exclusivo de la comunidad educativa y en definitiva de la educaci\u00f3n que reciben&nbsp; nuestros hijos\/as en el centro.<\/p>\n","protected":false},"excerpt":{"rendered":"<p>El AMPA es una asociaci\u00f3n sin \u00e1nimo de lucro que formada por los padres y madres de todo el alumnado del Colegio. Es un punto de encuentro y de trabajo independiente, abierto y plural.&#46;&#46;&#46;<\/p>\n","protected":false},"author":1,"featured_media":0,"parent":0,"menu_order":0,"comment_status":"closed","ping_status":"open","template":"","meta":{"ngg_post_thumbnail":0,"footnotes":"","_mc_calendar":[]},"aioseo_notices":[],"_links":{"self":[{"href":"https:\/\/blogsaverroes.juntadeandalucia.es\/ceipsanjosedecalasanz\/wp-json\/wp\/v2\/pages\/198"}],"collection":[{"href":"https:\/\/blogsaverroes.juntadeandalucia.es\/ceipsanjosedecalasanz\/wp-json\/wp\/v2\/pages"}],"about":[{"href":"https:\/\/blogsaverroes.juntadeandalucia.es\/ceipsanjosedecalasanz\/wp-json\/wp\/v2\/types\/page"}],"author":[{"embeddable":true,"href":"https:\/\/blogsaverroes.juntadeandalucia.es\/ceipsanjosedecalasanz\/wp-json\/wp\/v2\/users\/1"}],"replies":[{"embeddable":true,"href":"https:\/\/blogsaverroes.juntadeandalucia.es\/ceipsanjosedecalasanz\/wp-json\/wp\/v2\/comments?post=198"}],"version-history":[{"count":5,"href":"https:\/\/blogsaverroes.juntadeandalucia.es\/ceipsanjosedecalasanz\/wp-json\/wp\/v2\/pages\/198\/revisions"}],"predecessor-version":[{"id":2327,"href":"https:\/\/blogsaverroes.juntadeandalucia.es\/ceipsanjosedecalasanz\/wp-json\/wp\/v2\/pages\/198\/revisions\/2327"}],"wp:attachment":[{"href":"https:\/\/blogsaverroes.juntadeandalucia.es\/ceipsanjosedecalasanz\/wp-json\/wp\/v2\/media?parent=198"}],"curies":[{"name":"wp","href":"https:\/\/api.w.org\/{rel}","templated":true}]}}

¿Qué es el AMPA?

<p style="text-align: left"><a href="https://blogsaverroes.juntadeandalucia.es/ceipsanjosedecalasanz/files/2014/12/familia.png"><img loading="lazy" decoding="async" class="aligncenter size-medium wp-image-542" src="https://blogsaverroes.juntadeandalucia.es/ceipsanjosedecalasanz/files/2014/12/familia-300x194.png" alt="familia" width="300" height="194" srcset="https://blogsaverroes.juntadeandalucia.es/ceipsanjosedecalasanz/files/2014/12/familia-300x194.png 300w, https://blogsaverroes.juntadeandalucia.es/ceipsanjosedecalasanz/files/2014/12/familia-1024x662.png 1024w, https://blogsaverroes.juntadeandalucia.es/ceipsanjosedecalasanz/files/2014/12/familia-700x452.png 700w, https://blogsaverroes.juntadeandalucia.es/ceipsanjosedecalasanz/files/2014/12/familia-332x215.png 332w, https://blogsaverroes.juntadeandalucia.es/ceipsanjosedecalasanz/files/2014/12/familia.png 1280w" sizes="(max-width: 300px) 100vw, 300px" /></a>El <strong>AMPA</strong> es una asociación sin ánimo de lucro que formada por los padres y madres de todo el alumnado del Colegio.</p>
<p>Es un punto de encuentro y de trabajo independiente, abierto y plural.</p>
<p>Desde el AMPA podemos contribuir a la mejora de la calidad de la educación, la convivencia del centro y de las instalaciones.</p>
<p style="text-align: justify">La Asociación de Padres y Madres&nbsp; de Alumnos “ Sierra de Aras” perteneciente al CEIP “San José de Calasanz”, se constituyó según consta en&nbsp; anteriores estatutos allá por el año 1997, integrando a padres y madres de alumnos de este Colegio que celebra su cincuentenario .</p>
<p style="text-align: justify">&nbsp;&nbsp;&nbsp;&nbsp;&nbsp;&nbsp;&nbsp;&nbsp;&nbsp;&nbsp;&nbsp; En la actualidad cuenta con 130 familias,de las que algunas de ellas contribuyen con su cuota anual a realizar algunas de las actividades que llevamos a cabo durante el año escolar.</p>
<p style="text-align: justify">Esta AMPA quiere hacer referencia a la colaboración sincera y constante con la Dirección del centro y con su profesorado.</p>
<p style="text-align: justify">&nbsp;</p>
<p style="text-align: justify">Gracias al &nbsp;Director del Centro&nbsp; que nos brinda este medio nos hemos propuesto comunicaros con detalle todo lo que vayamos haciendo a través de este espacio web. Por eso, intentaremos incluir un pequeño resumen informe de lo que tratamos en las reuniones que celebramos la Junta directiva.</p>
<p style="text-align: justify"><span style="font-family: 'Arial','sans-serif'">Sólo es necesaria&nbsp;<strong>una alta por familia.</strong>&nbsp;Si hay varios hermanos estudiando en el centro, solo se paga una sola cuota de 10 €.</span></p>
<p style="text-align: justify"><span style="font-family: 'Arial','sans-serif'">Le podéis hacer entrega de la cuota al delegado/a de vuestra clase y él o ella os extenderá un recibo.</span></p>
<p><a href="https://blogsaverroes.juntadeandalucia.es/ceipsanjosedecalasanz/files/2015/03/image3.jpg"><img loading="lazy" decoding="async" class="alignnone size-full wp-image-2326" src="https://blogsaverroes.juntadeandalucia.es/ceipsanjosedecalasanz/files/2015/03/image3.jpg" alt="" width="213" height="159" srcset="https://blogsaverroes.juntadeandalucia.es/ceipsanjosedecalasanz/files/2015/03/image3.jpg 213w, https://blogsaverroes.juntadeandalucia.es/ceipsanjosedecalasanz/files/2015/03/image3-24x18.jpg 24w, https://blogsaverroes.juntadeandalucia.es/ceipsanjosedecalasanz/files/2015/03/image3-36x27.jpg 36w, https://blogsaverroes.juntadeandalucia.es/ceipsanjosedecalasanz/files/2015/03/image3-48x36.jpg 48w" sizes="(max-width: 213px) 100vw, 213px" />De izquierda a derecha son Lola Aguayo (vocal), Sensi Pérez (tesorera), Mari Carmen García (vicepresidenta), Sofía Pérez (presidenta), Laura Martínez (secretaria) y Lourdes Contreras &nbsp;(vocal).</a></p>
<h3>¿por qué es importante vuestra participación?</h3>
<p>En el colegio existen espacios de participación, siendo el AMPA &nbsp;el único espacio de participación autónomo de padres y madres. El AMPA es importante porque:</p>
<ul>
<li>Somos corresponsables de la educación que nuestros hijos/as reciben en el colegio.</li>
<li>Es un espacio para aportar iniciativas y trabajar con la dirección del Centro, sin depender de esta.</li>
</ul>
<h3>¿cómo puedes participar?</h3>
<p>Participar en el AMPA es muy fácil y cada uno decide el nivel de implicación.</p>
<ul>
<li>Podemos asociarnos en cualquier momento, aunque se entrega a las familias una ficha de inscripción con la matrícula en la que se indica la cuota anual por cada familia (la cuota es por familia no por niño/a)</li>
<li>Podemos también participar a través de las asambleas, incorporándote a las reuniones&nbsp;abiertas que se convoquen.</li>
<li>Podemos colaborar en los diferentes grupos de trabajo o&nbsp;en actividades puntuales que se organizan desde el AMPA a lo largo del curso.</li>
<li>Podemos proponer iniciativas, plantear temas de debate, organizar actividades, etc., &nbsp;dirigiéndote a cualquier miembro de la junta directiva o a través del blog.</li>
</ul>
<p>Como ves, hay muchas formas de participar y es muy importante que más padres y madres pasemos a la participa-ACCIÓN,&nbsp;&nbsp;de forma activa y colectiva.</p>
<h3>¿para qué sirve?</h3>
<ul>
<li>Para defender y velar por el derecho a una educación de calidad, democrática, atendiendo a las necesidades de todos los niños/as &nbsp;y crítica.</li>
<li>Para promover la participación de padres y madres en la vida del centro, defendiendo los intereses del alumnado y de toda la comunidad educativa.</li>
<li>Para buscar soluciones de forma colectiva a temas relacionados con la enseñanza y educación de nuestros hijos/as.</li>
<li>Para crear espacios de encuentro y trabajo en el resto de la comunidad educativa y con el entorno.</li>
<li>Para crear espacios de reflexión y participación compartida sobre la educación de nuestros hijos/as<br />
Para participar en la gestión del colegio.</li>
</ul>
<h3>¿cómo se financia?</h3>
<p>El AMPA &nbsp;se financia a través de las cuotas de socios/as.<br />
La cuota de socios/as es el único pago que realizan las familias y que gestiona el AMPA para el beneficio exclusivo de la comunidad educativa y en definitiva de la educación que reciben&nbsp; nuestros hijos/as en el centro.</p>

<p>El AMPA es una asociación sin ánimo de lucro que formada por los padres y madres de todo el alumnado del Colegio. Es un punto de encuentro y de trabajo independiente, abierto y plural.&#46;&#46;&#46;</p>
