{"id":8486,"date":"2018-03-01T19:33:04","date_gmt":"2018-03-01T18:33:04","guid":{"rendered":"http:\/\/blogsaverroes.juntadeandalucia.es\/ceipsanjosedepalmete\/?page_id=8486"},"modified":"2018-03-01T23:33:53","modified_gmt":"2018-03-01T22:33:53","slug":"celebracion-del-dia-de-andalucia-con-susana-diaz","status":"publish","type":"page","link":"https:\/\/blogsaverroes.juntadeandalucia.es\/ceipsanjosedepalmete\/fotos-curso-2016-2017-2\/celebracion-del-dia-de-andalucia-con-susana-diaz\/","title":{"rendered":"Celebraci\u00f3n del D\u00eda de Andaluc\u00eda con Susana D\u00edaz"},"content":{"rendered":"<h3>CURSO 2017-18<\/h3>\n<p style=\"text-align: center\"><strong>Fotos<\/strong><\/p>\nngg_shortcode_0_placeholder\n<p>&nbsp;<\/p>\n<p><img loading=\"lazy\" decoding=\"async\" class=\"wp-image-8563 alignleft\" src=\"https:\/\/blogsaverroes.juntadeandalucia.es\/ceipsanjosedepalmete\/files\/2018\/03\/iconoprensa.png\" alt=\"\" width=\"72\" height=\"72\" srcset=\"https:\/\/blogsaverroes.juntadeandalucia.es\/ceipsanjosedepalmete\/files\/2018\/03\/iconoprensa.png 322w, https:\/\/blogsaverroes.juntadeandalucia.es\/ceipsanjosedepalmete\/files\/2018\/03\/iconoprensa-150x150.png 150w, https:\/\/blogsaverroes.juntadeandalucia.es\/ceipsanjosedepalmete\/files\/2018\/03\/iconoprensa-300x300.png 300w, https:\/\/blogsaverroes.juntadeandalucia.es\/ceipsanjosedepalmete\/files\/2018\/03\/iconoprensa-100x100.png 100w, https:\/\/blogsaverroes.juntadeandalucia.es\/ceipsanjosedepalmete\/files\/2018\/03\/iconoprensa-268x268.png 268w, https:\/\/blogsaverroes.juntadeandalucia.es\/ceipsanjosedepalmete\/files\/2018\/03\/iconoprensa-24x24.png 24w, https:\/\/blogsaverroes.juntadeandalucia.es\/ceipsanjosedepalmete\/files\/2018\/03\/iconoprensa-36x36.png 36w, https:\/\/blogsaverroes.juntadeandalucia.es\/ceipsanjosedepalmete\/files\/2018\/03\/iconoprensa-48x48.png 48w\" sizes=\"(max-width: 72px) 100vw, 72px\" \/><\/p>\n<p>&nbsp;<\/p>\n<p><strong><a href=\"https:\/\/blogsaverroes.juntadeandalucia.es\/ceipsanjosedepalmete\/files\/2018\/03\/Recortes-de-prensa-Di\u0301a-de-Andaluci\u0301a.pdf\" target=\"_blank\" rel=\"noopener\">Recortes de prensa del evento<\/a><\/strong><\/p>\n<p>&nbsp;<\/p>\n<p style=\"text-align: center\"><strong>Reportajes de la visita de Susana D\u00edaz a nuestro centro<\/strong><\/p>\n<p style=\"text-align: center\"><iframe loading=\"lazy\" src=\"https:\/\/www.youtube.com\/embed\/_1z_SS86Dxw\" frameborder=\"0\" width=\"560\" height=\"315\"><\/iframe><\/p>\n<p>&nbsp;<\/p>\n<p>&nbsp;<\/p>\n<p>&nbsp;<\/p>\n","protected":false},"excerpt":{"rendered":"<p>CURSO 2017-18 Fotos \u00bb order_by=\u00bbsortorder\u00bb order_direction=\u00bbASC\u00bb returns=\u00bbincluded\u00bb maximum_entity_count=\u00bb500&#8243;] &nbsp; &nbsp; Recortes de prensa del evento &nbsp; Reportajes de la visita de Susana D\u00edaz a nuestro centro &nbsp; &nbsp; &nbsp;<\/p>\n","protected":false},"author":2168,"featured_media":0,"parent":7866,"menu_order":0,"comment_status":"closed","ping_status":"closed","template":"","meta":{"ngg_post_thumbnail":0,"footnotes":"","_mc_calendar":[]},"aioseo_notices":[],"_links":{"self":[{"href":"https:\/\/blogsaverroes.juntadeandalucia.es\/ceipsanjosedepalmete\/wp-json\/wp\/v2\/pages\/8486"}],"collection":[{"href":"https:\/\/blogsaverroes.juntadeandalucia.es\/ceipsanjosedepalmete\/wp-json\/wp\/v2\/pages"}],"about":[{"href":"https:\/\/blogsaverroes.juntadeandalucia.es\/ceipsanjosedepalmete\/wp-json\/wp\/v2\/types\/page"}],"author":[{"embeddable":true,"href":"https:\/\/blogsaverroes.juntadeandalucia.es\/ceipsanjosedepalmete\/wp-json\/wp\/v2\/users\/2168"}],"replies":[{"embeddable":true,"href":"https:\/\/blogsaverroes.juntadeandalucia.es\/ceipsanjosedepalmete\/wp-json\/wp\/v2\/comments?post=8486"}],"version-history":[{"count":13,"href":"https:\/\/blogsaverroes.juntadeandalucia.es\/ceipsanjosedepalmete\/wp-json\/wp\/v2\/pages\/8486\/revisions"}],"predecessor-version":[{"id":8567,"href":"https:\/\/blogsaverroes.juntadeandalucia.es\/ceipsanjosedepalmete\/wp-json\/wp\/v2\/pages\/8486\/revisions\/8567"}],"up":[{"embeddable":true,"href":"https:\/\/blogsaverroes.juntadeandalucia.es\/ceipsanjosedepalmete\/wp-json\/wp\/v2\/pages\/7866"}],"wp:attachment":[{"href":"https:\/\/blogsaverroes.juntadeandalucia.es\/ceipsanjosedepalmete\/wp-json\/wp\/v2\/media?parent=8486"}],"curies":[{"name":"wp","href":"https:\/\/api.w.org\/{rel}","templated":true}]}}