{"id":751,"date":"2024-12-17T16:24:32","date_gmt":"2024-12-17T15:24:32","guid":{"rendered":"https:\/\/blogsaverroes.juntadeandalucia.es\/ceipsanjuanalh\/?page_id=751"},"modified":"2025-01-11T17:32:37","modified_gmt":"2025-01-11T16:32:37","slug":"acerca-de","status":"publish","type":"page","link":"https:\/\/blogsaverroes.juntadeandalucia.es\/ceipsanjuanalh\/acerca-de\/","title":{"rendered":"Acerca de"},"content":{"rendered":"[et_pb_section fb_built=&#8221;1&#8243; admin_label=&#8221;section&#8221; _builder_version=&#8221;4.24.2&#8243; global_colors_info=&#8221;{}&#8221;][et_pb_row admin_label=&#8221;row&#8221; _builder_version=&#8221;4.24.2&#8243; background_size=&#8221;initial&#8221; background_position=&#8221;top_left&#8221; background_repeat=&#8221;repeat&#8221; global_colors_info=&#8221;{}&#8221;][et_pb_column type=&#8221;4_4&#8243; _builder_version=&#8221;4.16&#8243; custom_padding=&#8221;|||&#8221; global_colors_info=&#8221;{}&#8221; custom_padding__hover=&#8221;|||&#8221;][et_pb_text _builder_version=&#8221;4.24.2&#8243; _module_preset=&#8221;default&#8221; hover_enabled=&#8221;0&#8243; global_colors_info=&#8221;{}&#8221; sticky_enabled=&#8221;0&#8243;]\n<h1>Acerca de<\/h1>\n<p>Los blogs o bit\u00e1coras son un fen\u00f3meno que han tenido gran aceptaci\u00f3n en Internet, porque permiten, de manera f\u00e1cil y r\u00e1pida, que cualquier persona publique en un espacio propio sus ideas y las comparta con otras personas en la red. El formato blog se ha generalizado como el m\u00e1s aceptado medio de publicaci\u00f3n, espacio personal, profesional o grupal, y se ha dejado notar en otros \u00e1mbitos, como el period\u00edstico o el educativo.<\/p>\n<table style=\"border-collapse: collapse;width: 100%\">\n<tbody>\n<tr>\n<td style=\"width: 33.3333%\">\n<p><img loading=\"lazy\" decoding=\"async\" class=\"wp-image-754 alignnone size-full aligncenter\" src=\"https:\/\/blogsaverroes.juntadeandalucia.es\/ceipsanjuanalh\/files\/2024\/12\/7_color.fw_-1-1.png\" alt=\"\" width=\"127\" height=\"126\"><\/p>\n<p style=\"text-align: center\"><strong>Comunicaci\u00f3n<\/strong><\/p>\n<\/td>\n<td style=\"width: 33.3333%\">\n<p><img loading=\"lazy\" decoding=\"async\" class=\"wp-image-759 alignnone size-full aligncenter\" src=\"https:\/\/blogsaverroes.juntadeandalucia.es\/ceipsanjuanalh\/files\/2024\/12\/4_paginas_hija.fw_-1-1.png\" alt=\"\" width=\"127\" height=\"126\"><\/p>\n<p style=\"text-align: center\"><strong>Multiservicio<\/strong><\/p>\n<\/td>\n<td style=\"width: 33.3333%\">\n<p><img loading=\"lazy\" decoding=\"async\" class=\"wp-image-760 alignnone size-full aligncenter\" src=\"https:\/\/blogsaverroes.juntadeandalucia.es\/ceipsanjuanalh\/files\/2024\/12\/9_redes.fw_-1.png\" alt=\"\" width=\"127\" height=\"126\"><\/p>\n<p style=\"text-align: center\"><strong>Interconexi\u00f3n<\/strong><\/p>\n<\/td>\n<\/tr>\n<\/tbody>\n<\/table>\n<p>Como actividad basada en la comunicaci\u00f3n, la docencia no queda al margen de la influencia de los blogs como herramienta educativa y comunicativa. Su flexibilidad los hace adaptables a cualquier materia, asignatura y nivel educativo.<br \/>Con estas consideraciones la Consejer\u00eda de Desarrollo Educativo y Formaci\u00f3n Profesional de la Junta de Andaluc\u00eda puso en marcha en 2010&nbsp;<strong>BlogsAverroes<\/strong>, un servicio de hosting basado en WordPress Multisitio, que tiene como finalidad proporcionar al profesorado de los centros educativos p\u00fablicos andaluces un instrumento que les permita difundir sus experiencias docentes, publicar contenidos y recursos educativos y desarrollar actividades de car\u00e1cter did\u00e1ctico.<\/p>\n<p>Pero&nbsp;<strong>BlogsAverroes<\/strong>&nbsp;no es solo un servicio de blog. Al estar basado en WordPress, tambi\u00e9n permite a los centro educativos crear su propia p\u00e1gina web de forma f\u00e1cil y din\u00e1mica utilizando alguna de las plantillas predise\u00f1adas para ello, adem\u00e1s de tambi\u00e9n poder dise\u00f1ar blog de aula por parte de todos los docentes andaluces a trav\u00e9s del usuario IdEA.<\/p>\n[\/et_pb_text][\/et_pb_column][\/et_pb_row][\/et_pb_section]\n","protected":false},"excerpt":{"rendered":"<p>Acerca de Los blogs o bit\u00e1coras son un fen\u00f3meno que han tenido gran aceptaci\u00f3n en Internet, porque permiten, de manera f\u00e1cil y r\u00e1pida, que cualquier persona publique en un espacio propio sus ideas y las comparta con otras personas en la red. El formato blog se ha generalizado como el m\u00e1s aceptado medio de publicaci\u00f3n, [&hellip;]<\/p>\n","protected":false},"author":19178,"featured_media":0,"parent":0,"menu_order":0,"comment_status":"closed","ping_status":"closed","template":"","meta":{"_et_pb_use_builder":"on","_et_pb_old_content":"","_et_gb_content_width":"","ngg_post_thumbnail":0,"footnotes":"","_mc_calendar":[]},"aioseo_notices":[],"_links":{"self":[{"href":"https:\/\/blogsaverroes.juntadeandalucia.es\/ceipsanjuanalh\/wp-json\/wp\/v2\/pages\/751"}],"collection":[{"href":"https:\/\/blogsaverroes.juntadeandalucia.es\/ceipsanjuanalh\/wp-json\/wp\/v2\/pages"}],"about":[{"href":"https:\/\/blogsaverroes.juntadeandalucia.es\/ceipsanjuanalh\/wp-json\/wp\/v2\/types\/page"}],"author":[{"embeddable":true,"href":"https:\/\/blogsaverroes.juntadeandalucia.es\/ceipsanjuanalh\/wp-json\/wp\/v2\/users\/19178"}],"replies":[{"embeddable":true,"href":"https:\/\/blogsaverroes.juntadeandalucia.es\/ceipsanjuanalh\/wp-json\/wp\/v2\/comments?post=751"}],"version-history":[{"count":7,"href":"https:\/\/blogsaverroes.juntadeandalucia.es\/ceipsanjuanalh\/wp-json\/wp\/v2\/pages\/751\/revisions"}],"predecessor-version":[{"id":771,"href":"https:\/\/blogsaverroes.juntadeandalucia.es\/ceipsanjuanalh\/wp-json\/wp\/v2\/pages\/751\/revisions\/771"}],"wp:attachment":[{"href":"https:\/\/blogsaverroes.juntadeandalucia.es\/ceipsanjuanalh\/wp-json\/wp\/v2\/media?parent=751"}],"curies":[{"name":"wp","href":"https:\/\/api.w.org\/{rel}","templated":true}]}}