{"id":943,"date":"2024-12-18T23:21:32","date_gmt":"2024-12-18T22:21:32","guid":{"rendered":"https:\/\/blogsaverroes.juntadeandalucia.es\/ceipsanjuanalh\/?page_id=943"},"modified":"2025-01-04T13:13:27","modified_gmt":"2025-01-04T12:13:27","slug":"normas-y-consejos","status":"publish","type":"page","link":"https:\/\/blogsaverroes.juntadeandalucia.es\/ceipsanjuanalh\/normas-y-consejos\/","title":{"rendered":"Normas y consejos"},"content":{"rendered":"[et_pb_section fb_built=&#8221;1&#8243; admin_label=&#8221;section&#8221; _builder_version=&#8221;4.16&#8243; global_colors_info=&#8221;{}&#8221;][et_pb_row column_structure=&#8221;3_5,2_5&#8243; admin_label=&#8221;row&#8221; _builder_version=&#8221;4.24.2&#8243; background_size=&#8221;initial&#8221; background_position=&#8221;top_left&#8221; background_repeat=&#8221;repeat&#8221; global_colors_info=&#8221;{}&#8221;][et_pb_column type=&#8221;3_5&#8243; _builder_version=&#8221;4.16&#8243; custom_padding=&#8221;|||&#8221; global_colors_info=&#8221;{}&#8221; custom_padding__hover=&#8221;|||&#8221;][et_pb_text _builder_version=&#8221;4.24.2&#8243; _module_preset=&#8221;default&#8221; hover_enabled=&#8221;0&#8243; global_colors_info=&#8221;{}&#8221; sticky_enabled=&#8221;0&#8243;]\n<h1>Normas y Consejos<\/h1>\n<p>&nbsp;<\/p>\n<p style=\"font-weight: 400;text-align: center\"><strong><u>ALGUNAS CUESTIONES A RECORDAR<\/u>:<\/strong><\/p>\n<ol>\n<li style=\"font-weight: 400\"><strong><u>HORARIO Y PUNTUALIDAD<\/u><\/strong><\/li>\n<\/ol>\n<p style=\"font-weight: 400\">El horario habitual es de 9 a 14 horas. Los portones de entrada del alumnado se abrir\u00e1n a las 9:00, y se cerrar\u00e1n a los cinco minutos despu\u00e9s de la hora de entrada. Los alumnos\/as&nbsp;<strong>acceder\u00e1n solos<\/strong>&nbsp;al centro, evitando el acceso a las aulas por parte de los padres\/madres\/tutores. Aquellos alumnos y alumnas que&nbsp;<strong>por causa justificada<\/strong>&nbsp;no hayan podido entrar a su hora, lo podr\u00e1n hacer a cualquier hora de la jornada escolar, aunque se recomienda que sea en horario de recreo (12:00 h a 12:30h)<strong>.<\/strong>&nbsp; Para los padres\/madres\/tutores que habitualmente recogen a sus hijos-as a las 14:00 h, queremos recordarles la necesidad de ser puntuales. Si por alguna causa no los pueden recoger a la hora prevista, deber\u00e1n llamar por tel\u00e9fono para tenerlo en cuenta&nbsp;<strong>(951 29 86 79&nbsp; \/&nbsp; 697 95 04 23&nbsp; \/&nbsp; 671 53 40 43)<\/strong>&nbsp;y tomar las medidas oportunas, siguiendo las instrucciones de la normativa actual de la administraci\u00f3n educativa.<\/p>\n<p style=\"font-weight: 400\">Los&nbsp;<strong><u>d\u00edas de lluvia<\/u><\/strong>&nbsp;se abrir\u00e1n las puertas unos minutos antes y se organizar\u00e1 de la siguiente forma:<\/p>\n<ul>\n<li style=\"font-weight: 400\"><u>Infantil<\/u>: Los padres\/madres\/tutores acompa\u00f1ar\u00e1n a los alumnos\/as hasta el porche de infantil (tanto a la entrada como a la salida).<\/li>\n<li style=\"font-weight: 400\"><u>Primaria<\/u>: Los alumnos\/as entrar\u00e1n solos al centro, pero para salir del centro, saldr\u00e1n acompa\u00f1ados de los padres\/madres\/tutores seg\u00fan organizaci\u00f3n del centro educativo (normalmente los padres entran hasta las aulas de sus hij@s).<\/li>\n<\/ul>\n<p style=\"font-weight: 400\">&nbsp;<strong><u>SE RUEGA NO TAPONEN LA PUERTA DE ENTRADA, SUS HIJOS\/AS QUEDAN EN BUENAS MANOS<\/u><\/strong><\/p>\n<ol start=\"2\">\n<li style=\"font-weight: 400\"><strong> &nbsp; &nbsp;<\/strong><strong><u>AUSENCIAS<\/u><\/strong><\/li>\n<\/ol>\n<p style=\"font-weight: 400\">Se les recuerda la&nbsp;<strong>obligaci\u00f3n de justificar<\/strong>&nbsp;a los tutores&nbsp;<strong>TODAS<\/strong>&nbsp;las ausencias de sus hijos\/as a clase.&nbsp;<\/p>\n<p style=\"font-weight: 400\">En el caso de&nbsp;<strong>enfermedad<\/strong>, notif\u00edquelo al tutor\/a y&nbsp;<strong>no env\u00ede<\/strong>&nbsp;a clase a su hijo\/a hasta que est\u00e9 totalmente curado.<\/p>\n<p style=\"font-weight: 400\">Si el alumno\/a ha de ausentarse durante el periodo lectivo, (salvo que sea avisado desde el centro),&nbsp;<strong>habr\u00e1 de comunicarlo con anterioridad a su tutor\/a,<\/strong>&nbsp;para que \u00e9ste prevea con antelaci\u00f3n las tareas a realizar. Igualmente la salida se recomienda que sea&nbsp;<strong>a la hora del recreo, (de 12:00h a 12:30h).<\/strong><\/p>\n<p style=\"font-weight: 400\">Se dar\u00e1 traslado, seg\u00fan normativa, a los Servicios Sociales del Ayuntamiento de forma especial del absentismo escolar, entendiendo \u00e9ste no solo como las&nbsp;<strong>ausencias injustificadas,<\/strong>&nbsp;sino tambi\u00e9n los<strong>&nbsp;retrasos<\/strong>&nbsp;y\/o salidas del centro durante el periodo lectivo, bien de forma continuada o cuando se producen en circunstancias similares.&nbsp;<\/p>\n<ol start=\"3\">\n<li style=\"font-weight: 400\"><strong><u>DESCANSO, DESAYUNO Y MATERIALES<\/u><\/strong><\/li>\n<\/ol>\n<p style=\"font-weight: 400\">Procure que su hijo\/a venga descansado y desayunado de casa, el rendimiento es mayor. A media ma\u00f1ana realizamos un desayuno de alimentaci\u00f3n saludable (que debemos respetar), evitando en lo posible chuches, boller\u00eda industrial\u2026 Asimismo, recuerde&nbsp; comprobar que todos los d\u00edas acude con el material necesario para sus clases. <strong><u>Procure que no se olvide nada en casa.<\/u><\/strong><\/p>\n<ol start=\"4\">\n<li style=\"font-weight: 400\"><strong><u>ACCESO AL CENTRO ESCOLAR FUERA DEL HORARIO LECTIVO<\/u><\/strong><\/li>\n<\/ol>\n<p style=\"font-weight: 400\">Por el bien y la seguridad de todos\/as, se recuerda que est\u00e1&nbsp;<strong>totalmente prohibido<\/strong>&nbsp;el acceso a las aulas fuera del horario lectivo, salvo para acudir a las actividades extraescolares y\/o aquellas que determine el centro.<\/p>\n<ol start=\"5\">\n<li style=\"font-weight: 400\"><strong><u>HORARIO DE ATENCI\u00d3N A&nbsp; PADRES\/MADRES\/TUTORES.<\/u><\/strong><\/li>\n<\/ol>\n<p style=\"font-weight: 400\"><strong><em><u>Secretar\u00eda<\/u><\/em><\/strong><strong>: La puerta de secretar\u00eda se abrir\u00e1 una vez cerrada la de los alumnos\/as, con el horario que se indica&nbsp; (martes y jueves de 9:15h a 10:30h&nbsp; y&nbsp; de 12:30h a 13:30h). Fuera de este horario, no podremos atenderles.<\/strong><\/p>\n<p style=\"font-weight: 400\"><strong><em><u>Tutor\u00edas<\/u><\/em><\/strong><strong>: Lunes de 16:00h a 17:00h&nbsp;<\/strong>(con cita previa).<\/p>\n[\/et_pb_text][\/et_pb_column][et_pb_column type=&#8221;2_5&#8243; _builder_version=&#8221;4.24.2&#8243; _module_preset=&#8221;default&#8221; global_colors_info=&#8221;{}&#8221;][et_pb_sidebar admin_label=&#8221;Barra lateral&#8221; _builder_version=&#8221;4.24.2&#8243; _module_preset=&#8221;default&#8221; global_colors_info=&#8221;{}&#8221;][\/et_pb_sidebar][\/et_pb_column][\/et_pb_row][\/et_pb_section]\n","protected":false},"excerpt":{"rendered":"<p>Normas y Consejos &nbsp; ALGUNAS CUESTIONES A RECORDAR: HORARIO Y PUNTUALIDAD El horario habitual es de 9 a 14 horas. Los portones de entrada del alumnado se abrir\u00e1n a las 9:00, y se cerrar\u00e1n a los cinco minutos despu\u00e9s de la hora de entrada. Los alumnos\/as&nbsp;acceder\u00e1n solos&nbsp;al centro, evitando el acceso a las aulas por [&hellip;]<\/p>\n","protected":false},"author":19178,"featured_media":0,"parent":0,"menu_order":0,"comment_status":"closed","ping_status":"closed","template":"","meta":{"_et_pb_use_builder":"on","_et_pb_old_content":"","_et_gb_content_width":"","ngg_post_thumbnail":0,"footnotes":"","_mc_calendar":[]},"aioseo_notices":[],"_links":{"self":[{"href":"https:\/\/blogsaverroes.juntadeandalucia.es\/ceipsanjuanalh\/wp-json\/wp\/v2\/pages\/943"}],"collection":[{"href":"https:\/\/blogsaverroes.juntadeandalucia.es\/ceipsanjuanalh\/wp-json\/wp\/v2\/pages"}],"about":[{"href":"https:\/\/blogsaverroes.juntadeandalucia.es\/ceipsanjuanalh\/wp-json\/wp\/v2\/types\/page"}],"author":[{"embeddable":true,"href":"https:\/\/blogsaverroes.juntadeandalucia.es\/ceipsanjuanalh\/wp-json\/wp\/v2\/users\/19178"}],"replies":[{"embeddable":true,"href":"https:\/\/blogsaverroes.juntadeandalucia.es\/ceipsanjuanalh\/wp-json\/wp\/v2\/comments?post=943"}],"version-history":[{"count":9,"href":"https:\/\/blogsaverroes.juntadeandalucia.es\/ceipsanjuanalh\/wp-json\/wp\/v2\/pages\/943\/revisions"}],"predecessor-version":[{"id":1657,"href":"https:\/\/blogsaverroes.juntadeandalucia.es\/ceipsanjuanalh\/wp-json\/wp\/v2\/pages\/943\/revisions\/1657"}],"wp:attachment":[{"href":"https:\/\/blogsaverroes.juntadeandalucia.es\/ceipsanjuanalh\/wp-json\/wp\/v2\/media?parent=943"}],"curies":[{"name":"wp","href":"https:\/\/api.w.org\/{rel}","templated":true}]}}

[et_pb_section fb_built=&#8221;1&#8243; admin_label=&#8221;section&#8221; _builder_version=&#8221;4.16&#8243; global_colors_info=&#8221;{}&#8221;][et_pb_row column_structure=&#8221;3_5,2_5&#8243; admin_label=&#8221;row&#8221; _builder_version=&#8221;4.24.2&#8243; background_size=&#8221;initial&#8221; background_position=&#8221;top_left&#8221; background_repeat=&#8221;repeat&#8221; global_colors_info=&#8221;{}&#8221;][et_pb_column type=&#8221;3_5&#8243; _builder_version=&#8221;4.16&#8243; custom_padding=&#8221;|||&#8221; global_colors_info=&#8221;{}&#8221; custom_padding__hover=&#8221;|||&#8221;][et_pb_text _builder_version=&#8221;4.24.2&#8243; _module_preset=&#8221;default&#8221; hover_enabled=&#8221;0&#8243; global_colors_info=&#8221;{}&#8221; sticky_enabled=&#8221;0&#8243;]
<h1>Normas y Consejos</h1>
<p>&nbsp;</p>
<p style="font-weight: 400;text-align: center"><strong><u>ALGUNAS CUESTIONES A RECORDAR</u>:</strong></p>
<ol>
<li style="font-weight: 400"><strong><u>HORARIO Y PUNTUALIDAD</u></strong></li>
</ol>
<p style="font-weight: 400">El horario habitual es de 9 a 14 horas. Los portones de entrada del alumnado se abrirán a las 9:00, y se cerrarán a los cinco minutos después de la hora de entrada. Los alumnos/as&nbsp;<strong>accederán solos</strong>&nbsp;al centro, evitando el acceso a las aulas por parte de los padres/madres/tutores. Aquellos alumnos y alumnas que&nbsp;<strong>por causa justificada</strong>&nbsp;no hayan podido entrar a su hora, lo podrán hacer a cualquier hora de la jornada escolar, aunque se recomienda que sea en horario de recreo (12:00 h a 12:30h)<strong>.</strong>&nbsp; Para los padres/madres/tutores que habitualmente recogen a sus hijos-as a las 14:00 h, queremos recordarles la necesidad de ser puntuales. Si por alguna causa no los pueden recoger a la hora prevista, deberán llamar por teléfono para tenerlo en cuenta&nbsp;<strong>(951 29 86 79&nbsp; /&nbsp; 697 95 04 23&nbsp; /&nbsp; 671 53 40 43)</strong>&nbsp;y tomar las medidas oportunas, siguiendo las instrucciones de la normativa actual de la administración educativa.</p>
<p style="font-weight: 400">Los&nbsp;<strong><u>días de lluvia</u></strong>&nbsp;se abrirán las puertas unos minutos antes y se organizará de la siguiente forma:</p>
<ul>
<li style="font-weight: 400"><u>Infantil</u>: Los padres/madres/tutores acompañarán a los alumnos/as hasta el porche de infantil (tanto a la entrada como a la salida).</li>
<li style="font-weight: 400"><u>Primaria</u>: Los alumnos/as entrarán solos al centro, pero para salir del centro, saldrán acompañados de los padres/madres/tutores según organización del centro educativo (normalmente los padres entran hasta las aulas de sus hij@s).</li>
</ul>
<p style="font-weight: 400">&nbsp;<strong><u>SE RUEGA NO TAPONEN LA PUERTA DE ENTRADA, SUS HIJOS/AS QUEDAN EN BUENAS MANOS</u></strong></p>
<ol start="2">
<li style="font-weight: 400"><strong> &nbsp; &nbsp;</strong><strong><u>AUSENCIAS</u></strong></li>
</ol>
<p style="font-weight: 400">Se les recuerda la&nbsp;<strong>obligación de justificar</strong>&nbsp;a los tutores&nbsp;<strong>TODAS</strong>&nbsp;las ausencias de sus hijos/as a clase.&nbsp;</p>
<p style="font-weight: 400">En el caso de&nbsp;<strong>enfermedad</strong>, notifíquelo al tutor/a y&nbsp;<strong>no envíe</strong>&nbsp;a clase a su hijo/a hasta que esté totalmente curado.</p>
<p style="font-weight: 400">Si el alumno/a ha de ausentarse durante el periodo lectivo, (salvo que sea avisado desde el centro),&nbsp;<strong>habrá de comunicarlo con anterioridad a su tutor/a,</strong>&nbsp;para que éste prevea con antelación las tareas a realizar. Igualmente la salida se recomienda que sea&nbsp;<strong>a la hora del recreo, (de 12:00h a 12:30h).</strong></p>
<p style="font-weight: 400">Se dará traslado, según normativa, a los Servicios Sociales del Ayuntamiento de forma especial del absentismo escolar, entendiendo éste no solo como las&nbsp;<strong>ausencias injustificadas,</strong>&nbsp;sino también los<strong>&nbsp;retrasos</strong>&nbsp;y/o salidas del centro durante el periodo lectivo, bien de forma continuada o cuando se producen en circunstancias similares.&nbsp;</p>
<ol start="3">
<li style="font-weight: 400"><strong><u>DESCANSO, DESAYUNO Y MATERIALES</u></strong></li>
</ol>
<p style="font-weight: 400">Procure que su hijo/a venga descansado y desayunado de casa, el rendimiento es mayor. A media mañana realizamos un desayuno de alimentación saludable (que debemos respetar), evitando en lo posible chuches, bollería industrial… Asimismo, recuerde&nbsp; comprobar que todos los días acude con el material necesario para sus clases. <strong><u>Procure que no se olvide nada en casa.</u></strong></p>
<ol start="4">
<li style="font-weight: 400"><strong><u>ACCESO AL CENTRO ESCOLAR FUERA DEL HORARIO LECTIVO</u></strong></li>
</ol>
<p style="font-weight: 400">Por el bien y la seguridad de todos/as, se recuerda que está&nbsp;<strong>totalmente prohibido</strong>&nbsp;el acceso a las aulas fuera del horario lectivo, salvo para acudir a las actividades extraescolares y/o aquellas que determine el centro.</p>
<ol start="5">
<li style="font-weight: 400"><strong><u>HORARIO DE ATENCIÓN A&nbsp; PADRES/MADRES/TUTORES.</u></strong></li>
</ol>
<p style="font-weight: 400"><strong><em><u>Secretaría</u></em></strong><strong>: La puerta de secretaría se abrirá una vez cerrada la de los alumnos/as, con el horario que se indica&nbsp; (martes y jueves de 9:15h a 10:30h&nbsp; y&nbsp; de 12:30h a 13:30h). Fuera de este horario, no podremos atenderles.</strong></p>
<p style="font-weight: 400"><strong><em><u>Tutorías</u></em></strong><strong>: Lunes de 16:00h a 17:00h&nbsp;</strong>(con cita previa).</p>
[/et_pb_text][/et_pb_column][et_pb_column type=&#8221;2_5&#8243; _builder_version=&#8221;4.24.2&#8243; _module_preset=&#8221;default&#8221; global_colors_info=&#8221;{}&#8221;][et_pb_sidebar admin_label=&#8221;Barra lateral&#8221; _builder_version=&#8221;4.24.2&#8243; _module_preset=&#8221;default&#8221; global_colors_info=&#8221;{}&#8221;][/et_pb_sidebar][/et_pb_column][/et_pb_row][/et_pb_section]

<p>Normas y Consejos &nbsp; ALGUNAS CUESTIONES A RECORDAR: HORARIO Y PUNTUALIDAD El horario habitual es de 9 a 14 horas. Los portones de entrada del alumnado se abrirán a las 9:00, y se cerrarán a los cinco minutos después de la hora de entrada. Los alumnos/as&nbsp;accederán solos&nbsp;al centro, evitando el acceso a las aulas por [&hellip;]</p>
