{"id":141,"date":"2015-03-17T07:13:24","date_gmt":"2015-03-17T07:13:24","guid":{"rendered":"http:\/\/blogsaverroes.juntadeandalucia.es\/pre\/ceip\/?page_id=141"},"modified":"2026-03-09T08:55:35","modified_gmt":"2026-03-09T08:55:35","slug":"escolarizacion","status":"publish","type":"page","link":"https:\/\/blogsaverroes.juntadeandalucia.es\/ceipsanjuandelacruzbaeza\/escolarizacion\/","title":{"rendered":"Escolarizaci\u00f3n 2026\/2027"},"content":{"rendered":"<h2 style=\"text-align: center\"><span style=\"color: #339966\"><strong>PROCEDIMIENTO DE ADMISI\u00d3N &#8211; ESCOLARIZACI\u00d3N DEL ALUMNADO CURSO 2.026\/ 2.027<\/strong><\/span><\/h2>\n<h2>&nbsp;<\/h2>\n<h2><img fetchpriority=\"high\" decoding=\"async\" class=\"alignnone size-full wp-image-3404\" src=\"https:\/\/blogsaverroes.juntadeandalucia.es\/ceipsanjuandelacruzbaeza\/files\/2026\/03\/cartel-escolarizacion.jpg\" alt=\"\" width=\"755\" height=\"1075\" srcset=\"https:\/\/blogsaverroes.juntadeandalucia.es\/ceipsanjuandelacruzbaeza\/files\/2026\/03\/cartel-escolarizacion.jpg 755w, https:\/\/blogsaverroes.juntadeandalucia.es\/ceipsanjuandelacruzbaeza\/files\/2026\/03\/cartel-escolarizacion-211x300.jpg 211w, https:\/\/blogsaverroes.juntadeandalucia.es\/ceipsanjuandelacruzbaeza\/files\/2026\/03\/cartel-escolarizacion-719x1024.jpg 719w, https:\/\/blogsaverroes.juntadeandalucia.es\/ceipsanjuandelacruzbaeza\/files\/2026\/03\/cartel-escolarizacion-750x1068.jpg 750w\" sizes=\"(max-width: 755px) 100vw, 755px\" \/><\/h2>\n<h2 style=\"text-align: center\"><span style=\"color: #339966\"><strong><u>INFORMACI\u00d3N DEL PROCESO<\/u><\/strong><\/span><\/h2>\n<ul>\n<li>Proceso dirigido a alumnado de Infantil de 3 a\u00f1os y alumnado que desea cambiar de centro.<\/li>\n<li><strong>Tel\u00e9fono: <\/strong><strong>900848000<\/strong><\/li>\n<li><strong><a href=\"http:\/\/www.juntadeandalucia.es\/educacion\/portals\/web\/escolarizacion\/infantil-a-bachillerato\">Portal de escolarizaci\u00f3n de la Consejer\u00eda de Educaci\u00f3n<\/a><\/strong><\/li>\n<\/ul>\n<h2><span style=\"color: #339966\"><strong><u>PLAZO DE PRESENTACI\u00d3N DE SOLICITUDES<\/u><\/strong><\/span><\/h2>\n<ul>\n<li>La <strong>solicitud ser\u00e1 \u00fanica<\/strong> y se presentar\u00e1, en el centro solicitado en primer lugar.<\/li>\n<li>El plazo de escolarizaci\u00f3n para el nuevo alumnado que se quiera incorporar al Centro tanto <strong>de 3 a\u00f1os como alumnado nuevo <\/strong>que quiera cambiarse de centro, va desde el<strong> 1 de marzo al 31 de marzo<\/strong> del presente a\u00f1o 2.025<\/li>\n<\/ul>\n<h2><span style=\"text-decoration: underline;color: #339966\"><strong>NUESTRA OFERTA EDUCATIVA<\/strong><\/span><\/h2>\n<p>&nbsp;<br \/>\n<iframe src=\"https:\/\/www.youtube.com\/embed\/nBoc4bgfTpU\" width=\"560\" height=\"315\" frameborder=\"0\"><\/iframe><br \/>\n&nbsp;<\/p>\n<p>Los <strong>recursos autorizados<\/strong> para la atenci\u00f3n educativa del alumnado son:<\/p>\n<ul>\n<li>Monitora &nbsp;de educaci\u00f3n Infantil.<\/li>\n<li>Monitora de educaci\u00f3n Especial.<\/li>\n<li>Profesorado de Pedagog\u00eda Terap\u00e9utica.<\/li>\n<\/ul>\n<p>Los planes y programas que desarrollamos son<\/p>\n<p>&nbsp;<\/p>\n<p>Los <strong>servicios complementarios autorizados<\/strong> que ofrece el centro son:<\/p>\n<ul>\n<li>Comedor escolar con un total de 59 plazas.<\/li>\n<li>Aula Matinal con un total de 90 plazas.<\/li>\n<li>Actividades Extraescolares.<\/li>\n<li>PROA . (Programa de Refuerzo, Orientaci\u00f3n y Apoyo).<\/li>\n<\/ul>\n<div style=\"width: 750px;\" class=\"wp-video\"><!--[if lt IE 9]><script>document.createElement('video');<\/script><![endif]-->\n<video class=\"wp-video-shortcode\" id=\"video-141-1\" width=\"750\" height=\"1063\" preload=\"metadata\" controls=\"controls\"><source type=\"video\/mp4\" src=\"https:\/\/blogsaverroes.juntadeandalucia.es\/ceipsanjuandelacruzbaeza\/files\/2026\/02\/CEIP-SAN-JUAN-DE-LA-CRUZ-CdA-BAEZA.mp4?_=1\" \/><a href=\"https:\/\/blogsaverroes.juntadeandalucia.es\/ceipsanjuandelacruzbaeza\/files\/2026\/02\/CEIP-SAN-JUAN-DE-LA-CRUZ-CdA-BAEZA.mp4\">https:\/\/blogsaverroes.juntadeandalucia.es\/ceipsanjuandelacruzbaeza\/files\/2026\/02\/CEIP-SAN-JUAN-DE-LA-CRUZ-CdA-BAEZA.mp4<\/a><\/video><\/div>\n<p>&nbsp;<\/p>\n<p>&nbsp;<\/p>\n<p>En nuestro centro desarrollamos las matem\u00e1ticas ABN.<br \/>\n<iframe src=\"https:\/\/www.youtube.com\/embed\/IpoG3yxt-bM\" width=\"560\" height=\"315\" frameborder=\"0\"><\/iframe><br \/>\n&nbsp;<\/p>\n<h2><span style=\"text-decoration: underline;color: #0000ff\">CONOZCA NUESTRAS ESTAD\u00cdSTICAS<\/span><\/h2>\n<p>&nbsp;<br \/>\n<iframe src=\"\/\/www.slideshare.net\/slideshow\/embed_code\/key\/GwavU2AV0RIUOC\" width=\"580\" height=\"430\" frameborder=\"0\" marginwidth=\"0\" marginheight=\"0\" scrolling=\"no\"> <\/iframe><\/p>\n<div style=\"margin-bottom: 5px\"><strong> <a title=\"Analisis del colegio\" href=\"\/\/www.slideshare.net\/secret\/GwavU2AV0RIUOC\" target=\"_blank\" rel=\"noopener noreferrer\">Analisis del colegio<\/a> <\/strong> from <strong><a href=\"https:\/\/www.slideshare.net\/juanjomartinez\" target=\"_blank\" rel=\"noopener noreferrer\">Juan Galan<\/a><\/strong>&nbsp;<\/div>\n<h2><span style=\"color: #0000ff\"><strong><span style=\"text-decoration: underline\">ZONA<\/span><\/strong><\/span><\/h2>\n<p><img decoding=\"async\" class=\"alignnone wp-image-2608\" src=\"http:\/\/blogsaverroes.juntadeandalucia.es\/ceipsanjuandelacruzbaeza\/files\/2015\/03\/mapa.jpg\" alt=\"\" width=\"468\" height=\"328\" srcset=\"https:\/\/blogsaverroes.juntadeandalucia.es\/ceipsanjuandelacruzbaeza\/files\/2015\/03\/mapa.jpg 449w, https:\/\/blogsaverroes.juntadeandalucia.es\/ceipsanjuandelacruzbaeza\/files\/2015\/03\/mapa-300x210.jpg 300w, https:\/\/blogsaverroes.juntadeandalucia.es\/ceipsanjuandelacruzbaeza\/files\/2015\/03\/mapa-24x17.jpg 24w, https:\/\/blogsaverroes.juntadeandalucia.es\/ceipsanjuandelacruzbaeza\/files\/2015\/03\/mapa-36x25.jpg 36w, https:\/\/blogsaverroes.juntadeandalucia.es\/ceipsanjuandelacruzbaeza\/files\/2015\/03\/mapa-48x34.jpg 48w\" sizes=\"(max-width: 468px) 100vw, 468px\" \/><\/p>\n<h2><span style=\"text-decoration: underline;color: #0000ff\">CALLEJERO<\/span><\/h2>\n<p><img decoding=\"async\" class=\"alignnone wp-image-2610\" src=\"http:\/\/blogsaverroes.juntadeandalucia.es\/ceipsanjuandelacruzbaeza\/files\/2015\/03\/viales-1.png\" alt=\"\" width=\"480\" height=\"632\" srcset=\"https:\/\/blogsaverroes.juntadeandalucia.es\/ceipsanjuandelacruzbaeza\/files\/2015\/03\/viales-1.png 449w, https:\/\/blogsaverroes.juntadeandalucia.es\/ceipsanjuandelacruzbaeza\/files\/2015\/03\/viales-1-228x300.png 228w, https:\/\/blogsaverroes.juntadeandalucia.es\/ceipsanjuandelacruzbaeza\/files\/2015\/03\/viales-1-18x24.png 18w, https:\/\/blogsaverroes.juntadeandalucia.es\/ceipsanjuandelacruzbaeza\/files\/2015\/03\/viales-1-27x36.png 27w, https:\/\/blogsaverroes.juntadeandalucia.es\/ceipsanjuandelacruzbaeza\/files\/2015\/03\/viales-1-36x48.png 36w\" sizes=\"(max-width: 480px) 100vw, 480px\" \/>&nbsp;&nbsp;<img loading=\"lazy\" decoding=\"async\" class=\"alignnone wp-image-2611\" src=\"http:\/\/blogsaverroes.juntadeandalucia.es\/ceipsanjuandelacruzbaeza\/files\/2015\/03\/viales-2.png\" alt=\"\" width=\"465\" height=\"640\" srcset=\"https:\/\/blogsaverroes.juntadeandalucia.es\/ceipsanjuandelacruzbaeza\/files\/2015\/03\/viales-2.png 449w, https:\/\/blogsaverroes.juntadeandalucia.es\/ceipsanjuandelacruzbaeza\/files\/2015\/03\/viales-2-218x300.png 218w, https:\/\/blogsaverroes.juntadeandalucia.es\/ceipsanjuandelacruzbaeza\/files\/2015\/03\/viales-2-17x24.png 17w, https:\/\/blogsaverroes.juntadeandalucia.es\/ceipsanjuandelacruzbaeza\/files\/2015\/03\/viales-2-26x36.png 26w, https:\/\/blogsaverroes.juntadeandalucia.es\/ceipsanjuandelacruzbaeza\/files\/2015\/03\/viales-2-35x48.png 35w\" sizes=\"(max-width: 465px) 100vw, 465px\" \/><img loading=\"lazy\" decoding=\"async\" class=\"alignnone wp-image-2609\" src=\"http:\/\/blogsaverroes.juntadeandalucia.es\/ceipsanjuandelacruzbaeza\/files\/2015\/03\/viales-3.jpg\" alt=\"\" width=\"475\" height=\"663\" srcset=\"https:\/\/blogsaverroes.juntadeandalucia.es\/ceipsanjuandelacruzbaeza\/files\/2015\/03\/viales-3.jpg 449w, https:\/\/blogsaverroes.juntadeandalucia.es\/ceipsanjuandelacruzbaeza\/files\/2015\/03\/viales-3-215x300.jpg 215w, https:\/\/blogsaverroes.juntadeandalucia.es\/ceipsanjuandelacruzbaeza\/files\/2015\/03\/viales-3-17x24.jpg 17w, https:\/\/blogsaverroes.juntadeandalucia.es\/ceipsanjuandelacruzbaeza\/files\/2015\/03\/viales-3-26x36.jpg 26w, https:\/\/blogsaverroes.juntadeandalucia.es\/ceipsanjuandelacruzbaeza\/files\/2015\/03\/viales-3-34x48.jpg 34w\" sizes=\"(max-width: 475px) 100vw, 475px\" \/><\/p>\n","protected":false},"excerpt":{"rendered":"<p>PROCEDIMIENTO DE ADMISI\u00d3N &#8211; ESCOLARIZACI\u00d3N DEL ALUMNADO CURSO 2.026\/ 2.027 &nbsp; INFORMACI\u00d3N DEL PROCESO Proceso dirigido a alumnado de Infantil de 3 a\u00f1os y alumnado que desea cambiar de centro. Tel\u00e9fono: 900848000 Portal de escolarizaci\u00f3n de la Consejer\u00eda de Educaci\u00f3n PLAZO DE PRESENTACI\u00d3N DE SOLICITUDES La solicitud ser\u00e1 \u00fanica y se presentar\u00e1, en el centro &hellip; <\/p>\n<p><a class=\"more-link btn\" href=\"https:\/\/blogsaverroes.juntadeandalucia.es\/ceipsanjuandelacruzbaeza\/escolarizacion\/\">Seguir leyendo<\/a><\/p>\n","protected":false},"author":1,"featured_media":0,"parent":0,"menu_order":0,"comment_status":"open","ping_status":"open","template":"","meta":{"ngg_post_thumbnail":0,"footnotes":"","_mc_calendar":[]},"aioseo_notices":[],"_links":{"self":[{"href":"https:\/\/blogsaverroes.juntadeandalucia.es\/ceipsanjuandelacruzbaeza\/wp-json\/wp\/v2\/pages\/141"}],"collection":[{"href":"https:\/\/blogsaverroes.juntadeandalucia.es\/ceipsanjuandelacruzbaeza\/wp-json\/wp\/v2\/pages"}],"about":[{"href":"https:\/\/blogsaverroes.juntadeandalucia.es\/ceipsanjuandelacruzbaeza\/wp-json\/wp\/v2\/types\/page"}],"author":[{"embeddable":true,"href":"https:\/\/blogsaverroes.juntadeandalucia.es\/ceipsanjuandelacruzbaeza\/wp-json\/wp\/v2\/users\/1"}],"replies":[{"embeddable":true,"href":"https:\/\/blogsaverroes.juntadeandalucia.es\/ceipsanjuandelacruzbaeza\/wp-json\/wp\/v2\/comments?post=141"}],"version-history":[{"count":24,"href":"https:\/\/blogsaverroes.juntadeandalucia.es\/ceipsanjuandelacruzbaeza\/wp-json\/wp\/v2\/pages\/141\/revisions"}],"predecessor-version":[{"id":3408,"href":"https:\/\/blogsaverroes.juntadeandalucia.es\/ceipsanjuandelacruzbaeza\/wp-json\/wp\/v2\/pages\/141\/revisions\/3408"}],"wp:attachment":[{"href":"https:\/\/blogsaverroes.juntadeandalucia.es\/ceipsanjuandelacruzbaeza\/wp-json\/wp\/v2\/media?parent=141"}],"curies":[{"name":"wp","href":"https:\/\/api.w.org\/{rel}","templated":true}]}}