{"id":2296,"date":"2016-11-23T22:11:51","date_gmt":"2016-11-23T22:11:51","guid":{"rendered":"http:\/\/blogsaverroes.juntadeandalucia.es\/ceipsanjuandelacruzbaeza\/?page_id=2296"},"modified":"2016-11-27T18:00:07","modified_gmt":"2016-11-27T18:00:07","slug":"comunidad-de-aprendizaje","status":"publish","type":"page","link":"https:\/\/blogsaverroes.juntadeandalucia.es\/ceipsanjuandelacruzbaeza\/comunidad-de-aprendizaje\/","title":{"rendered":"\u00bf Qu\u00e9 son ?"},"content":{"rendered":"<h3>Comunidades de aprendizaje<\/h3>\n<p style=\"text-align: justify\"><img decoding=\"async\" class=\"alignnone size-full wp-image-2325 aligncenter\" src=\"http:\/\/blogsaverroes.juntadeandalucia.es\/ceipsanjuandelacruzbaeza\/files\/2016\/11\/sue\u00f1os-e1480158661308.png\" alt=\"sue\u00f1os\" width=\"193\" height=\"156\" \/>Una \u201cComunidad de Aprendizaje\u201d es un proyecto de transformaci\u00f3n social y cultural de un centro educativo y de su entorno, encaminado a la mejora de los resultados escolares y de la convivencia, y a lograr el \u00e9xito educativo de todo su alumnado.<\/p>\n<p style=\"text-align: justify\">El rasgo distintivo de una \u201cComunidad de Aprendizaje\u201d es ser un centro abierto a todos los miembros de la Comunidad Educativa en el que se contempla e integra, dentro de la jornada escolar, la participaci\u00f3n consensuada y activa de las familias, asociaciones y voluntariado.<\/p>\n<p style=\"text-align: justify\">En nuestra Comunidad de Aprendizaje se llevan a cabo aquellas <u>actuaciones educativas de \u00e9xito <\/u>que la Comunidad Cient\u00edfica Internacional ha demostrado que contribuyen a mejorar el aprendizaje de los alumnos y alumnas y la mejora de la convivencia en el centro educativo. Estas actuaciones educativas son:<\/p>\n<p style=\"text-align: justify\">&#8211; Grupos Interactivos<br \/>\n&#8211; Tertulias dial\u00f3gicas<\/p>\n<p style=\"text-align: justify\">&#8211; Apadrinamiento lector<br \/>\n&#8211; Comisiones mixtas<br \/>\n&#8211; Biblioteca tutorizada<br \/>\n&#8211; Convivencia dial\u00f3gica (prevenci\u00f3n y resoluci\u00f3n de conflictos)<\/p>\n","protected":false},"excerpt":{"rendered":"<p>Comunidades de aprendizaje Una \u201cComunidad de Aprendizaje\u201d es un proyecto de transformaci\u00f3n social y cultural de un centro educativo y de su entorno, encaminado a la mejora de los resultados escolares y de la convivencia, y a lograr el \u00e9xito educativo de todo su alumnado. El rasgo distintivo de una \u201cComunidad de Aprendizaje\u201d es ser &hellip; <\/p>\n<p><a class=\"more-link btn\" href=\"https:\/\/blogsaverroes.juntadeandalucia.es\/ceipsanjuandelacruzbaeza\/comunidad-de-aprendizaje\/\">Seguir leyendo<\/a><\/p>\n","protected":false},"author":2198,"featured_media":0,"parent":0,"menu_order":0,"comment_status":"open","ping_status":"open","template":"","meta":{"ngg_post_thumbnail":0,"footnotes":"","_mc_calendar":[]},"aioseo_notices":[],"_links":{"self":[{"href":"https:\/\/blogsaverroes.juntadeandalucia.es\/ceipsanjuandelacruzbaeza\/wp-json\/wp\/v2\/pages\/2296"}],"collection":[{"href":"https:\/\/blogsaverroes.juntadeandalucia.es\/ceipsanjuandelacruzbaeza\/wp-json\/wp\/v2\/pages"}],"about":[{"href":"https:\/\/blogsaverroes.juntadeandalucia.es\/ceipsanjuandelacruzbaeza\/wp-json\/wp\/v2\/types\/page"}],"author":[{"embeddable":true,"href":"https:\/\/blogsaverroes.juntadeandalucia.es\/ceipsanjuandelacruzbaeza\/wp-json\/wp\/v2\/users\/2198"}],"replies":[{"embeddable":true,"href":"https:\/\/blogsaverroes.juntadeandalucia.es\/ceipsanjuandelacruzbaeza\/wp-json\/wp\/v2\/comments?post=2296"}],"version-history":[{"count":5,"href":"https:\/\/blogsaverroes.juntadeandalucia.es\/ceipsanjuandelacruzbaeza\/wp-json\/wp\/v2\/pages\/2296\/revisions"}],"predecessor-version":[{"id":2371,"href":"https:\/\/blogsaverroes.juntadeandalucia.es\/ceipsanjuandelacruzbaeza\/wp-json\/wp\/v2\/pages\/2296\/revisions\/2371"}],"wp:attachment":[{"href":"https:\/\/blogsaverroes.juntadeandalucia.es\/ceipsanjuandelacruzbaeza\/wp-json\/wp\/v2\/media?parent=2296"}],"curies":[{"name":"wp","href":"https:\/\/api.w.org\/{rel}","templated":true}]}}