{"id":2788,"date":"2020-04-22T11:26:31","date_gmt":"2020-04-22T11:26:31","guid":{"rendered":"https:\/\/blogsaverroes.juntadeandalucia.es\/ceipsanjuandelacruzbaeza\/?page_id=2788"},"modified":"2020-04-22T11:26:31","modified_gmt":"2020-04-22T11:26:31","slug":"historia","status":"publish","type":"page","link":"https:\/\/blogsaverroes.juntadeandalucia.es\/ceipsanjuandelacruzbaeza\/historia\/","title":{"rendered":"Historia"},"content":{"rendered":"<h2 style=\"text-align: center\"><span style=\"color: #000080\"><strong>Historia<\/strong><\/span><\/h2>\n<p>Reci\u00e9n comenzado el segundo cuarto del siglo XX, Baeza, que contaba con una poblaci\u00f3n de hecho de algo m\u00e1s de 15.900 habitantes, ten\u00eda unas escuelas, pocas y diseminadas, que no reun\u00edan las condiciones id\u00f3neas para llevar a cabo una ense\u00f1anza de calidad, por lo que se hac\u00eda preciso buscar la forma de construir un edificio con capacidad para albergar a la poblaci\u00f3n escolar de aquellos momentos y con posibilidades para posteriores ampliaciones, que, adem\u00e1s, estuviera en un sitio salubre y lo suficientemente amplio como para crear un jard\u00edn a su alrededor.<\/p>\n<p><img decoding=\"async\" class=\"wp-image-2292 size-full aligncenter\" src=\"https:\/\/blogsaverroes.juntadeandalucia.es\/ceipsanjuandelacruzbaeza\/files\/2015\/03\/foto-antigua-de-colegio.jpg\" alt=\"\" width=\"254\" height=\"156\"><\/p>\n<p>El 29 de abril de 1933, previa notificaci\u00f3n del arquitecto encargado de la confecci\u00f3n del proyecto y de la direcci\u00f3n de la obra, D. Guillermo Diaz Flores, el Ayuntamiento recibi\u00f3 el edificio, siendo Alcalde de la ciudad D. Manuel Acero Montoro.<\/p>\n<p>Fue el 17 de noviembre de 1934 cuando el Grupo Escolar recibi\u00f3 su primer nombre. A propuesta de D. Pedro Ponce Puche, Presidente de la Comisi\u00f3n Gestora que en aquellos momentos regla los destinos de nuestro pueblo, pas\u00f3 a denominarse \u00abBaeza\u00bb.<\/p>\n<p>Finalmente, el 23 de febrero de 1935 fue cuando, por el Ministerio, se procedi\u00f3 a la creaci\u00f3n definitiva del Grupo Escolar, creaci\u00f3n publicada en la Gaceta del 5 de marzo. El grupo estaba dotado con doce secciones, seis de varones y seis de hembras, de las cuales, tres de cada sexo eran escuelas unitarias ya existentes en la ciudad.<\/p>\n<p>El primer director del Grupo Escolar \u00abBaeza\u00bb fue D. Pedro Cabrera.<\/p>\n<p>Por acuerdo Municipal de 19 de febrero de 1940, el centro pas\u00f3 a llamarse Grupo Escolar \u00abJos\u00e9 Antonio Primo de Rivera\u00bb.<\/p>\n<p>Posteriormente, con la llegada de la democracia, el Ayuntamiento acord\u00f3 cambiar el nombre del centro, que, desde aquel momento, se denomin\u00f3 \u00abSan Juan de la Cruz\u00bb.<\/p>\n","protected":false},"excerpt":{"rendered":"<p>Historia Reci\u00e9n comenzado el segundo cuarto del siglo XX, Baeza, que contaba con una poblaci\u00f3n de hecho de algo m\u00e1s de 15.900 habitantes, ten\u00eda unas escuelas, pocas y diseminadas, que no reun\u00edan las condiciones id\u00f3neas para llevar a cabo una ense\u00f1anza de calidad, por lo que se hac\u00eda preciso buscar la forma de construir un &hellip; <\/p>\n<p><a class=\"more-link btn\" href=\"https:\/\/blogsaverroes.juntadeandalucia.es\/ceipsanjuandelacruzbaeza\/historia\/\">Seguir leyendo<\/a><\/p>\n","protected":false},"author":2198,"featured_media":0,"parent":0,"menu_order":0,"comment_status":"closed","ping_status":"closed","template":"","meta":{"ngg_post_thumbnail":0,"footnotes":"","_mc_calendar":[]},"aioseo_notices":[],"_links":{"self":[{"href":"https:\/\/blogsaverroes.juntadeandalucia.es\/ceipsanjuandelacruzbaeza\/wp-json\/wp\/v2\/pages\/2788"}],"collection":[{"href":"https:\/\/blogsaverroes.juntadeandalucia.es\/ceipsanjuandelacruzbaeza\/wp-json\/wp\/v2\/pages"}],"about":[{"href":"https:\/\/blogsaverroes.juntadeandalucia.es\/ceipsanjuandelacruzbaeza\/wp-json\/wp\/v2\/types\/page"}],"author":[{"embeddable":true,"href":"https:\/\/blogsaverroes.juntadeandalucia.es\/ceipsanjuandelacruzbaeza\/wp-json\/wp\/v2\/users\/2198"}],"replies":[{"embeddable":true,"href":"https:\/\/blogsaverroes.juntadeandalucia.es\/ceipsanjuandelacruzbaeza\/wp-json\/wp\/v2\/comments?post=2788"}],"version-history":[{"count":2,"href":"https:\/\/blogsaverroes.juntadeandalucia.es\/ceipsanjuandelacruzbaeza\/wp-json\/wp\/v2\/pages\/2788\/revisions"}],"predecessor-version":[{"id":2790,"href":"https:\/\/blogsaverroes.juntadeandalucia.es\/ceipsanjuandelacruzbaeza\/wp-json\/wp\/v2\/pages\/2788\/revisions\/2790"}],"wp:attachment":[{"href":"https:\/\/blogsaverroes.juntadeandalucia.es\/ceipsanjuandelacruzbaeza\/wp-json\/wp\/v2\/media?parent=2788"}],"curies":[{"name":"wp","href":"https:\/\/api.w.org\/{rel}","templated":true}]}}

<h2 style="text-align: center"><span style="color: #000080"><strong>Historia</strong></span></h2>
<p>Recién comenzado el segundo cuarto del siglo XX, Baeza, que contaba con una población de hecho de algo más de 15.900 habitantes, tenía unas escuelas, pocas y diseminadas, que no reunían las condiciones idóneas para llevar a cabo una enseñanza de calidad, por lo que se hacía preciso buscar la forma de construir un edificio con capacidad para albergar a la población escolar de aquellos momentos y con posibilidades para posteriores ampliaciones, que, además, estuviera en un sitio salubre y lo suficientemente amplio como para crear un jardín a su alrededor.</p>
<p><img decoding="async" class="wp-image-2292 size-full aligncenter" src="https://blogsaverroes.juntadeandalucia.es/ceipsanjuandelacruzbaeza/files/2015/03/foto-antigua-de-colegio.jpg" alt="" width="254" height="156"></p>
<p>El 29 de abril de 1933, previa notificación del arquitecto encargado de la confección del proyecto y de la dirección de la obra, D. Guillermo Diaz Flores, el Ayuntamiento recibió el edificio, siendo Alcalde de la ciudad D. Manuel Acero Montoro.</p>
<p>Fue el 17 de noviembre de 1934 cuando el Grupo Escolar recibió su primer nombre. A propuesta de D. Pedro Ponce Puche, Presidente de la Comisión Gestora que en aquellos momentos regla los destinos de nuestro pueblo, pasó a denominarse «Baeza».</p>
<p>Finalmente, el 23 de febrero de 1935 fue cuando, por el Ministerio, se procedió a la creación definitiva del Grupo Escolar, creación publicada en la Gaceta del 5 de marzo. El grupo estaba dotado con doce secciones, seis de varones y seis de hembras, de las cuales, tres de cada sexo eran escuelas unitarias ya existentes en la ciudad.</p>
<p>El primer director del Grupo Escolar «Baeza» fue D. Pedro Cabrera.</p>
<p>Por acuerdo Municipal de 19 de febrero de 1940, el centro pasó a llamarse Grupo Escolar «José Antonio Primo de Rivera».</p>
<p>Posteriormente, con la llegada de la democracia, el Ayuntamiento acordó cambiar el nombre del centro, que, desde aquel momento, se denominó «San Juan de la Cruz».</p>

<p>Historia Recién comenzado el segundo cuarto del siglo XX, Baeza, que contaba con una población de hecho de algo más de 15.900 habitantes, tenía unas escuelas, pocas y diseminadas, que no reunían las condiciones idóneas para llevar a cabo una enseñanza de calidad, por lo que se hacía preciso buscar la forma de construir un &hellip; </p>
<p><a class="more-link btn" href="https://blogsaverroes.juntadeandalucia.es/ceipsanjuandelacruzbaeza/historia/">Seguir leyendo</a></p>
