{"id":3177,"date":"2023-02-03T07:21:12","date_gmt":"2023-02-03T07:21:12","guid":{"rendered":"https:\/\/blogsaverroes.juntadeandalucia.es\/ceipsanjuandelacruzbaeza\/?page_id=3177"},"modified":"2023-02-03T07:21:12","modified_gmt":"2023-02-03T07:21:12","slug":"mision","status":"publish","type":"page","link":"https:\/\/blogsaverroes.juntadeandalucia.es\/ceipsanjuandelacruzbaeza\/mision\/","title":{"rendered":"MISI\u00d3N"},"content":{"rendered":"<p>&nbsp;<\/p>\n<p><span style=\"font-weight: 400\">&nbsp;&nbsp;&nbsp;&nbsp;&nbsp;&nbsp;&nbsp;&nbsp;&nbsp;<\/span><span style=\"font-weight: 400\">Tras una reflexi\u00f3n profunda para dar respuesta a preguntas como: \u00bfcu\u00e1l es nuestra misi\u00f3n? \u00bfpor qu\u00e9 estamos aqu\u00ed? o \u00bfpor qu\u00e9 y para qu\u00e9 hacemos las cosas? nuestro claustro se decanta por tener como prioridad, en nuestra misi\u00f3n como centro,&nbsp; estos cuatro ejes:<\/span><\/p>\n<ul>\n<li style=\"font-weight: 400\"><span style=\"font-weight: 400\">Metodolog\u00edas innovadoras. Apostamos por introducir en ambas etapas, infantil y primaria, nuevas metodolog\u00edas de ense\u00f1anza con el fin de que el alumnado pueda trabajar y aprovechar mejor&nbsp; la informaci\u00f3n recibida, cambiando los entornos educativos e impulsando mejores resultados acad\u00e9micos y personales de los alumnos. Ya nuestra din\u00e1mica como centro Comunidad de Aprendizaje hace una apuesta por ello, poniendo en marcha ya pr\u00e1cticas educativas que est\u00e1n demostradas que aseguran el \u00e9xito educativo del alumnado, como pueden ser los grupos interactivos, las tertulias dial\u00f3gicas, etc.<\/span><\/li>\n<li style=\"font-weight: 400\"><span style=\"font-weight: 400\">Inclusi\u00f3n. Estamos convencidos de que el cambio en los centros escolares se transforma en una mejora inclusiva cuando est\u00e1 basado en valores inclusivos. Relacionar nuestras acciones con esos valores consideramos que debe ser tambi\u00e9n nuestra principal misi\u00f3n, siendo este el paso m\u00e1s pr\u00e1ctico para la mejora del centro. Reducir la exclusi\u00f3n, la discriminaci\u00f3n y las barreras para el aprendizaje y la participacion de todo nuestro alumnado debe ser prioritario.<\/span><\/li>\n<li style=\"font-weight: 400\"><span style=\"font-weight: 400\">Educaci\u00f3n emocional. Considerando que el manejo de las emociones juega un papel fundamental en el proceso de aprendizaje, no dudamos en marcarnos como eje tambi\u00e9n el potenciar el conocimiento de las emociones y permitir as\u00ed que el aprendizaje sea m\u00e1s efectivo y que nuestro alumnado est\u00e9 m\u00e1s capacitado para afrontar mejor los retos que se les plantean en la vida cotidiana, aumentando as\u00ed su bienestar personal y social.<\/span><\/li>\n<li style=\"font-weight: 400\"><span style=\"font-weight: 400\">Ecoescuela y promotora de salud. Nuestro centro educativo es Ecoescuela, galardonado con la \u201cBandera Verde\u201d, y por lo tanto ya tenemos integrada la sostenibilidad en nuestro modelo pedag\u00f3gico y de gesti\u00f3n. Luchar por el cambio clim\u00e1tico desde nuestro centro y seguir promoviendo la salud como lo hacemos a trav\u00e9s de otros planes y proyectos, queremos que siga siendo nuestra prioridad. Queremos apostar porque nuestro centro se siga identificando como modelo de calidad educativa por su coherencia ambiental.<\/span><\/li>\n<\/ul>\n","protected":false},"excerpt":{"rendered":"<p>&nbsp; &nbsp;&nbsp;&nbsp;&nbsp;&nbsp;&nbsp;&nbsp;&nbsp;&nbsp;Tras una reflexi\u00f3n profunda para dar respuesta a preguntas como: \u00bfcu\u00e1l es nuestra misi\u00f3n? \u00bfpor qu\u00e9 estamos aqu\u00ed? o \u00bfpor qu\u00e9 y para qu\u00e9 hacemos las cosas? nuestro claustro se decanta por tener como prioridad, en nuestra misi\u00f3n como centro,&nbsp; estos cuatro ejes: Metodolog\u00edas innovadoras. Apostamos por introducir en ambas etapas, infantil y primaria, &hellip; <\/p>\n<p><a class=\"more-link btn\" href=\"https:\/\/blogsaverroes.juntadeandalucia.es\/ceipsanjuandelacruzbaeza\/mision\/\">Seguir leyendo<\/a><\/p>\n","protected":false},"author":2198,"featured_media":0,"parent":0,"menu_order":0,"comment_status":"closed","ping_status":"closed","template":"","meta":{"ngg_post_thumbnail":0,"footnotes":"","_mc_calendar":[]},"aioseo_notices":[],"_links":{"self":[{"href":"https:\/\/blogsaverroes.juntadeandalucia.es\/ceipsanjuandelacruzbaeza\/wp-json\/wp\/v2\/pages\/3177"}],"collection":[{"href":"https:\/\/blogsaverroes.juntadeandalucia.es\/ceipsanjuandelacruzbaeza\/wp-json\/wp\/v2\/pages"}],"about":[{"href":"https:\/\/blogsaverroes.juntadeandalucia.es\/ceipsanjuandelacruzbaeza\/wp-json\/wp\/v2\/types\/page"}],"author":[{"embeddable":true,"href":"https:\/\/blogsaverroes.juntadeandalucia.es\/ceipsanjuandelacruzbaeza\/wp-json\/wp\/v2\/users\/2198"}],"replies":[{"embeddable":true,"href":"https:\/\/blogsaverroes.juntadeandalucia.es\/ceipsanjuandelacruzbaeza\/wp-json\/wp\/v2\/comments?post=3177"}],"version-history":[{"count":1,"href":"https:\/\/blogsaverroes.juntadeandalucia.es\/ceipsanjuandelacruzbaeza\/wp-json\/wp\/v2\/pages\/3177\/revisions"}],"predecessor-version":[{"id":3178,"href":"https:\/\/blogsaverroes.juntadeandalucia.es\/ceipsanjuandelacruzbaeza\/wp-json\/wp\/v2\/pages\/3177\/revisions\/3178"}],"wp:attachment":[{"href":"https:\/\/blogsaverroes.juntadeandalucia.es\/ceipsanjuandelacruzbaeza\/wp-json\/wp\/v2\/media?parent=3177"}],"curies":[{"name":"wp","href":"https:\/\/api.w.org\/{rel}","templated":true}]}}