{"id":3179,"date":"2023-02-03T07:21:51","date_gmt":"2023-02-03T07:21:51","guid":{"rendered":"https:\/\/blogsaverroes.juntadeandalucia.es\/ceipsanjuandelacruzbaeza\/?page_id=3179"},"modified":"2023-02-03T07:21:51","modified_gmt":"2023-02-03T07:21:51","slug":"vision","status":"publish","type":"page","link":"https:\/\/blogsaverroes.juntadeandalucia.es\/ceipsanjuandelacruzbaeza\/vision\/","title":{"rendered":"VISI\u00d3N"},"content":{"rendered":"<p><span style=\"font-weight: 400\">&nbsp;<\/span><span style=\"font-weight: 400\">Nuestra visi\u00f3n a corto o medio plazo es que nuestro centro se libere de ese \u201cdesprestigio\u201d que tiene del entorno y que viene arrastrando desde hace a\u00f1os y que se le d\u00e9 el valor real de todo lo que puede aportar como centro. Nos atrevemos a \u201cso\u00f1ar a lo grande\u201d y queremos un centro donde todos los colectivos implicados, profesorado, alumnado, familias, personal de administraci\u00f3n\u2026, se sientan felices, respetados y escuchados; un lugar donde nuestro alumnado se sienta seguro y acompa\u00f1ado y con expectativas positivas sobre s\u00ed mismo. Tenemos la visi\u00f3n de un centro transformado interior y exteriormente, adaptado a las necesidades de nuestros alumnos ID; un centro equipado de medios tecnol\u00f3gicos, did\u00e1cticos y personales suficientes para llevar una ense\u00f1anza de calidad y que asegure el \u00e9xito educativo de todo el alumnado. Un centro que pueda ofrecer un aprendizaje inclusivo real, que apueste y ponga en marcha metodolog\u00edas innovadoras y que tanto adultos como peque\u00f1os estemos capacitados emocionalmente para ofrecer lo mejor de nosotros y poder sacar as\u00ed, tanto unos como otros, todo nuestro potencial. Un centro abierto a la sociedad, a la participaci\u00f3n activa de las familias, as\u00ed como un centro comprometido con el medio ambiente.<\/span><\/p>\n<p><span style=\"font-weight: 400\">Esta es nuestra aspiraci\u00f3n, nuestro deseo.<\/span><\/p>\n","protected":false},"excerpt":{"rendered":"<p>&nbsp;Nuestra visi\u00f3n a corto o medio plazo es que nuestro centro se libere de ese \u201cdesprestigio\u201d que tiene del entorno y que viene arrastrando desde hace a\u00f1os y que se le d\u00e9 el valor real de todo lo que puede aportar como centro. Nos atrevemos a \u201cso\u00f1ar a lo grande\u201d y queremos un centro donde &hellip; <\/p>\n<p><a class=\"more-link btn\" href=\"https:\/\/blogsaverroes.juntadeandalucia.es\/ceipsanjuandelacruzbaeza\/vision\/\">Seguir leyendo<\/a><\/p>\n","protected":false},"author":2198,"featured_media":0,"parent":0,"menu_order":0,"comment_status":"closed","ping_status":"closed","template":"","meta":{"ngg_post_thumbnail":0,"footnotes":"","_mc_calendar":[]},"aioseo_notices":[],"_links":{"self":[{"href":"https:\/\/blogsaverroes.juntadeandalucia.es\/ceipsanjuandelacruzbaeza\/wp-json\/wp\/v2\/pages\/3179"}],"collection":[{"href":"https:\/\/blogsaverroes.juntadeandalucia.es\/ceipsanjuandelacruzbaeza\/wp-json\/wp\/v2\/pages"}],"about":[{"href":"https:\/\/blogsaverroes.juntadeandalucia.es\/ceipsanjuandelacruzbaeza\/wp-json\/wp\/v2\/types\/page"}],"author":[{"embeddable":true,"href":"https:\/\/blogsaverroes.juntadeandalucia.es\/ceipsanjuandelacruzbaeza\/wp-json\/wp\/v2\/users\/2198"}],"replies":[{"embeddable":true,"href":"https:\/\/blogsaverroes.juntadeandalucia.es\/ceipsanjuandelacruzbaeza\/wp-json\/wp\/v2\/comments?post=3179"}],"version-history":[{"count":1,"href":"https:\/\/blogsaverroes.juntadeandalucia.es\/ceipsanjuandelacruzbaeza\/wp-json\/wp\/v2\/pages\/3179\/revisions"}],"predecessor-version":[{"id":3180,"href":"https:\/\/blogsaverroes.juntadeandalucia.es\/ceipsanjuandelacruzbaeza\/wp-json\/wp\/v2\/pages\/3179\/revisions\/3180"}],"wp:attachment":[{"href":"https:\/\/blogsaverroes.juntadeandalucia.es\/ceipsanjuandelacruzbaeza\/wp-json\/wp\/v2\/media?parent=3179"}],"curies":[{"name":"wp","href":"https:\/\/api.w.org\/{rel}","templated":true}]}}

VISIÓN

<p><span style="font-weight: 400">&nbsp;</span><span style="font-weight: 400">Nuestra visión a corto o medio plazo es que nuestro centro se libere de ese “desprestigio” que tiene del entorno y que viene arrastrando desde hace años y que se le dé el valor real de todo lo que puede aportar como centro. Nos atrevemos a “soñar a lo grande” y queremos un centro donde todos los colectivos implicados, profesorado, alumnado, familias, personal de administración…, se sientan felices, respetados y escuchados; un lugar donde nuestro alumnado se sienta seguro y acompañado y con expectativas positivas sobre sí mismo. Tenemos la visión de un centro transformado interior y exteriormente, adaptado a las necesidades de nuestros alumnos ID; un centro equipado de medios tecnológicos, didácticos y personales suficientes para llevar una enseñanza de calidad y que asegure el éxito educativo de todo el alumnado. Un centro que pueda ofrecer un aprendizaje inclusivo real, que apueste y ponga en marcha metodologías innovadoras y que tanto adultos como pequeños estemos capacitados emocionalmente para ofrecer lo mejor de nosotros y poder sacar así, tanto unos como otros, todo nuestro potencial. Un centro abierto a la sociedad, a la participación activa de las familias, así como un centro comprometido con el medio ambiente.</span></p>
<p><span style="font-weight: 400">Esta es nuestra aspiración, nuestro deseo.</span></p>

<p>&nbsp;Nuestra visión a corto o medio plazo es que nuestro centro se libere de ese “desprestigio” que tiene del entorno y que viene arrastrando desde hace años y que se le dé el valor real de todo lo que puede aportar como centro. Nos atrevemos a “soñar a lo grande” y queremos un centro donde &hellip; </p>
<p><a class="more-link btn" href="https://blogsaverroes.juntadeandalucia.es/ceipsanjuandelacruzbaeza/vision/">Seguir leyendo</a></p>
