{"id":3184,"date":"2023-02-03T07:58:01","date_gmt":"2023-02-03T07:58:01","guid":{"rendered":"https:\/\/blogsaverroes.juntadeandalucia.es\/ceipsanjuandelacruzbaeza\/?page_id=3184"},"modified":"2023-02-03T09:10:36","modified_gmt":"2023-02-03T09:10:36","slug":"inteligencia-emocional","status":"publish","type":"page","link":"https:\/\/blogsaverroes.juntadeandalucia.es\/ceipsanjuandelacruzbaeza\/inteligencia-emocional\/","title":{"rendered":"INTELIGENCIA EMOCIONAL"},"content":{"rendered":"<p>&nbsp;<\/p>\n<p><img fetchpriority=\"high\" decoding=\"async\" class=\"size-full wp-image-3189 aligncenter\" src=\"https:\/\/blogsaverroes.juntadeandalucia.es\/ceipsanjuandelacruzbaeza\/files\/2023\/02\/VEC1-300x240-1.png\" alt=\"\" width=\"300\" height=\"240\"\/><\/p>\n<p style=\"text-align: center\"><span style=\"font-size: 14pt\"><strong><span style=\"color: #0000ff\">VINCULACI\u00d3N EMOCIONAL CONSCIENTE (VEC)<\/span><\/strong><\/span><\/p>\n<div>La <strong>V<\/strong>inculaci\u00f3n <strong>E<\/strong>mocional <strong>C<\/strong>onsciente es el modelo que combina el equilibrio optimo entre la eficacia profesional y la salud personal.<\/div>\n<div>Desde&nbsp;el modelo V.E.C de&nbsp; Vinculaci\u00f3n Emocional Consciente tratamos de proporcionar al profesorado las herramientas necesarias para conseguir un cambio emocional propio, gracias al cual el personal docente podr\u00e1 estar en la emoci\u00f3n pertinente en cada situaci\u00f3n, podr\u00e1 liderar un grupo y ayudar al alumnado a encauzar las distintas emociones que va sintiendo.&nbsp; Lo importante es saber transitar de emociones <strong>T.R.A.M<\/strong>. (tristeza, rabia, asco y miedo) a emociones <strong>C.A.S.A<\/strong>. (curiosidad, admiraci\u00f3n, seguridad, alegr\u00eda).<\/div>\n<div>En C.E.I.P. San Juan de la Cruz&nbsp; queremos un alumnado y unos profesionales emocionalmente flexibles.<\/div>\n<p>A continuaci\u00f3n os proponemos unos v\u00eddeos cortos explicativos con Roberto Aguado, con los que podremos conocer un poco mejor en que consiste la inteligencia emocional desde el modelo VEC.<\/p>\n<p>&nbsp;<\/p>\n<p><iframe src=\"\/\/www.youtube.com\/embed\/lRmPgeymdgc\" width=\"560\" height=\"314\"><\/iframe><\/p>\n<p><iframe src=\"\/\/www.youtube.com\/embed\/OIcgC3WNE9c\" width=\"560\" height=\"314\"><\/iframe><\/p>\n<p><iframe src=\"\/\/www.youtube.com\/embed\/gCNfTrXh-7A\" width=\"560\" height=\"314\"><\/iframe><\/p>\n<p><iframe src=\"\/\/www.youtube.com\/embed\/9DZYETaG6Lo\" width=\"560\" height=\"314\"><\/iframe><\/p>\n<p>&nbsp;<\/p>\n","protected":false},"excerpt":{"rendered":"<p>&nbsp; VINCULACI\u00d3N EMOCIONAL CONSCIENTE (VEC) La Vinculaci\u00f3n Emocional Consciente es el modelo que combina el equilibrio optimo entre la eficacia profesional y la salud personal. Desde&nbsp;el modelo V.E.C de&nbsp; Vinculaci\u00f3n Emocional Consciente tratamos de proporcionar al profesorado las herramientas necesarias para conseguir un cambio emocional propio, gracias al cual el personal docente podr\u00e1 estar en &hellip; <\/p>\n<p><a class=\"more-link btn\" href=\"https:\/\/blogsaverroes.juntadeandalucia.es\/ceipsanjuandelacruzbaeza\/inteligencia-emocional\/\">Seguir leyendo<\/a><\/p>\n","protected":false},"author":2198,"featured_media":0,"parent":0,"menu_order":0,"comment_status":"closed","ping_status":"closed","template":"","meta":{"ngg_post_thumbnail":0,"footnotes":"","_mc_calendar":[]},"aioseo_notices":[],"_links":{"self":[{"href":"https:\/\/blogsaverroes.juntadeandalucia.es\/ceipsanjuandelacruzbaeza\/wp-json\/wp\/v2\/pages\/3184"}],"collection":[{"href":"https:\/\/blogsaverroes.juntadeandalucia.es\/ceipsanjuandelacruzbaeza\/wp-json\/wp\/v2\/pages"}],"about":[{"href":"https:\/\/blogsaverroes.juntadeandalucia.es\/ceipsanjuandelacruzbaeza\/wp-json\/wp\/v2\/types\/page"}],"author":[{"embeddable":true,"href":"https:\/\/blogsaverroes.juntadeandalucia.es\/ceipsanjuandelacruzbaeza\/wp-json\/wp\/v2\/users\/2198"}],"replies":[{"embeddable":true,"href":"https:\/\/blogsaverroes.juntadeandalucia.es\/ceipsanjuandelacruzbaeza\/wp-json\/wp\/v2\/comments?post=3184"}],"version-history":[{"count":5,"href":"https:\/\/blogsaverroes.juntadeandalucia.es\/ceipsanjuandelacruzbaeza\/wp-json\/wp\/v2\/pages\/3184\/revisions"}],"predecessor-version":[{"id":3190,"href":"https:\/\/blogsaverroes.juntadeandalucia.es\/ceipsanjuandelacruzbaeza\/wp-json\/wp\/v2\/pages\/3184\/revisions\/3190"}],"wp:attachment":[{"href":"https:\/\/blogsaverroes.juntadeandalucia.es\/ceipsanjuandelacruzbaeza\/wp-json\/wp\/v2\/media?parent=3184"}],"curies":[{"name":"wp","href":"https:\/\/api.w.org\/{rel}","templated":true}]}}

<p>&nbsp;</p>
<p><img fetchpriority="high" decoding="async" class="size-full wp-image-3189 aligncenter" src="https://blogsaverroes.juntadeandalucia.es/ceipsanjuandelacruzbaeza/files/2023/02/VEC1-300x240-1.png" alt="" width="300" height="240"/></p>
<p style="text-align: center"><span style="font-size: 14pt"><strong><span style="color: #0000ff">VINCULACIÓN EMOCIONAL CONSCIENTE (VEC)</span></strong></span></p>
<div>La <strong>V</strong>inculación <strong>E</strong>mocional <strong>C</strong>onsciente es el modelo que combina el equilibrio optimo entre la eficacia profesional y la salud personal.</div>
<div>Desde&nbsp;el modelo V.E.C de&nbsp; Vinculación Emocional Consciente tratamos de proporcionar al profesorado las herramientas necesarias para conseguir un cambio emocional propio, gracias al cual el personal docente podrá estar en la emoción pertinente en cada situación, podrá liderar un grupo y ayudar al alumnado a encauzar las distintas emociones que va sintiendo.&nbsp; Lo importante es saber transitar de emociones <strong>T.R.A.M</strong>. (tristeza, rabia, asco y miedo) a emociones <strong>C.A.S.A</strong>. (curiosidad, admiración, seguridad, alegría).</div>
<div>En C.E.I.P. San Juan de la Cruz&nbsp; queremos un alumnado y unos profesionales emocionalmente flexibles.</div>
<p>A continuación os proponemos unos vídeos cortos explicativos con Roberto Aguado, con los que podremos conocer un poco mejor en que consiste la inteligencia emocional desde el modelo VEC.</p>
<p>&nbsp;</p>
<p><iframe src="//www.youtube.com/embed/lRmPgeymdgc" width="560" height="314"></iframe></p>
<p><iframe src="//www.youtube.com/embed/OIcgC3WNE9c" width="560" height="314"></iframe></p>
<p><iframe src="//www.youtube.com/embed/gCNfTrXh-7A" width="560" height="314"></iframe></p>
<p><iframe src="//www.youtube.com/embed/9DZYETaG6Lo" width="560" height="314"></iframe></p>
<p>&nbsp;</p>

<p>&nbsp; VINCULACIÓN EMOCIONAL CONSCIENTE (VEC) La Vinculación Emocional Consciente es el modelo que combina el equilibrio optimo entre la eficacia profesional y la salud personal. Desde&nbsp;el modelo V.E.C de&nbsp; Vinculación Emocional Consciente tratamos de proporcionar al profesorado las herramientas necesarias para conseguir un cambio emocional propio, gracias al cual el personal docente podrá estar en &hellip; </p>
<p><a class="more-link btn" href="https://blogsaverroes.juntadeandalucia.es/ceipsanjuandelacruzbaeza/inteligencia-emocional/">Seguir leyendo</a></p>
