{"id":35,"date":"2015-03-13T08:21:43","date_gmt":"2015-03-13T08:21:43","guid":{"rendered":"http:\/\/blogsaverroes.juntadeandalucia.es\/pre\/ceip\/?page_id=35"},"modified":"2026-03-09T09:04:14","modified_gmt":"2026-03-09T09:04:14","slug":"el-centro-2","status":"publish","type":"page","link":"https:\/\/blogsaverroes.juntadeandalucia.es\/ceipsanjuandelacruzbaeza\/el-centro-2\/","title":{"rendered":"Datos del centro"},"content":{"rendered":"<h2><strong>Video Presentaci\u00f3n del colegio<\/strong><\/h2>\n<div class=\"embed-container\"><iframe title=\"CEIP San Juan de la Cruz\" width=\"750\" height=\"422\" src=\"https:\/\/www.youtube.com\/embed\/FAh-0PM2yCg?feature=oembed\" frameborder=\"0\" allow=\"accelerometer; autoplay; clipboard-write; encrypted-media; gyroscope; picture-in-picture; web-share\" referrerpolicy=\"strict-origin-when-cross-origin\" allowfullscreen><\/iframe><\/div>\n<p>&nbsp;<\/p>\n<h2>Datos de contacto<\/h2>\n<p>CEIP \u00abSan Juan de la Cruz\u00bb<\/p>\n<p><strong>Direcci\u00f3n:<\/strong>&nbsp; Avda. Puche Pardo n\u00ba 2 23440, Baeza (Ja\u00e9n)<\/p>\n<p><strong>Tel\u00e9fono \/ FAX:<\/strong><\/p>\n<ul>\n<li><b>Tel\u00e9fono:<\/b>&nbsp;953779515<\/li>\n<li><b>Tel\u00e9fono corp:<\/b>&nbsp;287515<\/li>\n<li><b>Fax:<\/b>&nbsp;953779516<\/li>\n<\/ul>\n<p><strong>Email:<\/strong>23000787.edu@juntadeandalucia.es<\/p>\n<p>El <a href=\"http:\/\/blogsaverroes.juntadeandalucia.es\/ceipsanjuandelacruzbaeza\/aula-matinal\/\">aula matinal<\/a> comienza su horario a las 7:30 h hasta el comienzo de las clases lectivas a las 9 :00h.<\/p>\n<p>El <a href=\"http:\/\/blogsaverroes.juntadeandalucia.es\/ceipsanjuandelacruzbaeza\/comedor-escolar\/\">comedor<\/a> comienza a las 14:00 h &nbsp;y termina a las 16:00h.<\/p>\n<p>El centro tambi\u00e9n oferta numerosas <a href=\"http:\/\/blogsaverroes.juntadeandalucia.es\/ceipsanjuandelacruzbaeza\/actividades-extraescolares\/\">actividades extraescolares<\/a> tanto dentro del Plan de Apoyo a las Familias Andaluzas como organizadas directamente por el <a href=\"http:\/\/blogsaverroes.juntadeandalucia.es\/ceipsanjuandelacruzbaeza\/quienes-formamos-el-ampa\/\">AMPA \u00bb El Albaic\u00edn\u00bb<\/a><\/p>\n<p><strong>Instalaciones<\/strong><\/p>\n<p><img fetchpriority=\"high\" decoding=\"async\" class=\"alignnone size-full wp-image-3372\" src=\"https:\/\/blogsaverroes.juntadeandalucia.es\/ceipsanjuandelacruzbaeza\/files\/2026\/02\/546497200_1247845917361749_573690500313957064_nAAAAA.jpg\" alt=\"\" width=\"500\" height=\"451\" srcset=\"https:\/\/blogsaverroes.juntadeandalucia.es\/ceipsanjuandelacruzbaeza\/files\/2026\/02\/546497200_1247845917361749_573690500313957064_nAAAAA.jpg 500w, https:\/\/blogsaverroes.juntadeandalucia.es\/ceipsanjuandelacruzbaeza\/files\/2026\/02\/546497200_1247845917361749_573690500313957064_nAAAAA-300x271.jpg 300w\" sizes=\"(max-width: 500px) 100vw, 500px\" \/> <img decoding=\"async\" class=\"alignnone size-full wp-image-3409\" src=\"https:\/\/blogsaverroes.juntadeandalucia.es\/ceipsanjuandelacruzbaeza\/files\/2026\/03\/WhatsApp-Image-2026-02-20-at-09.59.11.jpeg\" alt=\"\" width=\"1600\" height=\"1200\" srcset=\"https:\/\/blogsaverroes.juntadeandalucia.es\/ceipsanjuandelacruzbaeza\/files\/2026\/03\/WhatsApp-Image-2026-02-20-at-09.59.11.jpeg 1600w, https:\/\/blogsaverroes.juntadeandalucia.es\/ceipsanjuandelacruzbaeza\/files\/2026\/03\/WhatsApp-Image-2026-02-20-at-09.59.11-300x225.jpeg 300w, https:\/\/blogsaverroes.juntadeandalucia.es\/ceipsanjuandelacruzbaeza\/files\/2026\/03\/WhatsApp-Image-2026-02-20-at-09.59.11-1024x768.jpeg 1024w, https:\/\/blogsaverroes.juntadeandalucia.es\/ceipsanjuandelacruzbaeza\/files\/2026\/03\/WhatsApp-Image-2026-02-20-at-09.59.11-768x576.jpeg 768w, https:\/\/blogsaverroes.juntadeandalucia.es\/ceipsanjuandelacruzbaeza\/files\/2026\/03\/WhatsApp-Image-2026-02-20-at-09.59.11-1536x1152.jpeg 1536w, https:\/\/blogsaverroes.juntadeandalucia.es\/ceipsanjuandelacruzbaeza\/files\/2026\/03\/WhatsApp-Image-2026-02-20-at-09.59.11-750x563.jpeg 750w\" sizes=\"(max-width: 1600px) 100vw, 1600px\" \/> <img decoding=\"async\" class=\"alignnone size-full wp-image-3410\" src=\"https:\/\/blogsaverroes.juntadeandalucia.es\/ceipsanjuandelacruzbaeza\/files\/2026\/03\/Anaranjado-Azul-y-Amarillo-Moderno-Paris-Viajes-Presentacion-1.jpg\" alt=\"\" width=\"1920\" height=\"1080\" srcset=\"https:\/\/blogsaverroes.juntadeandalucia.es\/ceipsanjuandelacruzbaeza\/files\/2026\/03\/Anaranjado-Azul-y-Amarillo-Moderno-Paris-Viajes-Presentacion-1.jpg 1600w, https:\/\/blogsaverroes.juntadeandalucia.es\/ceipsanjuandelacruzbaeza\/files\/2026\/03\/Anaranjado-Azul-y-Amarillo-Moderno-Paris-Viajes-Presentacion-1-300x169.jpg 300w, https:\/\/blogsaverroes.juntadeandalucia.es\/ceipsanjuandelacruzbaeza\/files\/2026\/03\/Anaranjado-Azul-y-Amarillo-Moderno-Paris-Viajes-Presentacion-1-1024x576.jpg 1024w, https:\/\/blogsaverroes.juntadeandalucia.es\/ceipsanjuandelacruzbaeza\/files\/2026\/03\/Anaranjado-Azul-y-Amarillo-Moderno-Paris-Viajes-Presentacion-1-768x432.jpg 768w, https:\/\/blogsaverroes.juntadeandalucia.es\/ceipsanjuandelacruzbaeza\/files\/2026\/03\/Anaranjado-Azul-y-Amarillo-Moderno-Paris-Viajes-Presentacion-1-1536x864.jpg 1536w, https:\/\/blogsaverroes.juntadeandalucia.es\/ceipsanjuandelacruzbaeza\/files\/2026\/03\/Anaranjado-Azul-y-Amarillo-Moderno-Paris-Viajes-Presentacion-1-750x422.jpg 750w\" sizes=\"(max-width: 1920px) 100vw, 1920px\" \/> <img loading=\"lazy\" decoding=\"async\" class=\"alignnone size-full wp-image-3411\" src=\"https:\/\/blogsaverroes.juntadeandalucia.es\/ceipsanjuandelacruzbaeza\/files\/2026\/03\/Imagen-de-WhatsApp-2025-11-03-a-las-18.49.10_0dec4659.jpg\" alt=\"\" width=\"2040\" height=\"1536\" srcset=\"https:\/\/blogsaverroes.juntadeandalucia.es\/ceipsanjuandelacruzbaeza\/files\/2026\/03\/Imagen-de-WhatsApp-2025-11-03-a-las-18.49.10_0dec4659.jpg 1600w, https:\/\/blogsaverroes.juntadeandalucia.es\/ceipsanjuandelacruzbaeza\/files\/2026\/03\/Imagen-de-WhatsApp-2025-11-03-a-las-18.49.10_0dec4659-300x226.jpg 300w, https:\/\/blogsaverroes.juntadeandalucia.es\/ceipsanjuandelacruzbaeza\/files\/2026\/03\/Imagen-de-WhatsApp-2025-11-03-a-las-18.49.10_0dec4659-1024x771.jpg 1024w, https:\/\/blogsaverroes.juntadeandalucia.es\/ceipsanjuandelacruzbaeza\/files\/2026\/03\/Imagen-de-WhatsApp-2025-11-03-a-las-18.49.10_0dec4659-768x578.jpg 768w, https:\/\/blogsaverroes.juntadeandalucia.es\/ceipsanjuandelacruzbaeza\/files\/2026\/03\/Imagen-de-WhatsApp-2025-11-03-a-las-18.49.10_0dec4659-1536x1157.jpg 1536w, https:\/\/blogsaverroes.juntadeandalucia.es\/ceipsanjuandelacruzbaeza\/files\/2026\/03\/Imagen-de-WhatsApp-2025-11-03-a-las-18.49.10_0dec4659-750x565.jpg 750w\" sizes=\"(max-width: 2040px) 100vw, 2040px\" \/> <img loading=\"lazy\" decoding=\"async\" class=\"alignnone size-full wp-image-3412\" src=\"https:\/\/blogsaverroes.juntadeandalucia.es\/ceipsanjuandelacruzbaeza\/files\/2026\/03\/Imagen-de-WhatsApp-2025-11-03-a-las-18.49.11_22763414.jpg\" alt=\"\" width=\"2040\" height=\"1536\" srcset=\"https:\/\/blogsaverroes.juntadeandalucia.es\/ceipsanjuandelacruzbaeza\/files\/2026\/03\/Imagen-de-WhatsApp-2025-11-03-a-las-18.49.11_22763414.jpg 1600w, https:\/\/blogsaverroes.juntadeandalucia.es\/ceipsanjuandelacruzbaeza\/files\/2026\/03\/Imagen-de-WhatsApp-2025-11-03-a-las-18.49.11_22763414-300x226.jpg 300w, https:\/\/blogsaverroes.juntadeandalucia.es\/ceipsanjuandelacruzbaeza\/files\/2026\/03\/Imagen-de-WhatsApp-2025-11-03-a-las-18.49.11_22763414-1024x771.jpg 1024w, https:\/\/blogsaverroes.juntadeandalucia.es\/ceipsanjuandelacruzbaeza\/files\/2026\/03\/Imagen-de-WhatsApp-2025-11-03-a-las-18.49.11_22763414-768x578.jpg 768w, https:\/\/blogsaverroes.juntadeandalucia.es\/ceipsanjuandelacruzbaeza\/files\/2026\/03\/Imagen-de-WhatsApp-2025-11-03-a-las-18.49.11_22763414-1536x1157.jpg 1536w, https:\/\/blogsaverroes.juntadeandalucia.es\/ceipsanjuandelacruzbaeza\/files\/2026\/03\/Imagen-de-WhatsApp-2025-11-03-a-las-18.49.11_22763414-750x565.jpg 750w\" sizes=\"(max-width: 2040px) 100vw, 2040px\" \/> <img loading=\"lazy\" decoding=\"async\" class=\"alignnone size-full wp-image-3413\" src=\"https:\/\/blogsaverroes.juntadeandalucia.es\/ceipsanjuandelacruzbaeza\/files\/2026\/03\/Mr.-Skir.png\" alt=\"\" width=\"719\" height=\"791\" srcset=\"https:\/\/blogsaverroes.juntadeandalucia.es\/ceipsanjuandelacruzbaeza\/files\/2026\/03\/Mr.-Skir.png 719w, https:\/\/blogsaverroes.juntadeandalucia.es\/ceipsanjuandelacruzbaeza\/files\/2026\/03\/Mr.-Skir-273x300.png 273w\" sizes=\"(max-width: 719px) 100vw, 719px\" \/> <img loading=\"lazy\" decoding=\"async\" class=\"alignnone size-full wp-image-3414\" src=\"https:\/\/blogsaverroes.juntadeandalucia.es\/ceipsanjuandelacruzbaeza\/files\/2026\/03\/6-1.jpg\" alt=\"\" width=\"1599\" height=\"899\" srcset=\"https:\/\/blogsaverroes.juntadeandalucia.es\/ceipsanjuandelacruzbaeza\/files\/2026\/03\/6-1.jpg 1599w, https:\/\/blogsaverroes.juntadeandalucia.es\/ceipsanjuandelacruzbaeza\/files\/2026\/03\/6-1-300x169.jpg 300w, https:\/\/blogsaverroes.juntadeandalucia.es\/ceipsanjuandelacruzbaeza\/files\/2026\/03\/6-1-1024x576.jpg 1024w, https:\/\/blogsaverroes.juntadeandalucia.es\/ceipsanjuandelacruzbaeza\/files\/2026\/03\/6-1-768x432.jpg 768w, https:\/\/blogsaverroes.juntadeandalucia.es\/ceipsanjuandelacruzbaeza\/files\/2026\/03\/6-1-1536x864.jpg 1536w, https:\/\/blogsaverroes.juntadeandalucia.es\/ceipsanjuandelacruzbaeza\/files\/2026\/03\/6-1-750x422.jpg 750w\" sizes=\"(max-width: 1599px) 100vw, 1599px\" \/> <img loading=\"lazy\" decoding=\"async\" class=\"alignnone size-full wp-image-3415\" src=\"https:\/\/blogsaverroes.juntadeandalucia.es\/ceipsanjuandelacruzbaeza\/files\/2026\/03\/5-1.jpg\" alt=\"\" width=\"1600\" height=\"1200\" srcset=\"https:\/\/blogsaverroes.juntadeandalucia.es\/ceipsanjuandelacruzbaeza\/files\/2026\/03\/5-1.jpg 1600w, https:\/\/blogsaverroes.juntadeandalucia.es\/ceipsanjuandelacruzbaeza\/files\/2026\/03\/5-1-300x225.jpg 300w, https:\/\/blogsaverroes.juntadeandalucia.es\/ceipsanjuandelacruzbaeza\/files\/2026\/03\/5-1-1024x768.jpg 1024w, https:\/\/blogsaverroes.juntadeandalucia.es\/ceipsanjuandelacruzbaeza\/files\/2026\/03\/5-1-768x576.jpg 768w, https:\/\/blogsaverroes.juntadeandalucia.es\/ceipsanjuandelacruzbaeza\/files\/2026\/03\/5-1-1536x1152.jpg 1536w, https:\/\/blogsaverroes.juntadeandalucia.es\/ceipsanjuandelacruzbaeza\/files\/2026\/03\/5-1-750x563.jpg 750w\" sizes=\"(max-width: 1600px) 100vw, 1600px\" \/> <img loading=\"lazy\" decoding=\"async\" class=\"alignnone size-full wp-image-3416\" src=\"https:\/\/blogsaverroes.juntadeandalucia.es\/ceipsanjuandelacruzbaeza\/files\/2026\/03\/1-1.jpg\" alt=\"\" width=\"1600\" height=\"1200\" srcset=\"https:\/\/blogsaverroes.juntadeandalucia.es\/ceipsanjuandelacruzbaeza\/files\/2026\/03\/1-1.jpg 1600w, https:\/\/blogsaverroes.juntadeandalucia.es\/ceipsanjuandelacruzbaeza\/files\/2026\/03\/1-1-300x225.jpg 300w, https:\/\/blogsaverroes.juntadeandalucia.es\/ceipsanjuandelacruzbaeza\/files\/2026\/03\/1-1-1024x768.jpg 1024w, https:\/\/blogsaverroes.juntadeandalucia.es\/ceipsanjuandelacruzbaeza\/files\/2026\/03\/1-1-768x576.jpg 768w, https:\/\/blogsaverroes.juntadeandalucia.es\/ceipsanjuandelacruzbaeza\/files\/2026\/03\/1-1-1536x1152.jpg 1536w, https:\/\/blogsaverroes.juntadeandalucia.es\/ceipsanjuandelacruzbaeza\/files\/2026\/03\/1-1-750x563.jpg 750w\" sizes=\"(max-width: 1600px) 100vw, 1600px\" \/> <img loading=\"lazy\" decoding=\"async\" class=\"alignnone size-full wp-image-3417\" src=\"https:\/\/blogsaverroes.juntadeandalucia.es\/ceipsanjuandelacruzbaeza\/files\/2026\/03\/488717158_1114196080726734_3708673025504859066_n.jpg\" alt=\"\" width=\"2048\" height=\"1536\" srcset=\"https:\/\/blogsaverroes.juntadeandalucia.es\/ceipsanjuandelacruzbaeza\/files\/2026\/03\/488717158_1114196080726734_3708673025504859066_n.jpg 1600w, https:\/\/blogsaverroes.juntadeandalucia.es\/ceipsanjuandelacruzbaeza\/files\/2026\/03\/488717158_1114196080726734_3708673025504859066_n-300x225.jpg 300w, https:\/\/blogsaverroes.juntadeandalucia.es\/ceipsanjuandelacruzbaeza\/files\/2026\/03\/488717158_1114196080726734_3708673025504859066_n-1024x768.jpg 1024w, https:\/\/blogsaverroes.juntadeandalucia.es\/ceipsanjuandelacruzbaeza\/files\/2026\/03\/488717158_1114196080726734_3708673025504859066_n-768x576.jpg 768w, https:\/\/blogsaverroes.juntadeandalucia.es\/ceipsanjuandelacruzbaeza\/files\/2026\/03\/488717158_1114196080726734_3708673025504859066_n-1536x1152.jpg 1536w, https:\/\/blogsaverroes.juntadeandalucia.es\/ceipsanjuandelacruzbaeza\/files\/2026\/03\/488717158_1114196080726734_3708673025504859066_n-750x563.jpg 750w\" sizes=\"(max-width: 2048px) 100vw, 2048px\" \/> <img loading=\"lazy\" decoding=\"async\" class=\"alignnone size-full wp-image-3418\" src=\"https:\/\/blogsaverroes.juntadeandalucia.es\/ceipsanjuandelacruzbaeza\/files\/2026\/03\/16a.jpg\" alt=\"\" width=\"941\" height=\"709\" srcset=\"https:\/\/blogsaverroes.juntadeandalucia.es\/ceipsanjuandelacruzbaeza\/files\/2026\/03\/16a.jpg 941w, https:\/\/blogsaverroes.juntadeandalucia.es\/ceipsanjuandelacruzbaeza\/files\/2026\/03\/16a-300x226.jpg 300w, https:\/\/blogsaverroes.juntadeandalucia.es\/ceipsanjuandelacruzbaeza\/files\/2026\/03\/16a-768x579.jpg 768w, https:\/\/blogsaverroes.juntadeandalucia.es\/ceipsanjuandelacruzbaeza\/files\/2026\/03\/16a-750x565.jpg 750w\" sizes=\"(max-width: 941px) 100vw, 941px\" \/> <img loading=\"lazy\" decoding=\"async\" class=\"alignnone size-full wp-image-3419\" src=\"https:\/\/blogsaverroes.juntadeandalucia.es\/ceipsanjuandelacruzbaeza\/files\/2026\/03\/16.jpg\" alt=\"\" width=\"1600\" height=\"1204\" srcset=\"https:\/\/blogsaverroes.juntadeandalucia.es\/ceipsanjuandelacruzbaeza\/files\/2026\/03\/16.jpg 1600w, https:\/\/blogsaverroes.juntadeandalucia.es\/ceipsanjuandelacruzbaeza\/files\/2026\/03\/16-300x226.jpg 300w, https:\/\/blogsaverroes.juntadeandalucia.es\/ceipsanjuandelacruzbaeza\/files\/2026\/03\/16-1024x771.jpg 1024w, https:\/\/blogsaverroes.juntadeandalucia.es\/ceipsanjuandelacruzbaeza\/files\/2026\/03\/16-768x578.jpg 768w, https:\/\/blogsaverroes.juntadeandalucia.es\/ceipsanjuandelacruzbaeza\/files\/2026\/03\/16-1536x1156.jpg 1536w, https:\/\/blogsaverroes.juntadeandalucia.es\/ceipsanjuandelacruzbaeza\/files\/2026\/03\/16-750x564.jpg 750w\" sizes=\"(max-width: 1600px) 100vw, 1600px\" \/> <img loading=\"lazy\" decoding=\"async\" class=\"alignnone size-full wp-image-3420\" src=\"https:\/\/blogsaverroes.juntadeandalucia.es\/ceipsanjuandelacruzbaeza\/files\/2026\/03\/12.jpg\" alt=\"\" width=\"2040\" height=\"1148\" srcset=\"https:\/\/blogsaverroes.juntadeandalucia.es\/ceipsanjuandelacruzbaeza\/files\/2026\/03\/12.jpg 1600w, https:\/\/blogsaverroes.juntadeandalucia.es\/ceipsanjuandelacruzbaeza\/files\/2026\/03\/12-300x169.jpg 300w, https:\/\/blogsaverroes.juntadeandalucia.es\/ceipsanjuandelacruzbaeza\/files\/2026\/03\/12-1024x576.jpg 1024w, https:\/\/blogsaverroes.juntadeandalucia.es\/ceipsanjuandelacruzbaeza\/files\/2026\/03\/12-768x432.jpg 768w, https:\/\/blogsaverroes.juntadeandalucia.es\/ceipsanjuandelacruzbaeza\/files\/2026\/03\/12-1536x864.jpg 1536w, https:\/\/blogsaverroes.juntadeandalucia.es\/ceipsanjuandelacruzbaeza\/files\/2026\/03\/12-750x422.jpg 750w\" sizes=\"(max-width: 2040px) 100vw, 2040px\" \/> <img loading=\"lazy\" decoding=\"async\" class=\"alignnone size-full wp-image-3421\" src=\"https:\/\/blogsaverroes.juntadeandalucia.es\/ceipsanjuandelacruzbaeza\/files\/2026\/03\/12.jpeg\" alt=\"\" width=\"1024\" height=\"768\" srcset=\"https:\/\/blogsaverroes.juntadeandalucia.es\/ceipsanjuandelacruzbaeza\/files\/2026\/03\/12.jpeg 1024w, https:\/\/blogsaverroes.juntadeandalucia.es\/ceipsanjuandelacruzbaeza\/files\/2026\/03\/12-300x225.jpeg 300w, https:\/\/blogsaverroes.juntadeandalucia.es\/ceipsanjuandelacruzbaeza\/files\/2026\/03\/12-768x576.jpeg 768w, https:\/\/blogsaverroes.juntadeandalucia.es\/ceipsanjuandelacruzbaeza\/files\/2026\/03\/12-750x563.jpeg 750w\" sizes=\"(max-width: 1024px) 100vw, 1024px\" \/> <img loading=\"lazy\" decoding=\"async\" class=\"alignnone size-full wp-image-3422\" src=\"https:\/\/blogsaverroes.juntadeandalucia.es\/ceipsanjuandelacruzbaeza\/files\/2026\/03\/11.jpg\" alt=\"\" width=\"1536\" height=\"2048\" srcset=\"https:\/\/blogsaverroes.juntadeandalucia.es\/ceipsanjuandelacruzbaeza\/files\/2026\/03\/11.jpg 1200w, https:\/\/blogsaverroes.juntadeandalucia.es\/ceipsanjuandelacruzbaeza\/files\/2026\/03\/11-225x300.jpg 225w, https:\/\/blogsaverroes.juntadeandalucia.es\/ceipsanjuandelacruzbaeza\/files\/2026\/03\/11-768x1024.jpg 768w, https:\/\/blogsaverroes.juntadeandalucia.es\/ceipsanjuandelacruzbaeza\/files\/2026\/03\/11-1152x1536.jpg 1152w, https:\/\/blogsaverroes.juntadeandalucia.es\/ceipsanjuandelacruzbaeza\/files\/2026\/03\/11-750x1000.jpg 750w\" sizes=\"(max-width: 1536px) 100vw, 1536px\" \/><\/p>\n<p><strong>Historia<\/strong><\/p>\n<p style=\"text-align: justify\">Reci\u00e9n comenzado el segundo cuarto del siglo XX, Baeza, que contaba con una poblaci\u00f3n de hecho de algo m\u00e1s de 15.900 habitantes, ten\u00eda unas escuelas, pocas y diseminadas, que no reun\u00edan las condiciones id\u00f3neas para llevar a cabo una ense\u00f1anza de calidad, por lo que se hac\u00eda preciso buscar la forma de construir un edificio con capacidad para albergar a la poblaci\u00f3n escolar de aquellos momentos y con posibilidades para posteriores ampliaciones, que, adem\u00e1s, estuviera en un sitio salubre y lo suficientemente amplio como para crear un jard\u00edn a su alrededor.<\/p>\n<p style=\"text-align: justify\"><img loading=\"lazy\" decoding=\"async\" class=\"aligncenter wp-image-2292\" src=\"https:\/\/blogsaverroes.juntadeandalucia.es\/ceipsanjuandelacruzbaeza\/files\/2015\/03\/foto-antigua-de-colegio.jpg\" alt=\"\" width=\"400\" height=\"246\"\/><\/p>\n<p style=\"text-align: justify\">El 29 de abril de 1933, previa notificaci\u00f3n del arquitecto encargado de la confecci\u00f3n del proyecto y de la direcci\u00f3n de la obra, D. Guillermo Diaz Flores, el Ayuntamiento recibi\u00f3 el edificio, siendo Alcalde de la ciudad D. Manuel Acero Montoro.<\/p>\n<p>&nbsp;<\/p>\n<p style=\"text-align: justify\">Fue el 17 de noviembre de 1934 cuando el Grupo Escolar recibi\u00f3 su primer nombre. A propuesta de D. Pedro Ponce Puche, Presidente de la Comisi\u00f3n Gestora que en aquellos momentos regla los destinos de nuestro pueblo, pas\u00f3 a denominarse \u00abBaeza\u00bb.<\/p>\n<p style=\"text-align: justify\">Finalmente, el 23 de febrero de 1935 fue cuando, por el Ministerio, se procedi\u00f3 a la creaci\u00f3n definitiva del Grupo Escolar, creaci\u00f3n publicada en la Gaceta del 5 de marzo. El grupo estaba dotado con doce secciones, seis de varones y seis de hembras, de las cuales, tres de cada sexo eran escuelas unitarias ya existentes en la ciudad.<\/p>\n<p style=\"text-align: justify\">El primer director del Grupo Escolar \u00abBaeza\u00bb fue D. Pedro Cabrera.<\/p>\n<p style=\"text-align: justify\">Por acuerdo Municipal de 19 de febrero de 1940, el centro pas\u00f3 a llamarse Grupo Escolar \u00abJos\u00e9 Antonio Primo de Rivera\u00bb.<\/p>\n<p style=\"text-align: justify\">Posteriormente, con la llegada de la democracia, el Ayuntamiento acord\u00f3 cambiar el nombre del centro, que, desde aquel momento, se denomin\u00f3 \u00abSan Juan de la Cruz\u00bb.<\/p>\n","protected":false},"excerpt":{"rendered":"<p>Video Presentaci\u00f3n del colegio &nbsp; Datos de contacto CEIP \u00abSan Juan de la Cruz\u00bb Direcci\u00f3n:&nbsp; Avda. Puche Pardo n\u00ba 2 23440, Baeza (Ja\u00e9n) Tel\u00e9fono \/ FAX: Tel\u00e9fono:&nbsp;953779515 Tel\u00e9fono corp:&nbsp;287515 Fax:&nbsp;953779516 Email:23000787.edu@juntadeandalucia.es El aula matinal comienza su horario a las 7:30 h hasta el comienzo de las clases lectivas a las 9 :00h. El comedor comienza &hellip; <\/p>\n<p><a class=\"more-link btn\" href=\"https:\/\/blogsaverroes.juntadeandalucia.es\/ceipsanjuandelacruzbaeza\/el-centro-2\/\">Seguir leyendo<\/a><\/p>\n","protected":false},"author":1,"featured_media":0,"parent":0,"menu_order":0,"comment_status":"open","ping_status":"open","template":"","meta":{"ngg_post_thumbnail":0,"footnotes":"","_mc_calendar":[]},"aioseo_notices":[],"_links":{"self":[{"href":"https:\/\/blogsaverroes.juntadeandalucia.es\/ceipsanjuandelacruzbaeza\/wp-json\/wp\/v2\/pages\/35"}],"collection":[{"href":"https:\/\/blogsaverroes.juntadeandalucia.es\/ceipsanjuandelacruzbaeza\/wp-json\/wp\/v2\/pages"}],"about":[{"href":"https:\/\/blogsaverroes.juntadeandalucia.es\/ceipsanjuandelacruzbaeza\/wp-json\/wp\/v2\/types\/page"}],"author":[{"embeddable":true,"href":"https:\/\/blogsaverroes.juntadeandalucia.es\/ceipsanjuandelacruzbaeza\/wp-json\/wp\/v2\/users\/1"}],"replies":[{"embeddable":true,"href":"https:\/\/blogsaverroes.juntadeandalucia.es\/ceipsanjuandelacruzbaeza\/wp-json\/wp\/v2\/comments?post=35"}],"version-history":[{"count":47,"href":"https:\/\/blogsaverroes.juntadeandalucia.es\/ceipsanjuandelacruzbaeza\/wp-json\/wp\/v2\/pages\/35\/revisions"}],"predecessor-version":[{"id":3423,"href":"https:\/\/blogsaverroes.juntadeandalucia.es\/ceipsanjuandelacruzbaeza\/wp-json\/wp\/v2\/pages\/35\/revisions\/3423"}],"wp:attachment":[{"href":"https:\/\/blogsaverroes.juntadeandalucia.es\/ceipsanjuandelacruzbaeza\/wp-json\/wp\/v2\/media?parent=35"}],"curies":[{"name":"wp","href":"https:\/\/api.w.org\/{rel}","templated":true}]}}