{"id":49,"date":"2015-03-13T08:47:05","date_gmt":"2015-03-13T08:47:05","guid":{"rendered":"http:\/\/blogsaverroes.juntadeandalucia.es\/pre\/ceip\/?page_id=49"},"modified":"2017-03-02T13:08:36","modified_gmt":"2017-03-02T13:08:36","slug":"proyecto-educativo","status":"publish","type":"page","link":"https:\/\/blogsaverroes.juntadeandalucia.es\/ceipsanjuandelacruzbaeza\/proyecto-educativo\/","title":{"rendered":"Proyecto Educativo"},"content":{"rendered":"<p><img fetchpriority=\"high\" decoding=\"async\" class=\"wp-image-2625 aligncenter\" src=\"http:\/\/blogsaverroes.juntadeandalucia.es\/ceipsanjuandelacruzbaeza\/files\/2015\/03\/IMG_20160909_083657.jpg\" alt=\"\" width=\"359\" height=\"479\" srcset=\"https:\/\/blogsaverroes.juntadeandalucia.es\/ceipsanjuandelacruzbaeza\/files\/2015\/03\/IMG_20160909_083657.jpg 1200w, https:\/\/blogsaverroes.juntadeandalucia.es\/ceipsanjuandelacruzbaeza\/files\/2015\/03\/IMG_20160909_083657-225x300.jpg 225w, https:\/\/blogsaverroes.juntadeandalucia.es\/ceipsanjuandelacruzbaeza\/files\/2015\/03\/IMG_20160909_083657-768x1024.jpg 768w, https:\/\/blogsaverroes.juntadeandalucia.es\/ceipsanjuandelacruzbaeza\/files\/2015\/03\/IMG_20160909_083657-18x24.jpg 18w, https:\/\/blogsaverroes.juntadeandalucia.es\/ceipsanjuandelacruzbaeza\/files\/2015\/03\/IMG_20160909_083657-27x36.jpg 27w, https:\/\/blogsaverroes.juntadeandalucia.es\/ceipsanjuandelacruzbaeza\/files\/2015\/03\/IMG_20160909_083657-36x48.jpg 36w\" sizes=\"(max-width: 359px) 100vw, 359px\" \/><\/p>\n<p>Un centro se define en gran medida por su <strong>Proyecto Educativo<\/strong>. En \u00e9l se plasma el modelo educativo y la concreci\u00f3n de la normativa que un centro realiza respecto a las ense\u00f1anzas que imparte. Aspectos tales como las finales educativas, objetivos, atenci\u00f3n a la diversidad, etc.<\/p>\n<p>Que la web de un centro informe de su Proyecto Educativo es una apuesta clara por la <strong>transparencia<\/strong>.<\/p>\n<p>Para un conocimiento de nuestro proyecto educativo exponemos aqui nuestro Proyecto Educativo.<\/p>\n<h3><span style=\"color: #993366\">0.- &nbsp;Introducci\u00f3n<\/span><\/h3>\n<p>http:\/\/issuu.com\/sanjuandelacruz2012\/docs\/0.-_introducci__n_justificaci__n.?e=4123279\/45096450<\/p>\n<h3><span style=\"color: #993366\">1.- Objetivos propios<\/span><\/h3>\n<p>https:\/\/issuu.com\/sanjuandelacruz2012\/docs\/1.-_objetivos_propios<\/p>\n<h3><span style=\"color: #993366\">2.- L\u00edneas de actuaci\u00f3n pedag\u00f3gica<\/span><\/h3>\n<p>https:\/\/issuu.com\/sanjuandelacruz2012\/docs\/2.-_l__neas_de_actuaci__n_pedag__gi<\/p>\n<h3><span style=\"color: #993366\">3.- Concreci\u00f3n de los contenidos curriculares<\/span><\/h3>\n<p>https:\/\/issuu.com\/sanjuandelacruz2012\/docs\/3.-_coordinaci__n_y_concreci__n_de_<\/p>\n<h3><span style=\"color: #993366\">4.- \u00d3rganos de coordinaci\u00f3n docente<\/span><\/h3>\n<p>https:\/\/issuu.com\/sanjuandelacruz2012\/docs\/4.-criterios_pedag__gicos_horarios_<\/p>\n<h3><span style=\"color: #993366\">5.- Procedimiento y criterios de evaluaci\u00f3n y promoci\u00f3n<\/span><\/h3>\n<p>https:\/\/issuu.com\/sanjuandelacruz2012\/docs\/5.-procedimientos_y_criterios_de_ev<\/p>\n<h3><span style=\"color: #993366\">6.- Plan de Orientaci\u00f3n y Acci\u00f3n Tutorial ( POAT)<\/span><\/h3>\n<p>https:\/\/issuu.com\/sanjuandelacruz2012\/docs\/6.-poat<\/p>\n<h3><span style=\"color: #993366\">7.- Plan de Convivencia<\/span><\/h3>\n<p>https:\/\/issuu.com\/sanjuandelacruz2012\/docs\/7.-plan_de_convivencia_san_juan_de_<\/p>\n<h3><span style=\"color: #993366\">8.- Plan de Atenci\u00f3n a la Diversidad ( PAD)<\/span><\/h3>\n<p>https:\/\/issuu.com\/sanjuandelacruz2012\/docs\/8.-plan_de_atenci__n_a_la_diversida<\/p>\n<h3><span style=\"color: #993366\">9.- Procedimiento para suscribir compromisos educativos y de convivencia con las familias<\/span><\/h3>\n<p>https:\/\/issuu.com\/sanjuandelacruz2012\/docs\/9.-suscribir_compromisos_educativos<\/p>\n<h3><span style=\"color: #993366\">10.- Plan de formaci\u00f3n del profesorado<\/span><\/h3>\n<p>https:\/\/issuu.com\/sanjuandelacruz2012\/docs\/10.-_plan_de_formaci__n_del_profeso<\/p>\n<h3><span style=\"color: #993366\">11.- Criterios de asignaci\u00f3n del tiempo escolar<\/span><\/h3>\n<p>https:\/\/issuu.com\/sanjuandelacruz2012\/docs\/11.-_criterios_asignaci__n_tiempo_e<\/p>\n<h3><span style=\"color: #993366\">12.- Procedimiento de evaluaci\u00f3n interna<\/span><\/h3>\n<p>https:\/\/issuu.com\/sanjuandelacruz2012\/docs\/12.-_procedimiento_de_evaluaci__n_i<\/p>\n<h3><span style=\"color: #993366\">13.- Criterios de distribuci\u00f3n y asignaci\u00f3n de tutor\u00edas<\/span><\/h3>\n<p>https:\/\/issuu.com\/sanjuandelacruz2012\/docs\/13.-_criterios_de_asignaci__n_tutor<\/p>\n<h3><span style=\"color: #993366\">14.- Criterios elaboraci\u00f3n programaciones did\u00e1cticas<\/span><\/h3>\n<p>https:\/\/issuu.com\/sanjuandelacruz2012\/docs\/14.-_criterios_elaboraci__n_program<\/p>\n<p>&nbsp;<\/p>\n<p>&nbsp;<\/p>\n","protected":false},"excerpt":{"rendered":"<p>Un centro se define en gran medida por su Proyecto Educativo. En \u00e9l se plasma el modelo educativo y la concreci\u00f3n de la normativa que un centro realiza respecto a las ense\u00f1anzas que imparte. Aspectos tales como las finales educativas, objetivos, atenci\u00f3n a la diversidad, etc. Que la web de un centro informe de su &hellip; <\/p>\n<p><a class=\"more-link btn\" href=\"https:\/\/blogsaverroes.juntadeandalucia.es\/ceipsanjuandelacruzbaeza\/proyecto-educativo\/\">Seguir leyendo<\/a><\/p>\n","protected":false},"author":1,"featured_media":0,"parent":0,"menu_order":0,"comment_status":"open","ping_status":"open","template":"","meta":{"ngg_post_thumbnail":0,"footnotes":"","_mc_calendar":[]},"aioseo_notices":[],"_links":{"self":[{"href":"https:\/\/blogsaverroes.juntadeandalucia.es\/ceipsanjuandelacruzbaeza\/wp-json\/wp\/v2\/pages\/49"}],"collection":[{"href":"https:\/\/blogsaverroes.juntadeandalucia.es\/ceipsanjuandelacruzbaeza\/wp-json\/wp\/v2\/pages"}],"about":[{"href":"https:\/\/blogsaverroes.juntadeandalucia.es\/ceipsanjuandelacruzbaeza\/wp-json\/wp\/v2\/types\/page"}],"author":[{"embeddable":true,"href":"https:\/\/blogsaverroes.juntadeandalucia.es\/ceipsanjuandelacruzbaeza\/wp-json\/wp\/v2\/users\/1"}],"replies":[{"embeddable":true,"href":"https:\/\/blogsaverroes.juntadeandalucia.es\/ceipsanjuandelacruzbaeza\/wp-json\/wp\/v2\/comments?post=49"}],"version-history":[{"count":11,"href":"https:\/\/blogsaverroes.juntadeandalucia.es\/ceipsanjuandelacruzbaeza\/wp-json\/wp\/v2\/pages\/49\/revisions"}],"predecessor-version":[{"id":2626,"href":"https:\/\/blogsaverroes.juntadeandalucia.es\/ceipsanjuandelacruzbaeza\/wp-json\/wp\/v2\/pages\/49\/revisions\/2626"}],"wp:attachment":[{"href":"https:\/\/blogsaverroes.juntadeandalucia.es\/ceipsanjuandelacruzbaeza\/wp-json\/wp\/v2\/media?parent=49"}],"curies":[{"name":"wp","href":"https:\/\/api.w.org\/{rel}","templated":true}]}}