{"id":870,"date":"2015-03-16T07:24:27","date_gmt":"2015-03-16T07:24:27","guid":{"rendered":"http:\/\/blogsaverroes.juntadeandalucia.es\/pre\/ceip\/?page_id=103"},"modified":"2016-11-24T20:41:06","modified_gmt":"2016-11-24T20:41:06","slug":"aula-matinal","status":"publish","type":"page","link":"https:\/\/blogsaverroes.juntadeandalucia.es\/ceipsanjuandelacruzbaeza\/aula-matinal\/","title":{"rendered":"Aula Matinal"},"content":{"rendered":"<p>El <strong>AULA MATINAL <\/strong>es un servicio de apoyo a las familias que consiste en la atenci\u00f3n educativa del alumnado de las etapas de Infantil y Primaria durante el horario que oscila desde las <strong>7,30 a las 9,00 <\/strong>de la ma\u00f1ana, o sea, antes del inicio de las clases. No obstante, el alumnado puede iniciar esta actividad dentro de este tramo horario y no forzosamente a las 7.30 horas.<\/p>\n<p>Parte de un objetivo principal que es el de conciliar la vida familiar y escolar, ayudando as\u00ed a las familias en ese tramo horario de la ma\u00f1ana.<\/p>\n<p>Est\u00e1 especialmente ideado para cubrir las necesidades de las familias en las que el padre y\/o la madre tienen horarios de trabajo distintos a los de sus hijos y no pueden atenderlos.<\/p>\n<p>Durante este periodo de tiempo dos monitoras realizan actividades no regladas con el alumnado y les ayudar\u00e1n en el momento del desayuno en esa misma aula con los alimentos que hayan llevado.<\/p>\n<p>Finalizado el horario las monitoras acompa\u00f1ar\u00e1n al alumnado a sus correspondientes clases para que comiencen su jornada escolar.<\/p>\n<p>Entre las actividades que los ni\u00f1os realizan en el Aula Matinal est\u00e1n:<\/p>\n<p>&#8211; Asambleas<\/p>\n<p>&#8211; Taller de lectura<\/p>\n<p>&#8211; Repaso de tareas<\/p>\n<p>&#8211; Juegos de mesa educativos<\/p>\n<p>&#8211; Sesiones de cine<\/p>\n<p>&#8211; Manualidades en d\u00edas se\u00f1alados<\/p>\n<p>&#8211; etc.<\/p>\n<p>El precio mensual es de <strong>15.40 \u20ac <\/strong>al mes, sin bonificaciones.<\/p>\n<p>A estos precios habr\u00eda que aplicarles la bonificaci\u00f3n correspondiente, si se ha solicitado y le ha sido concedida por la Junta de Andaluc\u00eda.<\/p>\n<p>A t\u00edtulo de ejemplo<\/p>\n<table width=\"385\">\n<tbody>\n<tr>\n<td width=\"159\">Bonificaci\u00f3n<\/td>\n<td width=\"227\">Precio mensual<\/td>\n<\/tr>\n<tr>\n<td width=\"159\">10%<\/td>\n<td width=\"227\">13,86 \u20ac<\/td>\n<\/tr>\n<tr>\n<td width=\"159\">20%<\/td>\n<td width=\"227\">12,32 \u20ac<\/td>\n<\/tr>\n<tr>\n<td width=\"159\">40%<\/td>\n<td width=\"227\">9,24 \u20ac<\/td>\n<\/tr>\n<tr>\n<td width=\"159\">50%<\/td>\n<td width=\"227\">7,70 \u20ac<\/td>\n<\/tr>\n<tr>\n<td width=\"159\">60%<\/td>\n<td width=\"227\">6,16 \u20ac<\/td>\n<\/tr>\n<tr>\n<td width=\"159\">80%<\/td>\n<td width=\"227\">3,08 \u20ac<\/td>\n<\/tr>\n<tr>\n<td width=\"159\">100%<\/td>\n<td width=\"227\">0,00 \u20ac<\/td>\n<\/tr>\n<\/tbody>\n<\/table>\n<p style=\"text-align: center\"><strong>Tambi\u00e9n se puede asistir en d\u00edas o periodos sueltos.<\/strong><\/p>\n<p>En nuestro Centro la empresa encargada de este servicio es CELEMIN<\/p>\n<p>M\u00e1s informaci\u00f3n en la Secretar\u00eda del Centro.<\/p>\n<h4><\/h4>\n","protected":false},"excerpt":{"rendered":"<p>El AULA MATINAL es un servicio de apoyo a las familias que consiste en la atenci\u00f3n educativa del alumnado de las etapas de Infantil y Primaria durante el horario que oscila desde las 7,30 a las 9,00 de la ma\u00f1ana, o sea, antes del inicio de las clases. No obstante, el alumnado puede iniciar esta &hellip; <\/p>\n<p><a class=\"more-link btn\" href=\"https:\/\/blogsaverroes.juntadeandalucia.es\/ceipsanjuandelacruzbaeza\/aula-matinal\/\">Seguir leyendo<\/a><\/p>\n","protected":false},"author":1,"featured_media":0,"parent":0,"menu_order":0,"comment_status":"open","ping_status":"open","template":"","meta":{"ngg_post_thumbnail":0,"footnotes":"","_mc_calendar":[]},"aioseo_notices":[],"_links":{"self":[{"href":"https:\/\/blogsaverroes.juntadeandalucia.es\/ceipsanjuandelacruzbaeza\/wp-json\/wp\/v2\/pages\/870"}],"collection":[{"href":"https:\/\/blogsaverroes.juntadeandalucia.es\/ceipsanjuandelacruzbaeza\/wp-json\/wp\/v2\/pages"}],"about":[{"href":"https:\/\/blogsaverroes.juntadeandalucia.es\/ceipsanjuandelacruzbaeza\/wp-json\/wp\/v2\/types\/page"}],"author":[{"embeddable":true,"href":"https:\/\/blogsaverroes.juntadeandalucia.es\/ceipsanjuandelacruzbaeza\/wp-json\/wp\/v2\/users\/1"}],"replies":[{"embeddable":true,"href":"https:\/\/blogsaverroes.juntadeandalucia.es\/ceipsanjuandelacruzbaeza\/wp-json\/wp\/v2\/comments?post=870"}],"version-history":[{"count":4,"href":"https:\/\/blogsaverroes.juntadeandalucia.es\/ceipsanjuandelacruzbaeza\/wp-json\/wp\/v2\/pages\/870\/revisions"}],"predecessor-version":[{"id":2310,"href":"https:\/\/blogsaverroes.juntadeandalucia.es\/ceipsanjuandelacruzbaeza\/wp-json\/wp\/v2\/pages\/870\/revisions\/2310"}],"wp:attachment":[{"href":"https:\/\/blogsaverroes.juntadeandalucia.es\/ceipsanjuandelacruzbaeza\/wp-json\/wp\/v2\/media?parent=870"}],"curies":[{"name":"wp","href":"https:\/\/api.w.org\/{rel}","templated":true}]}}

<p>El <strong>AULA MATINAL </strong>es un servicio de apoyo a las familias que consiste en la atención educativa del alumnado de las etapas de Infantil y Primaria durante el horario que oscila desde las <strong>7,30 a las 9,00 </strong>de la mañana, o sea, antes del inicio de las clases. No obstante, el alumnado puede iniciar esta actividad dentro de este tramo horario y no forzosamente a las 7.30 horas.</p>
<p>Parte de un objetivo principal que es el de conciliar la vida familiar y escolar, ayudando así a las familias en ese tramo horario de la mañana.</p>
<p>Está especialmente ideado para cubrir las necesidades de las familias en las que el padre y/o la madre tienen horarios de trabajo distintos a los de sus hijos y no pueden atenderlos.</p>
<p>Durante este periodo de tiempo dos monitoras realizan actividades no regladas con el alumnado y les ayudarán en el momento del desayuno en esa misma aula con los alimentos que hayan llevado.</p>
<p>Finalizado el horario las monitoras acompañarán al alumnado a sus correspondientes clases para que comiencen su jornada escolar.</p>
<p>Entre las actividades que los niños realizan en el Aula Matinal están:</p>
<p>&#8211; Asambleas</p>
<p>&#8211; Taller de lectura</p>
<p>&#8211; Repaso de tareas</p>
<p>&#8211; Juegos de mesa educativos</p>
<p>&#8211; Sesiones de cine</p>
<p>&#8211; Manualidades en días señalados</p>
<p>&#8211; etc.</p>
<p>El precio mensual es de <strong>15.40 € </strong>al mes, sin bonificaciones.</p>
<p>A estos precios habría que aplicarles la bonificación correspondiente, si se ha solicitado y le ha sido concedida por la Junta de Andalucía.</p>
<p>A título de ejemplo</p>
<table width="385">
<tbody>
<tr>
<td width="159">Bonificación</td>
<td width="227">Precio mensual</td>
</tr>
<tr>
<td width="159">10%</td>
<td width="227">13,86 €</td>
</tr>
<tr>
<td width="159">20%</td>
<td width="227">12,32 €</td>
</tr>
<tr>
<td width="159">40%</td>
<td width="227">9,24 €</td>
</tr>
<tr>
<td width="159">50%</td>
<td width="227">7,70 €</td>
</tr>
<tr>
<td width="159">60%</td>
<td width="227">6,16 €</td>
</tr>
<tr>
<td width="159">80%</td>
<td width="227">3,08 €</td>
</tr>
<tr>
<td width="159">100%</td>
<td width="227">0,00 €</td>
</tr>
</tbody>
</table>
<p style="text-align: center"><strong>También se puede asistir en días o periodos sueltos.</strong></p>
<p>En nuestro Centro la empresa encargada de este servicio es CELEMIN</p>
<p>Más información en la Secretaría del Centro.</p>
<h4></h4>

<p>El AULA MATINAL es un servicio de apoyo a las familias que consiste en la atención educativa del alumnado de las etapas de Infantil y Primaria durante el horario que oscila desde las 7,30 a las 9,00 de la mañana, o sea, antes del inicio de las clases. No obstante, el alumnado puede iniciar esta &hellip; </p>
<p><a class="more-link btn" href="https://blogsaverroes.juntadeandalucia.es/ceipsanjuandelacruzbaeza/aula-matinal/">Seguir leyendo</a></p>
