{"id":715,"date":"2022-09-17T10:06:59","date_gmt":"2022-09-17T08:06:59","guid":{"rendered":"https:\/\/blogsaverroes.juntadeandalucia.es\/ceipsanmarcosweb\/?page_id=715"},"modified":"2025-10-16T18:52:22","modified_gmt":"2025-10-16T16:52:22","slug":"junta-directiva","status":"publish","type":"page","link":"https:\/\/blogsaverroes.juntadeandalucia.es\/ceipsanmarcosweb\/junta-directiva\/","title":{"rendered":"Junta Directiva"},"content":{"rendered":"<p><img loading=\"lazy\" decoding=\"async\" class=\"wp-image-729 aligncenter\" src=\"https:\/\/blogsaverroes.juntadeandalucia.es\/ceipsanmarcosweb\/files\/2022\/09\/ampa-300x300.jpg\" alt=\"\" width=\"202\" height=\"202\" srcset=\"https:\/\/blogsaverroes.juntadeandalucia.es\/ceipsanmarcosweb\/files\/2022\/09\/ampa-300x300.jpg 300w, https:\/\/blogsaverroes.juntadeandalucia.es\/ceipsanmarcosweb\/files\/2022\/09\/ampa-150x150.jpg 150w, https:\/\/blogsaverroes.juntadeandalucia.es\/ceipsanmarcosweb\/files\/2022\/09\/ampa.jpg 720w\" sizes=\"(max-width: 202px) 100vw, 202px\" \/><\/p>\n<p><span style=\"font-size: 14pt\">La Asociaci\u00f3n de Madres y Padres <strong>&#8220;Las Pilas&#8221;<\/strong>, del CEIP San Marcos, est\u00e1 constituida por algunas familias del centro&nbsp; y gestionada por una &nbsp;<strong>Junta Directiva<\/strong>. Actualmente, su composici\u00f3n es la siguiente:<\/span><\/p>\n<p><span style=\"font-size: 14pt\"><strong>Presidencia<\/strong>: M\u00aa Roc\u00edo Molina Ortega<\/span><\/p>\n<p><span style=\"font-size: 14pt\"><strong>Vicepresidenta<\/strong>: M\u00aa Bel\u00e9n L\u00f3pez Carrasco<\/span><\/p>\n<p><span style=\"font-size: 14pt\"><strong>Secretaria<\/strong>: M\u00aa Dolores de Dios Guti\u00e9rrez<\/span><\/p>\n<p><span style=\"font-size: 14pt\"><strong>Tesorer\u00eda<\/strong>: Carmen M\u00aa Gonz\u00e1lez Varela<\/span><\/p>\n<p><span style=\"font-size: 14pt\"><strong>Vocal<\/strong>: Dana Mamedova Grase<\/span><\/p>\n<p><span style=\"font-size: 14pt\"><strong>Vocal<\/strong>: M\u00aa Trinidad T\u00edscar Villalta<\/span><\/p>\n<p><span style=\"font-size: 14pt\"><strong>Vocal<\/strong>: M\u00aa Pilar Penalva Ortega<\/span><\/p>\n<p><span style=\"font-size: 14pt\"><strong>Vocal<\/strong>: M\u00aa Dolores Moreno Mart\u00ednez<\/span><\/p>\n<p><span style=\"font-size: 14pt\"><strong>Vocal<\/strong>: Inmaculada Ram\u00edrez Pozo<\/span><\/p>\n<p><span style=\"font-size: 14pt\"><strong>Vocal<\/strong>: M\u00aa \u00c1ngeles Salido Hidalgo<\/span><\/p>\n","protected":false},"excerpt":{"rendered":"<p>La Asociaci\u00f3n de Madres y Padres &#8220;Las Pilas&#8221;, del CEIP San Marcos, est\u00e1 constituida por algunas familias del centro&nbsp; y gestionada por una &nbsp;Junta Directiva. Actualmente, su composici\u00f3n es la siguiente: Presidencia: M\u00aa Roc\u00edo&#46;&#46;&#46;<\/p>\n","protected":false},"author":10452,"featured_media":0,"parent":0,"menu_order":0,"comment_status":"closed","ping_status":"closed","template":"","meta":{"ngg_post_thumbnail":0,"footnotes":""},"aioseo_notices":[],"_links":{"self":[{"href":"https:\/\/blogsaverroes.juntadeandalucia.es\/ceipsanmarcosweb\/wp-json\/wp\/v2\/pages\/715"}],"collection":[{"href":"https:\/\/blogsaverroes.juntadeandalucia.es\/ceipsanmarcosweb\/wp-json\/wp\/v2\/pages"}],"about":[{"href":"https:\/\/blogsaverroes.juntadeandalucia.es\/ceipsanmarcosweb\/wp-json\/wp\/v2\/types\/page"}],"author":[{"embeddable":true,"href":"https:\/\/blogsaverroes.juntadeandalucia.es\/ceipsanmarcosweb\/wp-json\/wp\/v2\/users\/10452"}],"replies":[{"embeddable":true,"href":"https:\/\/blogsaverroes.juntadeandalucia.es\/ceipsanmarcosweb\/wp-json\/wp\/v2\/comments?post=715"}],"version-history":[{"count":7,"href":"https:\/\/blogsaverroes.juntadeandalucia.es\/ceipsanmarcosweb\/wp-json\/wp\/v2\/pages\/715\/revisions"}],"predecessor-version":[{"id":905,"href":"https:\/\/blogsaverroes.juntadeandalucia.es\/ceipsanmarcosweb\/wp-json\/wp\/v2\/pages\/715\/revisions\/905"}],"wp:attachment":[{"href":"https:\/\/blogsaverroes.juntadeandalucia.es\/ceipsanmarcosweb\/wp-json\/wp\/v2\/media?parent=715"}],"curies":[{"name":"wp","href":"https:\/\/api.w.org\/{rel}","templated":true}]}}