{"id":2240,"date":"2022-04-16T17:02:27","date_gmt":"2022-04-16T17:02:27","guid":{"rendered":"https:\/\/blogsaverroes.juntadeandalucia.es\/ceipsanmatias\/?page_id=2240"},"modified":"2023-01-27T18:24:06","modified_gmt":"2023-01-27T18:24:06","slug":"consejo-escolar","status":"publish","type":"page","link":"https:\/\/blogsaverroes.juntadeandalucia.es\/ceipsanmatias\/consejo-escolar\/","title":{"rendered":"Consejo Escolar"},"content":{"rendered":"<p style=\"font-weight: 400\">Tras las elecciones celebradas en noviembre, el 12\/12\/2022 queda constituido el Consejo Escolar de la siguiente manera: &nbsp;<\/p>\n<p style=\"font-weight: 400\" data-original-attrs=\"{&quot;style&quot;:&quot;mso-add-space: auto; mso-list: l0 level1 lfo1;&quot;}\">Director: Miguel \u00e1ngel Mora D\u00edaz<\/p>\n<p style=\"text-align: left\"><span style=\"font-weight: 400\">Jefa de Estudios: Roc\u00edo Feria Rastrojo.<\/span><br style=\"font-weight: 400\"><span style=\"font-weight: 400\">Secretaria: Elena M.\u00aa M\u00e1rquez Fern\u00e1ndez (con voz y sin voto)<\/span><\/p>\n<p style=\"text-align: left\"><br style=\"font-weight: 400\"><strong>Por el sector de maestros\/as:<\/strong><span style=\"font-weight: 400\">&nbsp;&nbsp;<\/span>M.\u00aa Jos\u00e9 D\u00edaz Mac\u00edas, Manuel Vicente Lorenzo Medero, Tania Morgado Mart\u00edn, Antonio Pineda Garc\u00eda,&nbsp; Juana M.\u00aa Rojas Pedro y Jorge Salom\u00f3n Ortega.<\/p>\n<p style=\"text-align: left\"><strong>Por el sector de padres\/madres:&nbsp;<\/strong>Samuel C\u00e1rdenas Feria, Juan Antonio Casano G\u00f3mez, Alonso Delgado Redondo, Olga D\u00edaz Jes\u00fas, Gema Rodr\u00edguez Mart\u00edn (representante AMPA)<strong>, <\/strong>Alejandro Rodr\u00edguez Mart\u00ednez y Cinta Rodr\u00edguez Rivero.<\/p>\n<p style=\"text-align: left\"><strong>Representante del Ayuntamiento:&nbsp;<\/strong>Lorenzo Mart\u00edn Rodr\u00edguez<\/p>\n<p style=\"text-align: left\"><strong>Fomento Igualdad<\/strong>: Dominga G\u00f3mez G\u00f3mez<br style=\"font-weight: 400\"><br style=\"font-weight: 400\"><span style=\"font-weight: 400\">&nbsp;Dentro de \u00e9ste se han formado las siguientes comisiones:<\/span><br style=\"font-weight: 400\"><br style=\"font-weight: 400\"><span style=\"font-weight: 400\">&#8211;&nbsp;<\/span><strong>Comisi\u00f3n Permanente:<\/strong><span style=\"font-weight: 400\">&nbsp;llevar\u00e1 a cabo todas las actuaciones que le encomiende el Consejo Escolar e informar\u00e1 al mismo del trabajo desarrollado. Est\u00e1 compuesto por:<\/span><br style=\"font-weight: 400\">Equipo Directivo.<br style=\"font-weight: 400\">Juana M.\u00aa Rojas Pedro<br style=\"font-weight: 400\">Olga D\u00edaz Jes\u00fas<\/p>\n<p style=\"font-weight: 400\" data-original-attrs=\"{&quot;style&quot;:&quot;mso-add-space: auto; text-justify: inter-ideograph;&quot;}\">&nbsp; &nbsp; &nbsp; &nbsp; &nbsp; &nbsp; &nbsp; &nbsp; &nbsp; &nbsp; &nbsp; &nbsp; &nbsp; &nbsp; &nbsp; &nbsp; &nbsp; &nbsp;&nbsp;<\/p>\n<p><span style=\"font-weight: 400\">&#8211;<\/span><strong>&nbsp;Comisi\u00f3n de Convivencia:<\/strong><span style=\"font-weight: 400\"> canalizar\u00e1 las iniciativas de todos los sectores de la Comunidad Educativa para mejorar la convivencia, el respeto mutuo, as\u00ed como promover la cultura de paz y la resoluci\u00f3n pac\u00edfica de los conflictos. Est\u00e1 compuesto por:<\/span><\/p>\n<p style=\"font-weight: 400;text-align: left\" data-original-attrs=\"{&quot;style&quot;:&quot;mso-add-space: auto; text-justify: inter-ideograph;&quot;}\">Equipo Directivo.<\/p>\n<p><span style=\"font-weight: 400\">Samuel C\u00e1rdenas Feria<\/span><\/p>\n<p>Alonso Delgado Redondo<\/p>\n<p>Gema Rodr\u00edguez Mart\u00edn<\/p>\n<p>Cinta Rodr\u00edguez Rivero<\/p>\n<p>Tania Morgado Mart\u00edn<\/p>\n<p>M.\u00aa Jos\u00e9 D\u00edaz Mac\u00edas<\/p>\n<p>&nbsp;<\/p>\n","protected":false},"excerpt":{"rendered":"<p>Tras las elecciones celebradas en noviembre, el 12\/12\/2022 queda constituido el Consejo Escolar de la siguiente manera: &nbsp; Director: Miguel \u00e1ngel Mora D\u00edaz Jefa de Estudios: Roc\u00edo Feria Rastrojo.Secretaria: Elena M.\u00aa M\u00e1rquez Fern\u00e1ndez (con&#46;&#46;&#46;<\/p>\n","protected":false},"author":5804,"featured_media":0,"parent":0,"menu_order":0,"comment_status":"closed","ping_status":"closed","template":"page-templates\/child-menu.php","meta":{"ngg_post_thumbnail":0,"footnotes":"","_mc_calendar":[]},"aioseo_notices":[],"_links":{"self":[{"href":"https:\/\/blogsaverroes.juntadeandalucia.es\/ceipsanmatias\/wp-json\/wp\/v2\/pages\/2240"}],"collection":[{"href":"https:\/\/blogsaverroes.juntadeandalucia.es\/ceipsanmatias\/wp-json\/wp\/v2\/pages"}],"about":[{"href":"https:\/\/blogsaverroes.juntadeandalucia.es\/ceipsanmatias\/wp-json\/wp\/v2\/types\/page"}],"author":[{"embeddable":true,"href":"https:\/\/blogsaverroes.juntadeandalucia.es\/ceipsanmatias\/wp-json\/wp\/v2\/users\/5804"}],"replies":[{"embeddable":true,"href":"https:\/\/blogsaverroes.juntadeandalucia.es\/ceipsanmatias\/wp-json\/wp\/v2\/comments?post=2240"}],"version-history":[{"count":6,"href":"https:\/\/blogsaverroes.juntadeandalucia.es\/ceipsanmatias\/wp-json\/wp\/v2\/pages\/2240\/revisions"}],"predecessor-version":[{"id":2609,"href":"https:\/\/blogsaverroes.juntadeandalucia.es\/ceipsanmatias\/wp-json\/wp\/v2\/pages\/2240\/revisions\/2609"}],"wp:attachment":[{"href":"https:\/\/blogsaverroes.juntadeandalucia.es\/ceipsanmatias\/wp-json\/wp\/v2\/media?parent=2240"}],"curies":[{"name":"wp","href":"https:\/\/api.w.org\/{rel}","templated":true}]}}