{"id":2289,"date":"2022-04-16T18:50:58","date_gmt":"2022-04-16T18:50:58","guid":{"rendered":"https:\/\/blogsaverroes.juntadeandalucia.es\/ceipsanmatias\/?page_id=2289"},"modified":"2024-01-08T22:08:05","modified_gmt":"2024-01-08T22:08:05","slug":"equipo-de-orientacion","status":"publish","type":"page","link":"https:\/\/blogsaverroes.juntadeandalucia.es\/ceipsanmatias\/equipo-de-orientacion\/","title":{"rendered":"Equipo de Orientaci\u00f3n"},"content":{"rendered":"<p><a href=\"https:\/\/drive.google.com\/file\/d\/1QvQcXLZx1mJYhn1cdU-eZgJhL70zg9RF\/view?usp=sharing\" target=\"_blank\" rel=\"noopener noreferrer\">PROGRAMACI\u00d3N PT<\/a><\/p>\n<p>&nbsp;<\/p>\n<p><a href=\"https:\/\/docs.google.com\/document\/d\/1iIUkmjIlAhh_Qw05J6NmsDmkYqBQMqCd\/edit?usp=sharing&amp;ouid=101859162979496034779&amp;rtpof=true&amp;sd=true\" target=\"_blank\" rel=\"noopener noreferrer\">PROGRAMACI\u00d3N AL<\/a><\/p>\n<p>&nbsp;<\/p>\n<p><a title=\"PPDD\" href=\"https:\/\/drive.google.com\/drive\/folders\/1rGgxdFCChZff2DM0MPgwiOqFivmeoPuY\" target=\"_blank\" rel=\"noopener noreferrer\">PROGRAMACI\u00d3N AULA ESPEC\u00cdFICA.<\/a><\/p>\n","protected":false},"excerpt":{"rendered":"<p>PROGRAMACI\u00d3N PT &nbsp; PROGRAMACI\u00d3N AL &nbsp; PROGRAMACI\u00d3N AULA ESPEC\u00cdFICA.<\/p>\n","protected":false},"author":5804,"featured_media":0,"parent":0,"menu_order":0,"comment_status":"closed","ping_status":"closed","template":"page-templates\/child-menu.php","meta":{"ngg_post_thumbnail":0,"footnotes":"","_mc_calendar":[]},"aioseo_notices":[],"_links":{"self":[{"href":"https:\/\/blogsaverroes.juntadeandalucia.es\/ceipsanmatias\/wp-json\/wp\/v2\/pages\/2289"}],"collection":[{"href":"https:\/\/blogsaverroes.juntadeandalucia.es\/ceipsanmatias\/wp-json\/wp\/v2\/pages"}],"about":[{"href":"https:\/\/blogsaverroes.juntadeandalucia.es\/ceipsanmatias\/wp-json\/wp\/v2\/types\/page"}],"author":[{"embeddable":true,"href":"https:\/\/blogsaverroes.juntadeandalucia.es\/ceipsanmatias\/wp-json\/wp\/v2\/users\/5804"}],"replies":[{"embeddable":true,"href":"https:\/\/blogsaverroes.juntadeandalucia.es\/ceipsanmatias\/wp-json\/wp\/v2\/comments?post=2289"}],"version-history":[{"count":5,"href":"https:\/\/blogsaverroes.juntadeandalucia.es\/ceipsanmatias\/wp-json\/wp\/v2\/pages\/2289\/revisions"}],"predecessor-version":[{"id":2674,"href":"https:\/\/blogsaverroes.juntadeandalucia.es\/ceipsanmatias\/wp-json\/wp\/v2\/pages\/2289\/revisions\/2674"}],"wp:attachment":[{"href":"https:\/\/blogsaverroes.juntadeandalucia.es\/ceipsanmatias\/wp-json\/wp\/v2\/media?parent=2289"}],"curies":[{"name":"wp","href":"https:\/\/api.w.org\/{rel}","templated":true}]}}