{"id":42,"date":"2015-03-13T08:40:47","date_gmt":"2015-03-13T08:40:47","guid":{"rendered":"http:\/\/blogsaverroes.juntadeandalucia.es\/pre\/ceip\/?page_id=42"},"modified":"2022-10-19T14:49:55","modified_gmt":"2022-10-19T14:49:55","slug":"equipo-directivo","status":"publish","type":"page","link":"https:\/\/blogsaverroes.juntadeandalucia.es\/ceipsanmatias\/equipo-directivo\/","title":{"rendered":"Equipo directivo"},"content":{"rendered":"<p>El Equipo Directivo est\u00e1 formado por:<\/p>\n<p>Direcci\u00f3n: Miguel \u00c1ngel Mora D\u00edaz<\/p>\n<p>Jefatura de estudios: Roc\u00edo Feria Rastrojo<\/p>\n<p>Secretar\u00eda: Elena M.\u00aa M\u00e1rquez Fern\u00e1ndez<\/p>\n<p>&nbsp;<\/p>\n<p>&nbsp;<\/p>\n<p><strong>PROYECTO DE DIRECCI\u00d3N 2022-26<\/strong><\/p>\n<p>&nbsp;<\/p>\n<p><a title=\"Proyecto de Direcci\u00f3n 2022-26\" href=\"https:\/\/drive.google.com\/file\/d\/1R0lzDQU81xhAP8DN6or4QGyfz2S7ELd-\/view?usp=sharing\" target=\"_blank\" rel=\"noopener noreferrer\"><img loading=\"lazy\" decoding=\"async\" class=\"alignnone size-medium wp-image-2203\" src=\"https:\/\/blogsaverroes.juntadeandalucia.es\/ceipsanmatias\/files\/2022\/04\/Captura-de-pantalla-161-215x300.png\" alt=\"\" width=\"215\" height=\"300\" srcset=\"https:\/\/blogsaverroes.juntadeandalucia.es\/ceipsanmatias\/files\/2022\/04\/Captura-de-pantalla-161-215x300.png 215w, https:\/\/blogsaverroes.juntadeandalucia.es\/ceipsanmatias\/files\/2022\/04\/Captura-de-pantalla-161.png 366w\" sizes=\"(max-width: 215px) 100vw, 215px\" \/><\/a><\/p>\n<p>&nbsp;<\/p>\n","protected":false},"excerpt":{"rendered":"<p>El Equipo Directivo est\u00e1 formado por: Direcci\u00f3n: Miguel \u00c1ngel Mora D\u00edaz Jefatura de estudios: Roc\u00edo Feria Rastrojo Secretar\u00eda: Elena M.\u00aa M\u00e1rquez Fern\u00e1ndez &nbsp; &nbsp; PROYECTO DE DIRECCI\u00d3N 2022-26 &nbsp; &nbsp;<\/p>\n","protected":false},"author":1,"featured_media":0,"parent":0,"menu_order":0,"comment_status":"open","ping_status":"open","template":"page-templates\/child-menu.php","meta":{"ngg_post_thumbnail":0,"footnotes":"","_mc_calendar":[]},"aioseo_notices":[],"_links":{"self":[{"href":"https:\/\/blogsaverroes.juntadeandalucia.es\/ceipsanmatias\/wp-json\/wp\/v2\/pages\/42"}],"collection":[{"href":"https:\/\/blogsaverroes.juntadeandalucia.es\/ceipsanmatias\/wp-json\/wp\/v2\/pages"}],"about":[{"href":"https:\/\/blogsaverroes.juntadeandalucia.es\/ceipsanmatias\/wp-json\/wp\/v2\/types\/page"}],"author":[{"embeddable":true,"href":"https:\/\/blogsaverroes.juntadeandalucia.es\/ceipsanmatias\/wp-json\/wp\/v2\/users\/1"}],"replies":[{"embeddable":true,"href":"https:\/\/blogsaverroes.juntadeandalucia.es\/ceipsanmatias\/wp-json\/wp\/v2\/comments?post=42"}],"version-history":[{"count":11,"href":"https:\/\/blogsaverroes.juntadeandalucia.es\/ceipsanmatias\/wp-json\/wp\/v2\/pages\/42\/revisions"}],"predecessor-version":[{"id":2557,"href":"https:\/\/blogsaverroes.juntadeandalucia.es\/ceipsanmatias\/wp-json\/wp\/v2\/pages\/42\/revisions\/2557"}],"wp:attachment":[{"href":"https:\/\/blogsaverroes.juntadeandalucia.es\/ceipsanmatias\/wp-json\/wp\/v2\/media?parent=42"}],"curies":[{"name":"wp","href":"https:\/\/api.w.org\/{rel}","templated":true}]}}

<p>El Equipo Directivo está formado por:</p>
<p>Dirección: Miguel Ángel Mora Díaz</p>
<p>Jefatura de estudios: Rocío Feria Rastrojo</p>
<p>Secretaría: Elena M.ª Márquez Fernández</p>
<p>&nbsp;</p>
<p>&nbsp;</p>
<p><strong>PROYECTO DE DIRECCIÓN 2022-26</strong></p>
<p>&nbsp;</p>
<p><a title="Proyecto de Dirección 2022-26" href="https://drive.google.com/file/d/1R0lzDQU81xhAP8DN6or4QGyfz2S7ELd-/view?usp=sharing" target="_blank" rel="noopener noreferrer"><img loading="lazy" decoding="async" class="alignnone size-medium wp-image-2203" src="https://blogsaverroes.juntadeandalucia.es/ceipsanmatias/files/2022/04/Captura-de-pantalla-161-215x300.png" alt="" width="215" height="300" srcset="https://blogsaverroes.juntadeandalucia.es/ceipsanmatias/files/2022/04/Captura-de-pantalla-161-215x300.png 215w, https://blogsaverroes.juntadeandalucia.es/ceipsanmatias/files/2022/04/Captura-de-pantalla-161.png 366w" sizes="(max-width: 215px) 100vw, 215px" /></a></p>
<p>&nbsp;</p>

<p>El Equipo Directivo está formado por: Dirección: Miguel Ángel Mora Díaz Jefatura de estudios: Rocío Feria Rastrojo Secretaría: Elena M.ª Márquez Fernández &nbsp; &nbsp; PROYECTO DE DIRECCIÓN 2022-26 &nbsp; &nbsp;</p>
