{"id":763,"date":"2022-11-01T20:48:31","date_gmt":"2022-11-01T19:48:31","guid":{"rendered":"https:\/\/blogsaverroes.juntadeandalucia.es\/ceipsanmiguelalmunecar\/?page_id=763"},"modified":"2022-11-01T20:48:31","modified_gmt":"2022-11-01T19:48:31","slug":"proyecto-educativo","status":"publish","type":"page","link":"https:\/\/blogsaverroes.juntadeandalucia.es\/ceipsanmiguelalmunecar\/proyecto-educativo\/","title":{"rendered":"PROYECTO EDUCATIVO"},"content":{"rendered":"<p><strong><span style=\"color: #000080\">El colegio San Miguel se encuentra en la calle Federico Garc\u00eda Lorca de Almu\u00f1\u00e9car.<\/span><\/strong><\/p>\n<p><strong><span style=\"color: #000080\">Desde siempre se caracteriza por ser un centro innovador, usando diferentes metodolog\u00edas para hacer de su alumnado ni\u00f1os y ni\u00f1as capaces de poner en pr\u00e1ctica lo aprendido.<\/span><\/strong><\/p>\n<p><strong><span style=\"color: #000080\">Aprender por descubrimiento, investigaci\u00f3n, bas\u00e1ndonos en proyectos y experiencias, son muchas de las formas en las que ense\u00f1amos a aprender.<\/span><\/strong><\/p>\n<p>DESDE ESTE <a href=\"https:\/\/view.genial.ly\/63184aac15689c001840fa5d\">ENLACE<\/a> ACCEDER\u00c1S AL PROYECTO DE CADA TRIMESTRE<\/p>\n<p><strong><span style=\"color: #000080\">En el CEIP San Miguel, creemos que hay tantas formas de ense\u00f1ar como de aprender, por lo que la evaluaci\u00f3n es otra de nuestras prioridades, para garantizar que sea justa y flexible, usamos diferentes herramientas e instrumentos que nos aporte suficiente informaci\u00f3n de nuestro alumnado.<\/span><\/strong><\/p>\n<p><strong><span style=\"color: #000080\">El proyecto Educativo define a cada centro y termina siendo sus se\u00f1as de identidad, os comparto el nuestro, el cual es revisado y actualizado cada curso, atendiendo a las necesidades que se presenten.<\/span><\/strong><\/p>\n<p><a href=\"https:\/\/docs.google.com\/document\/d\/16t114x-KXFHP3z39HC9eiTEk0U05c67t3TGbZudrGUg\/edit?usp=sharing\"><strong><span style=\"color: #333399\">PROYECTO EDUCATIVO<\/span><\/strong><\/a><\/p>\n<p>&nbsp;<\/p>\n","protected":false},"excerpt":{"rendered":"<p>El colegio San Miguel se encuentra en la calle Federico Garc\u00eda Lorca de Almu\u00f1\u00e9car. Desde siempre se caracteriza por ser un centro innovador, usando diferentes metodolog\u00edas para hacer de su alumnado ni\u00f1os y ni\u00f1as&#46;&#46;&#46;<\/p>\n","protected":false},"author":15473,"featured_media":0,"parent":0,"menu_order":0,"comment_status":"closed","ping_status":"closed","template":"","meta":{"ngg_post_thumbnail":0,"footnotes":""},"aioseo_notices":[],"_links":{"self":[{"href":"https:\/\/blogsaverroes.juntadeandalucia.es\/ceipsanmiguelalmunecar\/wp-json\/wp\/v2\/pages\/763"}],"collection":[{"href":"https:\/\/blogsaverroes.juntadeandalucia.es\/ceipsanmiguelalmunecar\/wp-json\/wp\/v2\/pages"}],"about":[{"href":"https:\/\/blogsaverroes.juntadeandalucia.es\/ceipsanmiguelalmunecar\/wp-json\/wp\/v2\/types\/page"}],"author":[{"embeddable":true,"href":"https:\/\/blogsaverroes.juntadeandalucia.es\/ceipsanmiguelalmunecar\/wp-json\/wp\/v2\/users\/15473"}],"replies":[{"embeddable":true,"href":"https:\/\/blogsaverroes.juntadeandalucia.es\/ceipsanmiguelalmunecar\/wp-json\/wp\/v2\/comments?post=763"}],"version-history":[{"count":1,"href":"https:\/\/blogsaverroes.juntadeandalucia.es\/ceipsanmiguelalmunecar\/wp-json\/wp\/v2\/pages\/763\/revisions"}],"predecessor-version":[{"id":764,"href":"https:\/\/blogsaverroes.juntadeandalucia.es\/ceipsanmiguelalmunecar\/wp-json\/wp\/v2\/pages\/763\/revisions\/764"}],"wp:attachment":[{"href":"https:\/\/blogsaverroes.juntadeandalucia.es\/ceipsanmiguelalmunecar\/wp-json\/wp\/v2\/media?parent=763"}],"curies":[{"name":"wp","href":"https:\/\/api.w.org\/{rel}","templated":true}]}}