{"id":1236,"date":"2022-02-15T11:05:00","date_gmt":"2022-02-15T10:05:00","guid":{"rendered":"https:\/\/blogsaverroes.juntadeandalucia.es\/ceipsanpablosevilla\/?page_id=1236"},"modified":"2022-11-24T11:39:52","modified_gmt":"2022-11-24T10:39:52","slug":"actividades-del-aula-1o-e-p","status":"publish","type":"page","link":"https:\/\/blogsaverroes.juntadeandalucia.es\/ceipsanpablosevilla\/actividades-del-aula-1o-e-p\/","title":{"rendered":"Actividades del Aula 1\u00ba E.P."},"content":{"rendered":"<p><span style=\"font-size: 14pt;color: #0000ff\"><b>\u201cMagallanes\u201d<\/b><\/span><\/p>\n<p>El alumnado de 1\u00ba E. P. ha vivido una divertid\u00edsima jornada conociendo los secretos de la Primera Vuelta al Mundo a trav\u00e9s de la r\u00e9plica de la Nao Victoria 500.<\/p>\nngg_shortcode_0_placeholder\n<hr>\n<p><span style=\"color: #008000\"><strong><span style=\"font-size: 14pt\">Taller \u201cAlfonso X, el Sabio&#8221;<\/span><\/strong><\/span><\/p>\n<p>El alumnado de Primero de Primaria ha realizado en nuestro centro el taller de \u201cAlfonso X, el Sabio\u201d, para conocer un poco m\u00e1s sobre este rey antes de realizar la excursi\u00f3n al Alc\u00e1zar de Sevilla.<\/p>\nngg_shortcode_1_placeholder\n<p>&nbsp;<\/p>\n<hr>\n<p><span style=\"color: #ffcc00\"><strong><span style=\"font-size: 14pt\">Actividad del Primer Ciclo sobre los Alc\u00e1zares de Alfonso X el Sabio<\/span><\/strong><\/span><\/p>\n<p>El alumnado de Primero de Primaria ha visitado el Alc\u00e1zar de Sevilla para conocer un poco m\u00e1s nuestra ciudad y la vida de Alfonso X, el Sabio.<\/p>\nngg_shortcode_2_placeholder\n<p>&nbsp;<\/p>\n<hr>\n<p><strong>Proyecto Mozart<\/strong><\/p>\n<p>Aprendemos a pintar con ceras pastel y hacemos un cartel de Mozart<\/p>\nngg_shortcode_3_placeholder\n<hr>\n<p><strong>Proyecto El Mar<\/strong><\/p>\n<p>El a\u00f1o pasado creamos el Cartel del Mar<\/p>\nngg_shortcode_4_placeholder\n<hr>\n<p><strong>&nbsp;Proyecto Los Cuentos<\/strong><\/p>\n<p>Creamos muchos murales basados en Cuentos Infantiles<\/p>\nngg_shortcode_5_placeholder\n<hr>\n<p>&nbsp;<\/p>\n","protected":false},"excerpt":{"rendered":"<p>\u201cMagallanes\u201d El alumnado de 1\u00ba E. P. ha vivido una divertid\u00edsima jornada conociendo los secretos de la Primera Vuelta al Mundo a trav\u00e9s de la r\u00e9plica de la Nao Victoria 500. &nbsp; Taller \u201cAlfonso X, el Sabio&#8221; El alumnado de Primero de Primaria ha realizado en nuestro centro el taller de \u201cAlfonso X, el Sabio\u201d, [&hellip;]<\/p>\n","protected":false},"author":13548,"featured_media":0,"parent":0,"menu_order":0,"comment_status":"closed","ping_status":"closed","template":"","meta":{"_et_pb_use_builder":"","_et_pb_old_content":"","_et_gb_content_width":"","ngg_post_thumbnail":0,"footnotes":""},"aioseo_notices":[],"_links":{"self":[{"href":"https:\/\/blogsaverroes.juntadeandalucia.es\/ceipsanpablosevilla\/wp-json\/wp\/v2\/pages\/1236"}],"collection":[{"href":"https:\/\/blogsaverroes.juntadeandalucia.es\/ceipsanpablosevilla\/wp-json\/wp\/v2\/pages"}],"about":[{"href":"https:\/\/blogsaverroes.juntadeandalucia.es\/ceipsanpablosevilla\/wp-json\/wp\/v2\/types\/page"}],"author":[{"embeddable":true,"href":"https:\/\/blogsaverroes.juntadeandalucia.es\/ceipsanpablosevilla\/wp-json\/wp\/v2\/users\/13548"}],"replies":[{"embeddable":true,"href":"https:\/\/blogsaverroes.juntadeandalucia.es\/ceipsanpablosevilla\/wp-json\/wp\/v2\/comments?post=1236"}],"version-history":[{"count":7,"href":"https:\/\/blogsaverroes.juntadeandalucia.es\/ceipsanpablosevilla\/wp-json\/wp\/v2\/pages\/1236\/revisions"}],"predecessor-version":[{"id":1753,"href":"https:\/\/blogsaverroes.juntadeandalucia.es\/ceipsanpablosevilla\/wp-json\/wp\/v2\/pages\/1236\/revisions\/1753"}],"wp:attachment":[{"href":"https:\/\/blogsaverroes.juntadeandalucia.es\/ceipsanpablosevilla\/wp-json\/wp\/v2\/media?parent=1236"}],"curies":[{"name":"wp","href":"https:\/\/api.w.org\/{rel}","templated":true}]}}

Actividades del Aula 1º E.P.

<p><span style="font-size: 14pt;color: #0000ff"><b>“Magallanes”</b></span></p>
<p>El alumnado de 1º E. P. ha vivido una divertidísima jornada conociendo los secretos de la Primera Vuelta al Mundo a través de la réplica de la Nao Victoria 500.</p>
ngg_shortcode_0_placeholder
<hr>
<p><span style="color: #008000"><strong><span style="font-size: 14pt">Taller “Alfonso X, el Sabio&#8221;</span></strong></span></p>
<p>El alumnado de Primero de Primaria ha realizado en nuestro centro el taller de “Alfonso X, el Sabio”, para conocer un poco más sobre este rey antes de realizar la excursión al Alcázar de Sevilla.</p>
ngg_shortcode_1_placeholder
<p>&nbsp;</p>
<hr>
<p><span style="color: #ffcc00"><strong><span style="font-size: 14pt">Actividad del Primer Ciclo sobre los Alcázares de Alfonso X el Sabio</span></strong></span></p>
<p>El alumnado de Primero de Primaria ha visitado el Alcázar de Sevilla para conocer un poco más nuestra ciudad y la vida de Alfonso X, el Sabio.</p>
ngg_shortcode_2_placeholder
<p>&nbsp;</p>
<hr>
<p><strong>Proyecto Mozart</strong></p>
<p>Aprendemos a pintar con ceras pastel y hacemos un cartel de Mozart</p>
ngg_shortcode_3_placeholder
<hr>
<p><strong>Proyecto El Mar</strong></p>
<p>El año pasado creamos el Cartel del Mar</p>
ngg_shortcode_4_placeholder
<hr>
<p><strong>&nbsp;Proyecto Los Cuentos</strong></p>
<p>Creamos muchos murales basados en Cuentos Infantiles</p>
ngg_shortcode_5_placeholder
<hr>
<p>&nbsp;</p>

<p>“Magallanes” El alumnado de 1º E. P. ha vivido una divertidísima jornada conociendo los secretos de la Primera Vuelta al Mundo a través de la réplica de la Nao Victoria 500. &nbsp; Taller “Alfonso X, el Sabio&#8221; El alumnado de Primero de Primaria ha realizado en nuestro centro el taller de “Alfonso X, el Sabio”, [&hellip;]</p>
