{"id":1240,"date":"2022-02-15T11:05:30","date_gmt":"2022-02-15T10:05:30","guid":{"rendered":"https:\/\/blogsaverroes.juntadeandalucia.es\/ceipsanpablosevilla\/?page_id=1240"},"modified":"2023-01-25T10:41:53","modified_gmt":"2023-01-25T09:41:53","slug":"actividades-del-aula-3o-e-p","status":"publish","type":"page","link":"https:\/\/blogsaverroes.juntadeandalucia.es\/ceipsanpablosevilla\/actividades-del-aula-3o-e-p\/","title":{"rendered":"Actividades del Aula 3\u00ba E.P."},"content":{"rendered":"<div>\n<div>\n<div><span style=\"color: #00ff00\"><strong><span style=\"font-size: 14pt\">24 DE ENERO, CELEBRANDO EL D\u00cdA DE LA TOLERANCIA INTERCULTURAL.<\/span><\/strong><\/span><\/div>\n<div>&nbsp;<\/div>\n<div>L@s alumn@s de Tercero han disfrutado celebrando este d\u00eda con los juegos que han dirigido monitores de Cruz Roja \u00a1Muchas gracias!ngg_shortcode_0_placeholder<\/div>\n<\/div>\n<\/div>\n<div>&nbsp;<\/div>\n<div>\n<div>\n<div>\n<div>\n<hr>\n<\/div>\n<div class=\"gmail_attr\"><span style=\"color: #674ea7;font-size: large\"><b>TALLER DE CINE<\/b><\/span><\/div>\n<div class=\"gmail_attr\"><span style=\"color: #000000\">Los alumnos de tercero han recibido un taller de cine en clase y han aprendido a realizar un peque\u00f1o corto<\/span>. Aqu\u00ed pod\u00e9is ver algunas muestras. \u00a1Ha sido divertido!<\/div>\n<div>ngg_shortcode_1_placeholder<\/div>\n<\/div>\n<\/div>\n<div>&nbsp;<\/div>\n<div>\n<div>\n<hr>\n<\/div>\n<div><span style=\"color: #6aa84f;font-size: large\"><b>LA PRIMERA VUELTA AL MUNDO<\/b><\/span><\/div>\n<div>\n<div><span style=\"color: #6aa84f;font-size: large\">Magallanes y Elcano<\/span><\/div>\n<\/div>\n<\/div>\n<div>Durante el mes de Noviembre hemos celebrado el 500 aniversario de la Primera Vuelta al Mundo cuya expedici\u00f3n parti\u00f3 de Sevilla. Hemos aprendido con lecturas y videos en clase, talleres y visitando la r\u00e9plica de la nao Victoria en el r\u00edo Guadalquivir.<\/div>\n<\/div>\n<div>&nbsp;<\/div>\n<div>ngg_shortcode_2_placeholder<\/div>\n<div>&nbsp;<\/div>\n<div>\n<div>&nbsp;<\/div>\n<div>\n<hr>\n<\/div>\n<div>&nbsp;<\/div>\n<div><span style=\"font-size: 14pt;color: #ff00ff\"><b>&#8220;\u00a1YA TENEMOS NUESTROS MARCAP\u00c1GINAS PARA LA AGENDA!&#8221;<\/b><\/span><\/div>\n<div>ngg_shortcode_3_placeholder<\/div>\n<div>&nbsp;<\/div>\n<div>&nbsp;<\/div>\n<div>&nbsp;<\/div>\n<div>\n<hr>\n<\/div>\n<div>&nbsp;<\/div>\n<div><span style=\"color: #99cc00\"><strong><span style=\"font-size: 14pt\">TALLER DE RECICLAJE EN SEGUNDO Y TERCER CICLO<\/span><\/strong><\/span><\/div>\n<div>&nbsp;<\/div>\n<div>\n<div class=\"gmail_attr\">Los alumnos de tercero y cuarto se han unido para recibir un taller sobre reciclaje. \u00a1Ha sido muy divertido!<\/div>\n<div>ngg_shortcode_4_placeholder<\/div>\n<\/div>\n<\/div>\n<div>&nbsp;<\/div>\n<div>\n<hr>\n<\/div>\n<div><span style=\"font-size: 14pt;color: #99cc00\"><strong>INICIOS DE NUESTRO HUERTO ESCOLAR<\/strong><\/span><\/div>\n<div>&nbsp;<\/div>\n<div>El alumnado de tercero y cuarto ha iniciado las visitas y aportaci\u00f3n a nuestro nuevo huerto escolar.<\/div>\n<div>&nbsp;<\/div>\n<div>ngg_shortcode_5_placeholder<\/div>\n","protected":false},"excerpt":{"rendered":"<p>24 DE ENERO, CELEBRANDO EL D\u00cdA DE LA TOLERANCIA INTERCULTURAL. &nbsp; L@s alumn@s de Tercero han disfrutado celebrando este d\u00eda con los juegos que han dirigido monitores de Cruz Roja \u00a1Muchas gracias! &nbsp; TALLER DE CINE Los alumnos de tercero han recibido un taller de cine en clase y han aprendido a realizar un peque\u00f1o [&hellip;]<\/p>\n","protected":false},"author":13548,"featured_media":0,"parent":0,"menu_order":0,"comment_status":"closed","ping_status":"closed","template":"","meta":{"_et_pb_use_builder":"","_et_pb_old_content":"","_et_gb_content_width":"","ngg_post_thumbnail":0,"footnotes":""},"aioseo_notices":[],"_links":{"self":[{"href":"https:\/\/blogsaverroes.juntadeandalucia.es\/ceipsanpablosevilla\/wp-json\/wp\/v2\/pages\/1240"}],"collection":[{"href":"https:\/\/blogsaverroes.juntadeandalucia.es\/ceipsanpablosevilla\/wp-json\/wp\/v2\/pages"}],"about":[{"href":"https:\/\/blogsaverroes.juntadeandalucia.es\/ceipsanpablosevilla\/wp-json\/wp\/v2\/types\/page"}],"author":[{"embeddable":true,"href":"https:\/\/blogsaverroes.juntadeandalucia.es\/ceipsanpablosevilla\/wp-json\/wp\/v2\/users\/13548"}],"replies":[{"embeddable":true,"href":"https:\/\/blogsaverroes.juntadeandalucia.es\/ceipsanpablosevilla\/wp-json\/wp\/v2\/comments?post=1240"}],"version-history":[{"count":8,"href":"https:\/\/blogsaverroes.juntadeandalucia.es\/ceipsanpablosevilla\/wp-json\/wp\/v2\/pages\/1240\/revisions"}],"predecessor-version":[{"id":1810,"href":"https:\/\/blogsaverroes.juntadeandalucia.es\/ceipsanpablosevilla\/wp-json\/wp\/v2\/pages\/1240\/revisions\/1810"}],"wp:attachment":[{"href":"https:\/\/blogsaverroes.juntadeandalucia.es\/ceipsanpablosevilla\/wp-json\/wp\/v2\/media?parent=1240"}],"curies":[{"name":"wp","href":"https:\/\/api.w.org\/{rel}","templated":true}]}}