{"id":840,"date":"2020-12-18T08:38:52","date_gmt":"2020-12-18T07:38:52","guid":{"rendered":"https:\/\/blogsaverroes.juntadeandalucia.es\/pre\/plantilla-pencil\/?page_id=840"},"modified":"2023-05-12T07:57:58","modified_gmt":"2023-05-12T06:57:58","slug":"ampa","status":"publish","type":"page","link":"https:\/\/blogsaverroes.juntadeandalucia.es\/ceipsanroquetolox\/ampa\/","title":{"rendered":"AMPA"},"content":{"rendered":"<p>[et_pb_section fb_built=&#8221;1&#8243; _builder_version=&#8221;3.23.3&#8243; custom_padding=&#8221;0px||0px|&#8221; z_index_tablet=&#8221;500&#8243; box_shadow_horizontal_tablet=&#8221;0px&#8221; box_shadow_vertical_tablet=&#8221;0px&#8221; box_shadow_blur_tablet=&#8221;40px&#8221; box_shadow_spread_tablet=&#8221;0px&#8221; global_colors_info=&#8221;{}&#8221; admin_label=&#8221;Secci\u00f3n&#8221; collapsed=&#8221;off&#8221;][et_pb_row _builder_version=&#8221;3.25&#8243; background_size=&#8221;initial&#8221; background_position=&#8221;top_left&#8221; background_repeat=&#8221;repeat&#8221; global_colors_info=&#8221;{}&#8221; admin_label=&#8221;Fila&#8221; collapsed=&#8221;off&#8221;][et_pb_column type=&#8221;4_4&#8243; _builder_version=&#8221;3.25&#8243; custom_padding=&#8221;|||&#8221; global_colors_info=&#8221;{}&#8221; custom_padding__hover=&#8221;|||&#8221;][et_pb_image src=&#8221;https:\/\/blogsaverroes.juntadeandalucia.es\/ceipsanroquetolox\/files\/2020\/01\/cabecera-interior-4.jpg&#8221; title_text=&#8221;cabecera-interior-4&#8243; admin_label=&#8221;Imagen de la portada&#8221; _builder_version=&#8221;4.14.5&#8243; hover_enabled=&#8221;0&#8243; z_index_tablet=&#8221;500&#8243; box_shadow_horizontal_tablet=&#8221;0px&#8221; box_shadow_vertical_tablet=&#8221;0px&#8221; box_shadow_blur_tablet=&#8221;40px&#8221; box_shadow_spread_tablet=&#8221;0px&#8221; global_colors_info=&#8221;{}&#8221; sticky_enabled=&#8221;0&#8243;][\/et_pb_image][et_pb_text _builder_version=&#8221;4.14.5&#8243; _module_preset=&#8221;default&#8221; hover_enabled=&#8221;0&#8243; sticky_enabled=&#8221;0&#8243; admin_label=&#8221;Texto&#8221;]<\/p>\n<div class=\"cw cf\">\n<div class=\"cw-c cf\">\n<div class=\"c cf pr pr-0 pr-150 pr-320 pr-365 pr-390 pr-400 pr-480 pr-600\">\n<div class=\"c-c cf\">\n<div class=\"b b-text cf\">\n<div class=\"b-c b-text-c b-s b-s-t60 b-s-b60 b-cs cf\">\n<h1>AMPA La Caina<\/h1>\n<p>El AMPA La Caina se constituyo entre otros objetivos con el fin de que sea un lugar de encuentro para padres y madres que quieran vivir la educaci\u00f3n de sus hijos como algo m\u00e1s que enviarlos al centro escolar y que sirva de vinculo de uni\u00f3n entre padres y madres, colegio y ayuntamiento intentando dar a nuestras familias asociadas los criterios y mecanismos para que participen activamente en la educaci\u00f3n de sus hijos como educadores principales y primarios.<br \/>Entre nuestras finalidades os queremos destacar las siguientes:<\/p>\n<\/div>\n<\/div>\n<\/div>\n<\/div>\n<div class=\"c cf pr pr-0 pr-150 pr-320 pr-365 pr-390 pr-400\">\n<div class=\"c-c cf\">\n<div id=\"wnd_ImageBlock_585437604\" class=\"b-img b-img-default b b-s cf wnd-orientation-landscape wnd-type-image img-s-n\">\n<div class=\"b-img-w\">\n<div class=\"b-img-c\"><img loading=\"lazy\" decoding=\"async\" id=\"wnd_ImageBlock_585437604_img\" src=\"https:\/\/be3b9cd8a2.cbaul-cdnwnd.com\/cda889eb1df71307ab906b69ca7c9b89\/200000015-4909049092\/ampa-9.jpg?ph=be3b9cd8a2\" alt=\"\" width=\"400\" height=\"268\"><\/div>\n<\/div>\n<\/div>\n<\/div>\n<\/div>\n<\/div>\n<\/div>\n<div class=\"b b-text cf\">\n<div class=\"b-c b-text-c b-s b-s-t60 b-s-b60 b-cs cf\">\n<p>&#8211; Colaborar con el Colegio en todo lo que est\u00e9 en su medida, tal como Semana Cultural, compra de material para el Colegio, viaje de Fin de Curso de los alumnos, o de cualquier otra actividad que se desarrolle en el Centro, cultural o humana, estrechar las relaciones entre Padres y Profesores, tener iniciativas para fomentar cualquier tipo de actividades escolares o extra-escolares.<br \/>-Asistir a los padres o tutores en todo aquello que concierne a la educaci\u00f3n de sus hijos; colaborar en las actividades educativas del Centro, as\u00ed como en las actividades complementarias y extraescolares, organizando y fomentando tambi\u00e9n actividades culturales y deportivas; promover la participaci\u00f3n de los padres y madres en la gesti\u00f3n del Centro facilitando su participaci\u00f3n en el Consejo Escolar; promover el desarrollo de programas de educaci\u00f3n familiar; representar a los padres y madres ante las administraciones educativas, participar de forma activa en el consejo escolar por medio de un representante, colaborar con AMPAS de otros colegios por medio de la federaci\u00f3n de AMPAS FDAPA etc.<\/p>\n<p>En definitiva, ayudar y participar en las actividades del Colegio, de los padres y de los alumnos, complementando en la medida de lo posible el proyecto educativo del Centro.<br \/>Para poder llevar a cabo esta ardua tarea se necesita ilusi\u00f3n, ganas de trabajar, personas implicadas, tiempo, dedicaci\u00f3n y, c\u00f3mo no, dinero. Nuestro presupuesto se basa en las cuotas de los socios y en la organizaci\u00f3n de distintas actividades ( rifas, venta de loterias, etc) que sin animo de lucro y con el \u00fanico fin de financiarnos a nosotros y al colegio realizamos, por eso cuantos m\u00e1s seamos mejor.<\/p>\n<p class=\"wnd-align-left\"><strong>Domicilio Fiscal: AMPA La Caina. C\/ Encina, 62. C.P. 29109 Tolox. M\u00e1laga.<\/strong><\/p>\n<\/div>\n<\/div>\n<p>[\/et_pb_text][\/et_pb_column][\/et_pb_row][\/et_pb_section]<\/p>\n","protected":false},"excerpt":{"rendered":"<p>AMPA La Caina El AMPA La Caina se constituyo entre otros objetivos con el fin de que sea un lugar de encuentro para padres y madres que quieran vivir la educaci\u00f3n de sus hijos como algo m\u00e1s que enviarlos al centro escolar y que sirva de vinculo de uni\u00f3n entre padres y madres, colegio y [&hellip;]<\/p>\n","protected":false},"author":17948,"featured_media":0,"parent":0,"menu_order":0,"comment_status":"closed","ping_status":"closed","template":"","meta":{"_et_pb_use_builder":"on","_et_pb_old_content":"","_et_gb_content_width":"","ngg_post_thumbnail":0,"footnotes":""},"aioseo_notices":[],"_links":{"self":[{"href":"https:\/\/blogsaverroes.juntadeandalucia.es\/ceipsanroquetolox\/wp-json\/wp\/v2\/pages\/840"}],"collection":[{"href":"https:\/\/blogsaverroes.juntadeandalucia.es\/ceipsanroquetolox\/wp-json\/wp\/v2\/pages"}],"about":[{"href":"https:\/\/blogsaverroes.juntadeandalucia.es\/ceipsanroquetolox\/wp-json\/wp\/v2\/types\/page"}],"author":[{"embeddable":true,"href":"https:\/\/blogsaverroes.juntadeandalucia.es\/ceipsanroquetolox\/wp-json\/wp\/v2\/users\/17948"}],"replies":[{"embeddable":true,"href":"https:\/\/blogsaverroes.juntadeandalucia.es\/ceipsanroquetolox\/wp-json\/wp\/v2\/comments?post=840"}],"version-history":[{"count":2,"href":"https:\/\/blogsaverroes.juntadeandalucia.es\/ceipsanroquetolox\/wp-json\/wp\/v2\/pages\/840\/revisions"}],"predecessor-version":[{"id":3374,"href":"https:\/\/blogsaverroes.juntadeandalucia.es\/ceipsanroquetolox\/wp-json\/wp\/v2\/pages\/840\/revisions\/3374"}],"wp:attachment":[{"href":"https:\/\/blogsaverroes.juntadeandalucia.es\/ceipsanroquetolox\/wp-json\/wp\/v2\/media?parent=840"}],"curies":[{"name":"wp","href":"https:\/\/api.w.org\/{rel}","templated":true}]}}

<p>[et_pb_section fb_built=&#8221;1&#8243; _builder_version=&#8221;3.23.3&#8243; custom_padding=&#8221;0px||0px|&#8221; z_index_tablet=&#8221;500&#8243; box_shadow_horizontal_tablet=&#8221;0px&#8221; box_shadow_vertical_tablet=&#8221;0px&#8221; box_shadow_blur_tablet=&#8221;40px&#8221; box_shadow_spread_tablet=&#8221;0px&#8221; global_colors_info=&#8221;{}&#8221; admin_label=&#8221;Sección&#8221; collapsed=&#8221;off&#8221;][et_pb_row _builder_version=&#8221;3.25&#8243; background_size=&#8221;initial&#8221; background_position=&#8221;top_left&#8221; background_repeat=&#8221;repeat&#8221; global_colors_info=&#8221;{}&#8221; admin_label=&#8221;Fila&#8221; collapsed=&#8221;off&#8221;][et_pb_column type=&#8221;4_4&#8243; _builder_version=&#8221;3.25&#8243; custom_padding=&#8221;|||&#8221; global_colors_info=&#8221;{}&#8221; custom_padding__hover=&#8221;|||&#8221;][et_pb_image src=&#8221;https://blogsaverroes.juntadeandalucia.es/ceipsanroquetolox/files/2020/01/cabecera-interior-4.jpg&#8221; title_text=&#8221;cabecera-interior-4&#8243; admin_label=&#8221;Imagen de la portada&#8221; _builder_version=&#8221;4.14.5&#8243; hover_enabled=&#8221;0&#8243; z_index_tablet=&#8221;500&#8243; box_shadow_horizontal_tablet=&#8221;0px&#8221; box_shadow_vertical_tablet=&#8221;0px&#8221; box_shadow_blur_tablet=&#8221;40px&#8221; box_shadow_spread_tablet=&#8221;0px&#8221; global_colors_info=&#8221;{}&#8221; sticky_enabled=&#8221;0&#8243;][/et_pb_image][et_pb_text _builder_version=&#8221;4.14.5&#8243; _module_preset=&#8221;default&#8221; hover_enabled=&#8221;0&#8243; sticky_enabled=&#8221;0&#8243; admin_label=&#8221;Texto&#8221;]</p>
<div class="cw cf">
<div class="cw-c cf">
<div class="c cf pr pr-0 pr-150 pr-320 pr-365 pr-390 pr-400 pr-480 pr-600">
<div class="c-c cf">
<div class="b b-text cf">
<div class="b-c b-text-c b-s b-s-t60 b-s-b60 b-cs cf">
<h1>AMPA La Caina</h1>
<p>El AMPA La Caina se constituyo entre otros objetivos con el fin de que sea un lugar de encuentro para padres y madres que quieran vivir la educación de sus hijos como algo más que enviarlos al centro escolar y que sirva de vinculo de unión entre padres y madres, colegio y ayuntamiento intentando dar a nuestras familias asociadas los criterios y mecanismos para que participen activamente en la educación de sus hijos como educadores principales y primarios.<br />Entre nuestras finalidades os queremos destacar las siguientes:</p>
</div>
</div>
</div>
</div>
<div class="c cf pr pr-0 pr-150 pr-320 pr-365 pr-390 pr-400">
<div class="c-c cf">
<div id="wnd_ImageBlock_585437604" class="b-img b-img-default b b-s cf wnd-orientation-landscape wnd-type-image img-s-n">
<div class="b-img-w">
<div class="b-img-c"><img loading="lazy" decoding="async" id="wnd_ImageBlock_585437604_img" src="https://be3b9cd8a2.cbaul-cdnwnd.com/cda889eb1df71307ab906b69ca7c9b89/200000015-4909049092/ampa-9.jpg?ph=be3b9cd8a2" alt="" width="400" height="268"></div>
</div>
</div>
</div>
</div>
</div>
</div>
<div class="b b-text cf">
<div class="b-c b-text-c b-s b-s-t60 b-s-b60 b-cs cf">
<p>&#8211; Colaborar con el Colegio en todo lo que esté en su medida, tal como Semana Cultural, compra de material para el Colegio, viaje de Fin de Curso de los alumnos, o de cualquier otra actividad que se desarrolle en el Centro, cultural o humana, estrechar las relaciones entre Padres y Profesores, tener iniciativas para fomentar cualquier tipo de actividades escolares o extra-escolares.<br />-Asistir a los padres o tutores en todo aquello que concierne a la educación de sus hijos; colaborar en las actividades educativas del Centro, así como en las actividades complementarias y extraescolares, organizando y fomentando también actividades culturales y deportivas; promover la participación de los padres y madres en la gestión del Centro facilitando su participación en el Consejo Escolar; promover el desarrollo de programas de educación familiar; representar a los padres y madres ante las administraciones educativas, participar de forma activa en el consejo escolar por medio de un representante, colaborar con AMPAS de otros colegios por medio de la federación de AMPAS FDAPA etc.</p>
<p>En definitiva, ayudar y participar en las actividades del Colegio, de los padres y de los alumnos, complementando en la medida de lo posible el proyecto educativo del Centro.<br />Para poder llevar a cabo esta ardua tarea se necesita ilusión, ganas de trabajar, personas implicadas, tiempo, dedicación y, cómo no, dinero. Nuestro presupuesto se basa en las cuotas de los socios y en la organización de distintas actividades ( rifas, venta de loterias, etc) que sin animo de lucro y con el único fin de financiarnos a nosotros y al colegio realizamos, por eso cuantos más seamos mejor.</p>
<p class="wnd-align-left"><strong>Domicilio Fiscal: AMPA La Caina. C/ Encina, 62. C.P. 29109 Tolox. Málaga.</strong></p>
</div>
</div>
<p>[/et_pb_text][/et_pb_column][/et_pb_row][/et_pb_section]</p>

<p>AMPA La Caina El AMPA La Caina se constituyo entre otros objetivos con el fin de que sea un lugar de encuentro para padres y madres que quieran vivir la educación de sus hijos como algo más que enviarlos al centro escolar y que sirva de vinculo de unión entre padres y madres, colegio y [&hellip;]</p>
