{"id":2493,"date":"2017-12-04T06:47:30","date_gmt":"2017-12-04T06:47:30","guid":{"rendered":"https:\/\/blogsaverroes.juntadeandalucia.es\/ceipsanroquevillablanca\/?page_id=2493"},"modified":"2018-01-23T12:13:51","modified_gmt":"2018-01-23T12:13:51","slug":"edificio-de-primaria","status":"publish","type":"page","link":"https:\/\/blogsaverroes.juntadeandalucia.es\/ceipsanroquevillablanca\/edificio-de-primaria\/","title":{"rendered":"Primaria"},"content":{"rendered":"<p>Edificio de dos plantas, distribuidas en torno a un patio interior, que consta de doce aulas ordinarias, aulas de PT y AL, sala de AMPA, sal\u00f3n de usos m\u00faltiples, sala del profesorado, biblioteca, despachos, almac\u00e9n de recursos y conserjer\u00eda.<\/p>\n<p>Anexo al mismo y comunicado a trav\u00e9s del porche, se encuentra el gimnasio cubierto.<\/p>\n<p>La zona de recreo cuenta con dos pistas deportivas y una zona arbolada.<\/p>\n","protected":false},"excerpt":{"rendered":"<p>Edificio de dos plantas, distribuidas en torno a un patio interior, que consta de doce aulas ordinarias, aulas de PT y AL, sala de AMPA, sal\u00f3n de usos m\u00faltiples, sala del profesorado, biblioteca, despachos,&#46;&#46;&#46;<\/p>\n","protected":false},"author":5231,"featured_media":0,"parent":0,"menu_order":0,"comment_status":"closed","ping_status":"closed","template":"","meta":{"ngg_post_thumbnail":0,"footnotes":"","_mc_calendar":[]},"aioseo_notices":[],"_links":{"self":[{"href":"https:\/\/blogsaverroes.juntadeandalucia.es\/ceipsanroquevillablanca\/wp-json\/wp\/v2\/pages\/2493"}],"collection":[{"href":"https:\/\/blogsaverroes.juntadeandalucia.es\/ceipsanroquevillablanca\/wp-json\/wp\/v2\/pages"}],"about":[{"href":"https:\/\/blogsaverroes.juntadeandalucia.es\/ceipsanroquevillablanca\/wp-json\/wp\/v2\/types\/page"}],"author":[{"embeddable":true,"href":"https:\/\/blogsaverroes.juntadeandalucia.es\/ceipsanroquevillablanca\/wp-json\/wp\/v2\/users\/5231"}],"replies":[{"embeddable":true,"href":"https:\/\/blogsaverroes.juntadeandalucia.es\/ceipsanroquevillablanca\/wp-json\/wp\/v2\/comments?post=2493"}],"version-history":[{"count":6,"href":"https:\/\/blogsaverroes.juntadeandalucia.es\/ceipsanroquevillablanca\/wp-json\/wp\/v2\/pages\/2493\/revisions"}],"predecessor-version":[{"id":2671,"href":"https:\/\/blogsaverroes.juntadeandalucia.es\/ceipsanroquevillablanca\/wp-json\/wp\/v2\/pages\/2493\/revisions\/2671"}],"wp:attachment":[{"href":"https:\/\/blogsaverroes.juntadeandalucia.es\/ceipsanroquevillablanca\/wp-json\/wp\/v2\/media?parent=2493"}],"curies":[{"name":"wp","href":"https:\/\/api.w.org\/{rel}","templated":true}]}}