{"id":2498,"date":"2017-12-04T06:47:30","date_gmt":"2017-12-04T06:47:30","guid":{"rendered":"https:\/\/blogsaverroes.juntadeandalucia.es\/ceipsanroquevillablanca\/?page_id=2498"},"modified":"2018-01-23T12:59:13","modified_gmt":"2018-01-23T12:59:13","slug":"educacion-infantil-2","status":"publish","type":"page","link":"https:\/\/blogsaverroes.juntadeandalucia.es\/ceipsanroquevillablanca\/educacion-infantil-2\/","title":{"rendered":"Educaci\u00f3n Infantil"},"content":{"rendered":"<p>Siendo centro \u00fanico en la localidad, el n\u00famero de unidades en Infantil de 3, 4 y 5 a\u00f1os es variable en funci\u00f3n de la matr\u00edcula de cada curso escolar, lo que determina que unos niveles est\u00e9n desdoblados en dos unidades y otros, sin embargo, no. Como consecuencia las unidades desdobladas suelen contar con una ratio entre 15-18 alumnos y alumnas mientras que las que no se desdoblan&nbsp; suelen tener en torno a los 25 alumnas\/os de ratio.<\/p>\n","protected":false},"excerpt":{"rendered":"<p>Siendo centro \u00fanico en la localidad, el n\u00famero de unidades en Infantil de 3, 4 y 5 a\u00f1os es variable en funci\u00f3n de la matr\u00edcula de cada curso escolar, lo que determina que unos&#46;&#46;&#46;<\/p>\n","protected":false},"author":5231,"featured_media":0,"parent":0,"menu_order":0,"comment_status":"closed","ping_status":"closed","template":"","meta":{"ngg_post_thumbnail":0,"footnotes":"","_mc_calendar":[]},"aioseo_notices":[],"_links":{"self":[{"href":"https:\/\/blogsaverroes.juntadeandalucia.es\/ceipsanroquevillablanca\/wp-json\/wp\/v2\/pages\/2498"}],"collection":[{"href":"https:\/\/blogsaverroes.juntadeandalucia.es\/ceipsanroquevillablanca\/wp-json\/wp\/v2\/pages"}],"about":[{"href":"https:\/\/blogsaverroes.juntadeandalucia.es\/ceipsanroquevillablanca\/wp-json\/wp\/v2\/types\/page"}],"author":[{"embeddable":true,"href":"https:\/\/blogsaverroes.juntadeandalucia.es\/ceipsanroquevillablanca\/wp-json\/wp\/v2\/users\/5231"}],"replies":[{"embeddable":true,"href":"https:\/\/blogsaverroes.juntadeandalucia.es\/ceipsanroquevillablanca\/wp-json\/wp\/v2\/comments?post=2498"}],"version-history":[{"count":6,"href":"https:\/\/blogsaverroes.juntadeandalucia.es\/ceipsanroquevillablanca\/wp-json\/wp\/v2\/pages\/2498\/revisions"}],"predecessor-version":[{"id":2679,"href":"https:\/\/blogsaverroes.juntadeandalucia.es\/ceipsanroquevillablanca\/wp-json\/wp\/v2\/pages\/2498\/revisions\/2679"}],"wp:attachment":[{"href":"https:\/\/blogsaverroes.juntadeandalucia.es\/ceipsanroquevillablanca\/wp-json\/wp\/v2\/media?parent=2498"}],"curies":[{"name":"wp","href":"https:\/\/api.w.org\/{rel}","templated":true}]}}