{"id":2500,"date":"2017-12-04T06:47:30","date_gmt":"2017-12-04T06:47:30","guid":{"rendered":"https:\/\/blogsaverroes.juntadeandalucia.es\/ceipsanroquevillablanca\/?page_id=2500"},"modified":"2018-01-24T10:09:18","modified_gmt":"2018-01-24T10:09:18","slug":"pedagogia-terapeutica-2","status":"publish","type":"page","link":"https:\/\/blogsaverroes.juntadeandalucia.es\/ceipsanroquevillablanca\/pedagogia-terapeutica-2\/","title":{"rendered":"Pedagog\u00eda Terap\u00e9utica"},"content":{"rendered":"<p>Unidad, con especialista a tiempo completo, para atender al alumnado de Infantil y Primaria con necesidades espec\u00edficas de apoyo educativo&nbsp; que, seg\u00fan su&nbsp; diagn\u00f3stico y dictamen de escolarizaci\u00f3n,&nbsp; requieran atenci\u00f3n especializada en parte o a lo largo de su escolarizaci\u00f3n.&nbsp;&nbsp;<\/p>\n","protected":false},"excerpt":{"rendered":"<p>Unidad, con especialista a tiempo completo, para atender al alumnado de Infantil y Primaria con necesidades espec\u00edficas de apoyo educativo&nbsp; que, seg\u00fan su&nbsp; diagn\u00f3stico y dictamen de escolarizaci\u00f3n,&nbsp; requieran atenci\u00f3n especializada en parte o&#46;&#46;&#46;<\/p>\n","protected":false},"author":5231,"featured_media":0,"parent":0,"menu_order":0,"comment_status":"closed","ping_status":"closed","template":"","meta":{"ngg_post_thumbnail":0,"footnotes":"","_mc_calendar":[]},"aioseo_notices":[],"_links":{"self":[{"href":"https:\/\/blogsaverroes.juntadeandalucia.es\/ceipsanroquevillablanca\/wp-json\/wp\/v2\/pages\/2500"}],"collection":[{"href":"https:\/\/blogsaverroes.juntadeandalucia.es\/ceipsanroquevillablanca\/wp-json\/wp\/v2\/pages"}],"about":[{"href":"https:\/\/blogsaverroes.juntadeandalucia.es\/ceipsanroquevillablanca\/wp-json\/wp\/v2\/types\/page"}],"author":[{"embeddable":true,"href":"https:\/\/blogsaverroes.juntadeandalucia.es\/ceipsanroquevillablanca\/wp-json\/wp\/v2\/users\/5231"}],"replies":[{"embeddable":true,"href":"https:\/\/blogsaverroes.juntadeandalucia.es\/ceipsanroquevillablanca\/wp-json\/wp\/v2\/comments?post=2500"}],"version-history":[{"count":3,"href":"https:\/\/blogsaverroes.juntadeandalucia.es\/ceipsanroquevillablanca\/wp-json\/wp\/v2\/pages\/2500\/revisions"}],"predecessor-version":[{"id":2682,"href":"https:\/\/blogsaverroes.juntadeandalucia.es\/ceipsanroquevillablanca\/wp-json\/wp\/v2\/pages\/2500\/revisions\/2682"}],"wp:attachment":[{"href":"https:\/\/blogsaverroes.juntadeandalucia.es\/ceipsanroquevillablanca\/wp-json\/wp\/v2\/media?parent=2500"}],"curies":[{"name":"wp","href":"https:\/\/api.w.org\/{rel}","templated":true}]}}