{"id":2618,"date":"2017-12-04T10:19:57","date_gmt":"2017-12-04T10:19:57","guid":{"rendered":"https:\/\/blogsaverroes.juntadeandalucia.es\/ceipsanroquevillablanca\/?page_id=2618"},"modified":"2018-11-22T12:18:00","modified_gmt":"2018-11-22T12:18:00","slug":"equipo-directivo-2","status":"publish","type":"page","link":"https:\/\/blogsaverroes.juntadeandalucia.es\/ceipsanroquevillablanca\/equipo-directivo-2\/","title":{"rendered":"Equipo Directivo"},"content":{"rendered":"<p>Direcci\u00f3n: \u00d3scar Ranea Vivar.<\/p>\n<p>Jefatura de Estudios: Vanessa Bento G\u00f3nz\u00e1lez.&nbsp;<\/p>\n<p>Secretar\u00eda: Ver\u00f3nica Suero S\u00e1nchez.&nbsp;<\/p>\n","protected":false},"excerpt":{"rendered":"<p>Direcci\u00f3n: \u00d3scar Ranea Vivar. Jefatura de Estudios: Vanessa Bento G\u00f3nz\u00e1lez.&nbsp; Secretar\u00eda: Ver\u00f3nica Suero S\u00e1nchez.&nbsp;<\/p>\n","protected":false},"author":5231,"featured_media":0,"parent":0,"menu_order":0,"comment_status":"closed","ping_status":"closed","template":"","meta":{"ngg_post_thumbnail":0,"footnotes":"","_mc_calendar":[]},"aioseo_notices":[],"_links":{"self":[{"href":"https:\/\/blogsaverroes.juntadeandalucia.es\/ceipsanroquevillablanca\/wp-json\/wp\/v2\/pages\/2618"}],"collection":[{"href":"https:\/\/blogsaverroes.juntadeandalucia.es\/ceipsanroquevillablanca\/wp-json\/wp\/v2\/pages"}],"about":[{"href":"https:\/\/blogsaverroes.juntadeandalucia.es\/ceipsanroquevillablanca\/wp-json\/wp\/v2\/types\/page"}],"author":[{"embeddable":true,"href":"https:\/\/blogsaverroes.juntadeandalucia.es\/ceipsanroquevillablanca\/wp-json\/wp\/v2\/users\/5231"}],"replies":[{"embeddable":true,"href":"https:\/\/blogsaverroes.juntadeandalucia.es\/ceipsanroquevillablanca\/wp-json\/wp\/v2\/comments?post=2618"}],"version-history":[{"count":4,"href":"https:\/\/blogsaverroes.juntadeandalucia.es\/ceipsanroquevillablanca\/wp-json\/wp\/v2\/pages\/2618\/revisions"}],"predecessor-version":[{"id":2728,"href":"https:\/\/blogsaverroes.juntadeandalucia.es\/ceipsanroquevillablanca\/wp-json\/wp\/v2\/pages\/2618\/revisions\/2728"}],"wp:attachment":[{"href":"https:\/\/blogsaverroes.juntadeandalucia.es\/ceipsanroquevillablanca\/wp-json\/wp\/v2\/media?parent=2618"}],"curies":[{"name":"wp","href":"https:\/\/api.w.org\/{rel}","templated":true}]}}

<p>Dirección: Óscar Ranea Vivar.</p>
<p>Jefatura de Estudios: Vanessa Bento Gónzález.&nbsp;</p>
<p>Secretaría: Verónica Suero Sánchez.&nbsp;</p>

<p>Dirección: Óscar Ranea Vivar. Jefatura de Estudios: Vanessa Bento Gónzález.&nbsp; Secretaría: Verónica Suero Sánchez.&nbsp;</p>
