{"id":2620,"date":"2017-12-04T10:19:57","date_gmt":"2017-12-04T10:19:57","guid":{"rendered":"https:\/\/blogsaverroes.juntadeandalucia.es\/ceipsanroquevillablanca\/?page_id=2620"},"modified":"2018-11-28T11:59:44","modified_gmt":"2018-11-28T11:59:44","slug":"personal-no-docente","status":"publish","type":"page","link":"https:\/\/blogsaverroes.juntadeandalucia.es\/ceipsanroquevillablanca\/personal-no-docente\/","title":{"rendered":"Personal No Docente"},"content":{"rendered":"<p>Monitoras de Educaci\u00f3n Especial:&nbsp; Alicia Rodr\u00edguez Dom\u00ednguez&nbsp; y&nbsp; Lola Gonz\u00e1lez G\u00f3mez.<\/p>\n<p>Monitora de Apoyo Administrativo: M\u00aaDolores Gonz\u00e1lez Luis<\/p>\n<p>Monitoras de Infantil: Marta Gonz\u00e1lez Ruiz (monitora de apoyo a E. Infantil- Primer Trimestre).&nbsp;<\/p>\n<p>Conserje: Juan Barea Jim\u00e9nez<\/p>\n","protected":false},"excerpt":{"rendered":"<p>Monitoras de Educaci\u00f3n Especial:&nbsp; Alicia Rodr\u00edguez Dom\u00ednguez&nbsp; y&nbsp; Lola Gonz\u00e1lez G\u00f3mez. Monitora de Apoyo Administrativo: M\u00aaDolores Gonz\u00e1lez Luis Monitoras de Infantil: Marta Gonz\u00e1lez Ruiz (monitora de apoyo a E. Infantil- Primer Trimestre).&nbsp; Conserje: Juan&#46;&#46;&#46;<\/p>\n","protected":false},"author":5231,"featured_media":0,"parent":0,"menu_order":0,"comment_status":"closed","ping_status":"closed","template":"","meta":{"ngg_post_thumbnail":0,"footnotes":"","_mc_calendar":[]},"aioseo_notices":[],"_links":{"self":[{"href":"https:\/\/blogsaverroes.juntadeandalucia.es\/ceipsanroquevillablanca\/wp-json\/wp\/v2\/pages\/2620"}],"collection":[{"href":"https:\/\/blogsaverroes.juntadeandalucia.es\/ceipsanroquevillablanca\/wp-json\/wp\/v2\/pages"}],"about":[{"href":"https:\/\/blogsaverroes.juntadeandalucia.es\/ceipsanroquevillablanca\/wp-json\/wp\/v2\/types\/page"}],"author":[{"embeddable":true,"href":"https:\/\/blogsaverroes.juntadeandalucia.es\/ceipsanroquevillablanca\/wp-json\/wp\/v2\/users\/5231"}],"replies":[{"embeddable":true,"href":"https:\/\/blogsaverroes.juntadeandalucia.es\/ceipsanroquevillablanca\/wp-json\/wp\/v2\/comments?post=2620"}],"version-history":[{"count":5,"href":"https:\/\/blogsaverroes.juntadeandalucia.es\/ceipsanroquevillablanca\/wp-json\/wp\/v2\/pages\/2620\/revisions"}],"predecessor-version":[{"id":2733,"href":"https:\/\/blogsaverroes.juntadeandalucia.es\/ceipsanroquevillablanca\/wp-json\/wp\/v2\/pages\/2620\/revisions\/2733"}],"wp:attachment":[{"href":"https:\/\/blogsaverroes.juntadeandalucia.es\/ceipsanroquevillablanca\/wp-json\/wp\/v2\/media?parent=2620"}],"curies":[{"name":"wp","href":"https:\/\/api.w.org\/{rel}","templated":true}]}}