{"id":2621,"date":"2017-12-04T10:19:57","date_gmt":"2017-12-04T10:19:57","guid":{"rendered":"https:\/\/blogsaverroes.juntadeandalucia.es\/ceipsanroquevillablanca\/?page_id=2621"},"modified":"2019-01-14T12:12:49","modified_gmt":"2019-01-14T12:12:49","slug":"composicion-consejo-escolar","status":"publish","type":"page","link":"https:\/\/blogsaverroes.juntadeandalucia.es\/ceipsanroquevillablanca\/composicion-consejo-escolar\/","title":{"rendered":"Composici\u00f3n Consejo Escolar"},"content":{"rendered":"<p><span style=\"text-decoration: underline\"><strong>Equipo Directivo<\/strong><\/span><\/p>\n<p><strong>-. Director:<\/strong> \u00d3scar Ranea Vivar.&nbsp;<\/p>\n<p><strong>-. Jefa de Estudios:<\/strong> Vanessa Bento Gonz\u00e1lez.&nbsp;<\/p>\n<p><strong>-. Secretaria:<\/strong> Ver\u00f3nica Suero S\u00e1nchez.&nbsp;<\/p>\n<p><span style=\"text-decoration: underline\"><strong>Profesorado<\/strong><\/span><\/p>\n<p>-. Concepci\u00f3n Carmona Zalvide.&nbsp;<\/p>\n<p>-. Sonia Gallego Mart\u00edn.&nbsp;<\/p>\n<p>-. Pablo Hern\u00e1ndez G\u00f3mez.&nbsp;<\/p>\n<p>-. Mar\u00eda Isabel Reyes Evangelista.&nbsp;<\/p>\n<p>-. Ana Mar\u00eda Serrano Reyes.&nbsp;<\/p>\n<p><span style=\"text-decoration: underline\"><strong>Padres\/Madres<\/strong><\/span><\/p>\n<p>-. Estefan\u00eda Castro Bello.&nbsp;<\/p>\n<p>-. Blanca Gonz\u00e1lez Mart\u00edn.&nbsp;<\/p>\n<p>-. Blanca Ang\u00e9lica Mac\u00edas Morgado.&nbsp;<\/p>\n<p>-. Roc\u00edo Mora Gonz\u00e1lez.&nbsp;<\/p>\n<p>-. Francisco Jos\u00e9 Orta Cruz.&nbsp;<\/p>\n<p><strong><span style=\"text-decoration: underline\">Representante del AMPA:&nbsp;<\/span><\/strong><\/p>\n<p>-. Eva N\u00fa\u00f1ez Alfonso.&nbsp;<\/p>\n<p><span style=\"text-decoration: underline\"><strong>Representante del Ayuntamiento<\/strong><\/span><\/p>\n<p>-. Natalia Palma Castellano.&nbsp;<\/p>\n<p>&nbsp;<\/p>\n","protected":false},"excerpt":{"rendered":"<p>Equipo Directivo -. Director: \u00d3scar Ranea Vivar.&nbsp; -. Jefa de Estudios: Vanessa Bento Gonz\u00e1lez.&nbsp; -. Secretaria: Ver\u00f3nica Suero S\u00e1nchez.&nbsp; Profesorado -. Concepci\u00f3n Carmona Zalvide.&nbsp; -. Sonia Gallego Mart\u00edn.&nbsp; -. Pablo Hern\u00e1ndez G\u00f3mez.&nbsp; -. Mar\u00eda&#46;&#46;&#46;<\/p>\n","protected":false},"author":5231,"featured_media":0,"parent":0,"menu_order":0,"comment_status":"closed","ping_status":"closed","template":"","meta":{"ngg_post_thumbnail":0,"footnotes":"","_mc_calendar":[]},"aioseo_notices":[],"_links":{"self":[{"href":"https:\/\/blogsaverroes.juntadeandalucia.es\/ceipsanroquevillablanca\/wp-json\/wp\/v2\/pages\/2621"}],"collection":[{"href":"https:\/\/blogsaverroes.juntadeandalucia.es\/ceipsanroquevillablanca\/wp-json\/wp\/v2\/pages"}],"about":[{"href":"https:\/\/blogsaverroes.juntadeandalucia.es\/ceipsanroquevillablanca\/wp-json\/wp\/v2\/types\/page"}],"author":[{"embeddable":true,"href":"https:\/\/blogsaverroes.juntadeandalucia.es\/ceipsanroquevillablanca\/wp-json\/wp\/v2\/users\/5231"}],"replies":[{"embeddable":true,"href":"https:\/\/blogsaverroes.juntadeandalucia.es\/ceipsanroquevillablanca\/wp-json\/wp\/v2\/comments?post=2621"}],"version-history":[{"count":6,"href":"https:\/\/blogsaverroes.juntadeandalucia.es\/ceipsanroquevillablanca\/wp-json\/wp\/v2\/pages\/2621\/revisions"}],"predecessor-version":[{"id":2694,"href":"https:\/\/blogsaverroes.juntadeandalucia.es\/ceipsanroquevillablanca\/wp-json\/wp\/v2\/pages\/2621\/revisions\/2694"}],"wp:attachment":[{"href":"https:\/\/blogsaverroes.juntadeandalucia.es\/ceipsanroquevillablanca\/wp-json\/wp\/v2\/media?parent=2621"}],"curies":[{"name":"wp","href":"https:\/\/api.w.org\/{rel}","templated":true}]}}

Composición Consejo Escolar

<p><span style="text-decoration: underline"><strong>Equipo Directivo</strong></span></p>
<p><strong>-. Director:</strong> Óscar Ranea Vivar.&nbsp;</p>
<p><strong>-. Jefa de Estudios:</strong> Vanessa Bento González.&nbsp;</p>
<p><strong>-. Secretaria:</strong> Verónica Suero Sánchez.&nbsp;</p>
<p><span style="text-decoration: underline"><strong>Profesorado</strong></span></p>
<p>-. Concepción Carmona Zalvide.&nbsp;</p>
<p>-. Sonia Gallego Martín.&nbsp;</p>
<p>-. Pablo Hernández Gómez.&nbsp;</p>
<p>-. María Isabel Reyes Evangelista.&nbsp;</p>
<p>-. Ana María Serrano Reyes.&nbsp;</p>
<p><span style="text-decoration: underline"><strong>Padres/Madres</strong></span></p>
<p>-. Estefanía Castro Bello.&nbsp;</p>
<p>-. Blanca González Martín.&nbsp;</p>
<p>-. Blanca Angélica Macías Morgado.&nbsp;</p>
<p>-. Rocío Mora González.&nbsp;</p>
<p>-. Francisco José Orta Cruz.&nbsp;</p>
<p><strong><span style="text-decoration: underline">Representante del AMPA:&nbsp;</span></strong></p>
<p>-. Eva Núñez Alfonso.&nbsp;</p>
<p><span style="text-decoration: underline"><strong>Representante del Ayuntamiento</strong></span></p>
<p>-. Natalia Palma Castellano.&nbsp;</p>
<p>&nbsp;</p>

<p>Equipo Directivo -. Director: Óscar Ranea Vivar.&nbsp; -. Jefa de Estudios: Vanessa Bento González.&nbsp; -. Secretaria: Verónica Suero Sánchez.&nbsp; Profesorado -. Concepción Carmona Zalvide.&nbsp; -. Sonia Gallego Martín.&nbsp; -. Pablo Hernández Gómez.&nbsp; -. María&#46;&#46;&#46;</p>
