{"id":2150,"date":"2023-09-04T14:00:06","date_gmt":"2023-09-04T12:00:06","guid":{"rendered":"http:\/\/blogsaverroes.juntadeandalucia.es\/ceipsansebastian\/?page_id=2150"},"modified":"2025-10-10T19:43:28","modified_gmt":"2025-10-10T17:43:28","slug":"bienvenidos-a-la-web-del-ceip-san-sebastian","status":"publish","type":"page","link":"https:\/\/blogsaverroes.juntadeandalucia.es\/ceipsansebastian\/","title":{"rendered":"BIENVENIDOS AL CURSO 2025\/2026"},"content":{"rendered":"<p><a href=\"http:\/\/blogsaverroes.juntadeandalucia.es\/ceipsansebastian\/files\/2016\/04\/IMG-20160413-WA0008.jpg\"><img loading=\"lazy\" decoding=\"async\" class=\"wp-image-2189 size-large\" src=\"http:\/\/blogsaverroes.juntadeandalucia.es\/ceipsansebastian\/files\/2016\/04\/IMG-20160413-WA0008-1024x683.jpg\" alt=\"Fachada del edificio principal del CEIP. SAN SEBASTI\u00c1N\" width=\"720\" height=\"480\" srcset=\"https:\/\/blogsaverroes.juntadeandalucia.es\/ceipsansebastian\/files\/2016\/04\/IMG-20160413-WA0008-1024x683.jpg 1024w, https:\/\/blogsaverroes.juntadeandalucia.es\/ceipsansebastian\/files\/2016\/04\/IMG-20160413-WA0008-300x200.jpg 300w, https:\/\/blogsaverroes.juntadeandalucia.es\/ceipsansebastian\/files\/2016\/04\/IMG-20160413-WA0008.jpg 1599w\" sizes=\"(max-width: 720px) 100vw, 720px\" \/><\/a><\/p>\n<h1 style=\"text-align: center\"><span style=\"text-decoration: underline\"><span style=\"color: #0000ff;text-decoration: underline\">BIENVENIDOS_AL_CURSO_2025\/2026.<\/span><\/span><\/h1>\n<h4 style=\"text-align: justify\">&nbsp; &nbsp; Estimadas familias, <span style=\"color: #3366ff\">el inicio del curso 2025\/2026<\/span> est\u00e1 muy cerca.&nbsp;<\/h4>\n<h3 style=\"text-align: center\">&nbsp; &nbsp;El profesorado del Centro les desea un \u00abFeliz Inicio de Curso\u00bb<\/h3>\n<p>&nbsp;<\/p>\n<h1 style=\"text-align: center\">&nbsp; &nbsp; &nbsp; &nbsp; &nbsp;<span style=\"text-decoration: underline;color: #0000ff\">Si_necesita_contactar_con_el_Centro:<\/span><\/h1>\n<h3 style=\"text-align: center\">&nbsp;&nbsp;&nbsp;&nbsp;&nbsp;&nbsp;&nbsp;&nbsp;&nbsp;&nbsp;&nbsp;&nbsp;<span style=\"text-decoration: underline;color: #ff0000\"> Tel\u00e9fono:<\/span> 950359527<\/h3>\n<h3 style=\"text-align: center\">&nbsp;&nbsp;&nbsp;&nbsp;&nbsp;&nbsp;&nbsp;&nbsp;&nbsp;&nbsp;&nbsp;<span style=\"color: #ff0000\">&nbsp;<span style=\"text-decoration: underline\">&nbsp;E-mail:<\/span><\/span> 04002519edu@juntadeandalucia.es<\/h3>\n<h3 style=\"text-align: center\">&nbsp;&nbsp;&nbsp;&nbsp;&nbsp;&nbsp;&nbsp;&nbsp;&nbsp;&nbsp;&nbsp;&nbsp;&nbsp;<span style=\"text-decoration: underline;color: #ff0000\">Direcci\u00f3n:<\/span> Calle Pedro Tena, 1. Fi\u00f1ana<\/h3>\n<p>&nbsp;<\/p>\n<h4><span style=\"text-decoration: underline\">INFORMACI\u00d3N DEL CENTRO:<\/span><\/h4>\n<h4 style=\"text-align: justify\">&nbsp; &nbsp;EL \u00abCEIP SAN SEBASTI\u00c1N DE FI\u00d1ANA\u00bb, se termin\u00f3 de construir hacia el 1964. Hay constancia documental que el primer curso que funcion\u00f3 fue el 1964\/1965. Las obras de reforma estructural y sustituci\u00f3n de soler\u00eda terminaron en el a\u00f1o 2014.<\/h4>\n<p>FACEBOOK: https:\/\/www.facebook.com\/profile.php?id=100074203727884&amp;sk=about_privacy_and_legal_info&amp;locale=es_ES<\/p>\n<p>INSTAGRAM: https:\/\/www.instagram.com\/ceipsansebastian?igsh=azZ3cjFpZnNvY2Jx<\/p>\n<p>&nbsp;<\/p>\n","protected":false},"excerpt":{"rendered":"<p>BIENVENIDOS_AL_CURSO_2025\/2026. &nbsp; &nbsp; Estimadas familias, el inicio del curso 2025\/2026 est\u00e1 muy cerca.&nbsp; &nbsp; &nbsp;El profesorado del Centro les desea un \u00abFeliz Inicio de Curso\u00bb&hellip;<\/p>\n","protected":false},"author":3474,"featured_media":0,"parent":0,"menu_order":0,"comment_status":"open","ping_status":"open","template":"","meta":{"ngg_post_thumbnail":0,"footnotes":"","_mc_calendar":[]},"aioseo_notices":[],"_links":{"self":[{"href":"https:\/\/blogsaverroes.juntadeandalucia.es\/ceipsansebastian\/wp-json\/wp\/v2\/pages\/2150"}],"collection":[{"href":"https:\/\/blogsaverroes.juntadeandalucia.es\/ceipsansebastian\/wp-json\/wp\/v2\/pages"}],"about":[{"href":"https:\/\/blogsaverroes.juntadeandalucia.es\/ceipsansebastian\/wp-json\/wp\/v2\/types\/page"}],"author":[{"embeddable":true,"href":"https:\/\/blogsaverroes.juntadeandalucia.es\/ceipsansebastian\/wp-json\/wp\/v2\/users\/3474"}],"replies":[{"embeddable":true,"href":"https:\/\/blogsaverroes.juntadeandalucia.es\/ceipsansebastian\/wp-json\/wp\/v2\/comments?post=2150"}],"version-history":[{"count":25,"href":"https:\/\/blogsaverroes.juntadeandalucia.es\/ceipsansebastian\/wp-json\/wp\/v2\/pages\/2150\/revisions"}],"predecessor-version":[{"id":4271,"href":"https:\/\/blogsaverroes.juntadeandalucia.es\/ceipsansebastian\/wp-json\/wp\/v2\/pages\/2150\/revisions\/4271"}],"wp:attachment":[{"href":"https:\/\/blogsaverroes.juntadeandalucia.es\/ceipsansebastian\/wp-json\/wp\/v2\/media?parent=2150"}],"curies":[{"name":"wp","href":"https:\/\/api.w.org\/{rel}","templated":true}]}}