{"id":2965,"date":"2021-01-29T10:48:46","date_gmt":"2021-01-29T09:48:46","guid":{"rendered":"http:\/\/blogsaverroes.juntadeandalucia.es\/ceipsansebastian\/?page_id=2965"},"modified":"2024-11-06T12:01:04","modified_gmt":"2024-11-06T11:01:04","slug":"escuela-espacio-de-paz","status":"publish","type":"page","link":"https:\/\/blogsaverroes.juntadeandalucia.es\/ceipsansebastian\/planes-y-proyectos\/escuela-espacio-de-paz\/","title":{"rendered":"RED ANDALUZA ESCUELA: \u00abESPACIO DE PAZ\u00bb"},"content":{"rendered":"<p>Con este Plan, nuestro Centro pretende trabajar los siguientes \u00e1mbitos:<\/p>\n<p><strong><span style=\"text-decoration: underline\">\u00c1mbito 1:<\/span> <\/strong>Promoci\u00f3n de la convivencia: desarrollo de valores, actitudes , habilidades y h\u00e1bitos.<strong><br \/>\n<\/strong><\/p>\n<p><strong><span style=\"text-decoration: underline\">Ambito 2:<\/span> <\/strong>Prevenci\u00f3n de situaciones de riesgo para la convivencia.<strong><br \/>\n<\/strong><\/p>\n<p><strong>&nbsp; &nbsp;<\/strong><span style=\"text-decoration: underline\"><strong>Objetivos a mejorar dentro de ese \u00e1mbito: <\/strong><\/span><\/p>\n<ul>\n<li>Llevar a cabo actuaciones espec\u00edficas que faciliten el desarrollo de grupos cohesionados, donde la comunicaci\u00f3n, la confianza, la aceptaci\u00f3n, la ayuda mutua, el respeto y la inclusi\u00f3n sean principios b\u00e1sicos de funcionamiento.<\/li>\n<li>Llevar a cabo estrategias para detectar situaciones de violencia o acoso.<\/li>\n<\/ul>\n<p>&nbsp;<\/p>\n<p>&nbsp;<\/p>\n","protected":false},"excerpt":{"rendered":"<p>Con este Plan, nuestro Centro pretende trabajar los siguientes \u00e1mbitos: \u00c1mbito 1: Promoci\u00f3n de la convivencia: desarrollo de valores, actitudes , habilidades y h\u00e1bitos. Ambito&hellip;<\/p>\n","protected":false},"author":3474,"featured_media":0,"parent":44,"menu_order":0,"comment_status":"closed","ping_status":"closed","template":"","meta":{"ngg_post_thumbnail":0,"footnotes":"","_mc_calendar":[]},"aioseo_notices":[],"_links":{"self":[{"href":"https:\/\/blogsaverroes.juntadeandalucia.es\/ceipsansebastian\/wp-json\/wp\/v2\/pages\/2965"}],"collection":[{"href":"https:\/\/blogsaverroes.juntadeandalucia.es\/ceipsansebastian\/wp-json\/wp\/v2\/pages"}],"about":[{"href":"https:\/\/blogsaverroes.juntadeandalucia.es\/ceipsansebastian\/wp-json\/wp\/v2\/types\/page"}],"author":[{"embeddable":true,"href":"https:\/\/blogsaverroes.juntadeandalucia.es\/ceipsansebastian\/wp-json\/wp\/v2\/users\/3474"}],"replies":[{"embeddable":true,"href":"https:\/\/blogsaverroes.juntadeandalucia.es\/ceipsansebastian\/wp-json\/wp\/v2\/comments?post=2965"}],"version-history":[{"count":8,"href":"https:\/\/blogsaverroes.juntadeandalucia.es\/ceipsansebastian\/wp-json\/wp\/v2\/pages\/2965\/revisions"}],"predecessor-version":[{"id":4249,"href":"https:\/\/blogsaverroes.juntadeandalucia.es\/ceipsansebastian\/wp-json\/wp\/v2\/pages\/2965\/revisions\/4249"}],"up":[{"embeddable":true,"href":"https:\/\/blogsaverroes.juntadeandalucia.es\/ceipsansebastian\/wp-json\/wp\/v2\/pages\/44"}],"wp:attachment":[{"href":"https:\/\/blogsaverroes.juntadeandalucia.es\/ceipsansebastian\/wp-json\/wp\/v2\/media?parent=2965"}],"curies":[{"name":"wp","href":"https:\/\/api.w.org\/{rel}","templated":true}]}}