{"id":3122,"date":"2021-04-27T12:49:24","date_gmt":"2021-04-27T10:49:24","guid":{"rendered":"http:\/\/blogsaverroes.juntadeandalucia.es\/ceipsansebastian\/?page_id=3122"},"modified":"2021-04-27T12:52:33","modified_gmt":"2021-04-27T10:52:33","slug":"documentos-digitalizados","status":"publish","type":"page","link":"https:\/\/blogsaverroes.juntadeandalucia.es\/ceipsansebastian\/documentos-digitalizados\/","title":{"rendered":"Documentos digitalizados"},"content":{"rendered":"<p>Aqu\u00ed puedes encontrar todos los documentos necesarios para el desempe\u00f1o de la tutor\u00eda.<\/p>\n<p><a href=\"https:\/\/blogsaverroes.juntadeandalucia.es\/ceipsansebastian\/files\/2020\/10\/SolicitudPeriodoAdaptaci\u00f3n.odt\">SolicitudPeriodoAdaptaci\u00f3n<\/a><\/p>\n<p><a href=\"https:\/\/blogsaverroes.juntadeandalucia.es\/ceipsansebastian\/files\/2020\/10\/ACTA-DELEGADOS.odt\">ACTA DELEGADOS<\/a><\/p>\n<p><a href=\"https:\/\/blogsaverroes.juntadeandalucia.es\/ceipsansebastian\/files\/2020\/10\/AutcionSalidaClase.odt\">AutcionSalidaClase<\/a><\/p>\n<p><a href=\"https:\/\/blogsaverroes.juntadeandalucia.es\/ceipsansebastian\/files\/2020\/10\/Programa-de-recuperaci\u00f3n-y-PRANA-modelo-completo.odt\">Programa de recuperaci\u00f3n y PRANA modelo completo<\/a><\/p>\n<p><a href=\"https:\/\/blogsaverroes.juntadeandalucia.es\/ceipsansebastian\/files\/2020\/10\/AutcionSalidas.odt\">AutcionSalidas<\/a><\/p>\n<p><a href=\"https:\/\/blogsaverroes.juntadeandalucia.es\/ceipsansebastian\/files\/2020\/10\/AutorizacionSalidasGeneral.odt\">AutorizacionSalidasGeneral<\/a><\/p>\n<p><a href=\"https:\/\/blogsaverroes.juntadeandalucia.es\/ceipsansebastian\/files\/2020\/10\/PlantillaTemporEspecialidades.odt\">PlantillaTemporEspecialidades<\/a><\/p>\n<p><a href=\"https:\/\/blogsaverroes.juntadeandalucia.es\/ceipsansebastian\/files\/2020\/10\/AutorizProtecDatos.odt\">AutorizProtecDatos<\/a><\/p>\n<p><a href=\"https:\/\/blogsaverroes.juntadeandalucia.es\/ceipsansebastian\/files\/2020\/10\/ProtocolosNEAE.odt\">ProtocolosNEAE<\/a><\/p>\n<p><a href=\"https:\/\/blogsaverroes.juntadeandalucia.es\/ceipsansebastian\/files\/2020\/10\/ActaVotaDelegPadres.odt\">ActaVotaDelegPadres<\/a><\/p>\n<p><a href=\"https:\/\/blogsaverroes.juntadeandalucia.es\/ceipsansebastian\/files\/2020\/10\/ReuniTutoconPadres.odt\">ReuniTutoconPadres<\/a> <a href=\"https:\/\/blogsaverroes.juntadeandalucia.es\/ceipsansebastian\/files\/2020\/10\/JUSTIFALTASASISTENCIA.odt\">JUSTIFALTASASISTENCIA<\/a><\/p>\n<p><a href=\"https:\/\/blogsaverroes.juntadeandalucia.es\/ceipsansebastian\/files\/2020\/10\/Plantilla-sello-Junta.odt\">Plantilla sello Junta<\/a><\/p>\n<p><a href=\"https:\/\/blogsaverroes.juntadeandalucia.es\/ceipsansebastian\/files\/2020\/10\/PlantillaTemporTutoriales.odt\">PlantillaTemporTutoriales<\/a><\/p>\n<p><a href=\"https:\/\/blogsaverroes.juntadeandalucia.es\/ceipsansebastian\/files\/2020\/10\/CompromColaboFami.odt\">CompromColaboFami<\/a><\/p>\n<p><a href=\"https:\/\/blogsaverroes.juntadeandalucia.es\/ceipsansebastian\/files\/2020\/10\/Notificaci\u00f3nAbsentismo.odt\">Notificaci\u00f3nAbsentismo<\/a><\/p>\n<p><a href=\"https:\/\/blogsaverroes.juntadeandalucia.es\/ceipsansebastian\/files\/2020\/10\/EFEMERIDES.odt\">EFEMERIDES<\/a><\/p>\n<p><a href=\"https:\/\/blogsaverroes.juntadeandalucia.es\/ceipsansebastian\/files\/2020\/10\/ControlBiblioAula.odt\">ControlBiblioAula<\/a><\/p>\n<p><a href=\"https:\/\/blogsaverroes.juntadeandalucia.es\/ceipsansebastian\/files\/2020\/10\/Hoja-firmas-padres-recogida-boletines.odt\">Hoja firmas padres recogida boletines<\/a><\/p>\n<p><a href=\"https:\/\/blogsaverroes.juntadeandalucia.es\/ceipsansebastian\/files\/2020\/10\/FichaSeguimLectuCasa.odt\">FichaSeguimLectuCasa<\/a><\/p>\n<p><a href=\"https:\/\/blogsaverroes.juntadeandalucia.es\/ceipsansebastian\/files\/2020\/10\/ACTA-EQUIPO-DOCENTE-NEAE.pdf\">ACTA EQUIPO DOCENTE NEAE<\/a><\/p>\n<p><a href=\"https:\/\/blogsaverroes.juntadeandalucia.es\/ceipsansebastian\/files\/2020\/10\/Autorizaci\u00f3n-recogida-alumnos.odt\">Autorizaci\u00f3n recogida alumnos<\/a><\/p>\n","protected":false},"excerpt":{"rendered":"<p>Aqu\u00ed puedes encontrar todos los documentos necesarios para el desempe\u00f1o de la tutor\u00eda. SolicitudPeriodoAdaptaci\u00f3n ACTA DELEGADOS AutcionSalidaClase Programa de recuperaci\u00f3n y PRANA modelo completo AutcionSalidas&hellip;<\/p>\n","protected":false},"author":3474,"featured_media":0,"parent":0,"menu_order":0,"comment_status":"closed","ping_status":"closed","template":"","meta":{"ngg_post_thumbnail":0,"footnotes":"","_mc_calendar":[]},"aioseo_notices":[],"_links":{"self":[{"href":"https:\/\/blogsaverroes.juntadeandalucia.es\/ceipsansebastian\/wp-json\/wp\/v2\/pages\/3122"}],"collection":[{"href":"https:\/\/blogsaverroes.juntadeandalucia.es\/ceipsansebastian\/wp-json\/wp\/v2\/pages"}],"about":[{"href":"https:\/\/blogsaverroes.juntadeandalucia.es\/ceipsansebastian\/wp-json\/wp\/v2\/types\/page"}],"author":[{"embeddable":true,"href":"https:\/\/blogsaverroes.juntadeandalucia.es\/ceipsansebastian\/wp-json\/wp\/v2\/users\/3474"}],"replies":[{"embeddable":true,"href":"https:\/\/blogsaverroes.juntadeandalucia.es\/ceipsansebastian\/wp-json\/wp\/v2\/comments?post=3122"}],"version-history":[{"count":2,"href":"https:\/\/blogsaverroes.juntadeandalucia.es\/ceipsansebastian\/wp-json\/wp\/v2\/pages\/3122\/revisions"}],"predecessor-version":[{"id":3124,"href":"https:\/\/blogsaverroes.juntadeandalucia.es\/ceipsansebastian\/wp-json\/wp\/v2\/pages\/3122\/revisions\/3124"}],"wp:attachment":[{"href":"https:\/\/blogsaverroes.juntadeandalucia.es\/ceipsansebastian\/wp-json\/wp\/v2\/media?parent=3122"}],"curies":[{"name":"wp","href":"https:\/\/api.w.org\/{rel}","templated":true}]}}