{"id":3135,"date":"2021-04-29T11:35:35","date_gmt":"2021-04-29T09:35:35","guid":{"rendered":"http:\/\/blogsaverroes.juntadeandalucia.es\/ceipsansebastian\/?page_id=3135"},"modified":"2021-05-02T22:56:28","modified_gmt":"2021-05-02T20:56:28","slug":"dia-del-libro-23-de-abril","status":"publish","type":"page","link":"https:\/\/blogsaverroes.juntadeandalucia.es\/ceipsansebastian\/dia-del-libro-23-de-abril\/","title":{"rendered":"D\u00eda del libro, 23 de abril"},"content":{"rendered":"<p style=\"text-align: center\">Ha llegado el d\u00eda del libro a nuestro cole, para que nuestros alumnos y alumnas disfruten de la emocionante actividad de la <strong>LECTURA<\/strong> hemos organizado diferentes actividades.<\/p>\n<p>A nivel de centro se ha realizado un <strong>concurso de marcap\u00e1ginas<\/strong>, bajo el lema<em> &#8216;Los cuentos de siempre&#8217;,<\/em> gracias a la iniciativa de la coordinadora de biblioteca, Carmela. Nuestro ni\u00f1os y ni\u00f1as han echado a volar su imaginaci\u00f3n dibujando un cuento popular y escribiendo un peque\u00f1o fragmento de la obra elegida&#8230;Comprobad vosotros mismos&nbsp; que grandes artistas tenemos en el colegio&#8230;<\/p>\n<p><img loading=\"lazy\" decoding=\"async\" src=\"https:\/\/blogsaverroes.juntadeandalucia.es\/ceipsansebastian\/wp-content\/uploads\/sites\/1821\/nggallery\/actividades-complementarias\/IMG-20210423-WA0005.jpg\" alt=\"IMG-20210423-WA0005\" width=\"159\" height=\"336\"\/><img loading=\"lazy\" decoding=\"async\" src=\"https:\/\/blogsaverroes.juntadeandalucia.es\/ceipsansebastian\/wp-content\/uploads\/sites\/1821\/nggallery\/actividades-complementarias\/IMG-20210423-WA0010.jpg\" alt=\"IMG-20210423-WA0010\" width=\"214\" height=\"285\"\/><img loading=\"lazy\" decoding=\"async\" src=\"https:\/\/blogsaverroes.juntadeandalucia.es\/ceipsansebastian\/wp-content\/uploads\/sites\/1821\/nggallery\/actividades-complementarias\/IMG-20210423-WA0007.jpg\" alt=\"IMG-20210423-WA0007\" width=\"229\" height=\"305\"\/><img loading=\"lazy\" decoding=\"async\" src=\"https:\/\/blogsaverroes.juntadeandalucia.es\/ceipsansebastian\/wp-content\/uploads\/sites\/1821\/nggallery\/actividades-complementarias\/IMG-20210423-WA0006.jpg\" alt=\"IMG-20210423-WA0006\" width=\"145\" height=\"257\"\/><\/p>\n<p style=\"text-align: center\"><strong>Y los ganadores han conseguido un fant\u00e1stico libro<\/strong><\/p>\n<p><img loading=\"lazy\" decoding=\"async\" class=\"aligncenter\" src=\"https:\/\/blogsaverroes.juntadeandalucia.es\/ceipsansebastian\/wp-content\/uploads\/sites\/1821\/nggallery\/actividades-complementarias\/Ganadoras-Marca-p%C3%A1ginas.jpg\" alt=\"Ganadoras-Marca-p\u00e1ginas\" width=\"289\" height=\"406\"\/><\/p>\n<p><img loading=\"lazy\" decoding=\"async\" src=\"https:\/\/blogsaverroes.juntadeandalucia.es\/ceipsansebastian\/wp-content\/uploads\/sites\/1821\/nggallery\/actividades-complementarias\/IMG-20210429-WA0006.jpg\" alt=\"Ganadora Ed Infantil\" width=\"245\" height=\"327\"\/><img loading=\"lazy\" decoding=\"async\" src=\"https:\/\/blogsaverroes.juntadeandalucia.es\/ceipsansebastian\/wp-content\/uploads\/sites\/1821\/nggallery\/actividades-complementarias\/IMG-20210429-WA0005.jpg\" alt=\"Ed especial\" width=\"245\" height=\"327\"\/><img loading=\"lazy\" decoding=\"async\" src=\"https:\/\/blogsaverroes.juntadeandalucia.es\/ceipsansebastian\/wp-content\/uploads\/sites\/1821\/nggallery\/actividades-complementarias\/IMG-20210429-WA0007.jpg\" alt=\"Primer ciclo\" width=\"245\" height=\"327\"\/><\/p>\n<p><img loading=\"lazy\" decoding=\"async\" src=\"https:\/\/blogsaverroes.juntadeandalucia.es\/ceipsansebastian\/wp-content\/uploads\/sites\/1821\/nggallery\/actividades-complementarias\/IMG-20210429-WA0004.jpg\" alt=\"3\u00ba ciclo\" width=\"238\" height=\"317\"\/><img loading=\"lazy\" decoding=\"async\" src=\"https:\/\/blogsaverroes.juntadeandalucia.es\/ceipsansebastian\/wp-content\/uploads\/sites\/1821\/nggallery\/actividades-complementarias\/IMG-20210429-WA0008.jpg\" alt=\"2\u00ba ciclo\" width=\"238\" height=\"317\"\/><\/p>\n<p style=\"text-align: center\">Adem\u00e1s cada ciclo ha organizado <strong>multiples actividades:<\/strong><\/p>\n<p style=\"text-align: left\"><strong>1\u00ba Ciclo:<\/strong> El alumnado ha grabado un video recomendando su libro favorito y el motivo por el que lo recomienda.<\/p>\n<p style=\"text-align: left\"><strong>2\u00ba Ciclo:<\/strong> &#8216;Bingo literario&#8217;, consiste en ir leyendo una serie de t\u00edtulos seleccionados para conseguir objetivos que se ir\u00e1n b0rrando de una lista. Otra actividad son los &#8216;Cl\u00e1sicos cruzados&#8217; donde el alumnado deber\u00e1 inventar nuevas historias mezclando los hechos y personajes de diferentes cuentos cl\u00e1sicos.<\/p>\n<p style=\"text-align: left\"><strong>3\u00ba ciclo:<\/strong> &#8216;Dados cuentahistorias&#8217; en el curso de 5\u00ba, &#8216;Booktrailer&#8217; en el \u00e1rea de ingl\u00e9s donde los alumnos grabar\u00e1n audios-trailer de libros elegidos y la organizaci\u00f3n de un Escape Room en 6\u00ba de primaria.<\/p>\n","protected":false},"excerpt":{"rendered":"<p>Ha llegado el d\u00eda del libro a nuestro cole, para que nuestros alumnos y alumnas disfruten de la emocionante actividad de la LECTURA hemos organizado&hellip;<\/p>\n","protected":false},"author":3474,"featured_media":0,"parent":0,"menu_order":0,"comment_status":"closed","ping_status":"closed","template":"","meta":{"ngg_post_thumbnail":0,"footnotes":"","_mc_calendar":[]},"aioseo_notices":[],"_links":{"self":[{"href":"https:\/\/blogsaverroes.juntadeandalucia.es\/ceipsansebastian\/wp-json\/wp\/v2\/pages\/3135"}],"collection":[{"href":"https:\/\/blogsaverroes.juntadeandalucia.es\/ceipsansebastian\/wp-json\/wp\/v2\/pages"}],"about":[{"href":"https:\/\/blogsaverroes.juntadeandalucia.es\/ceipsansebastian\/wp-json\/wp\/v2\/types\/page"}],"author":[{"embeddable":true,"href":"https:\/\/blogsaverroes.juntadeandalucia.es\/ceipsansebastian\/wp-json\/wp\/v2\/users\/3474"}],"replies":[{"embeddable":true,"href":"https:\/\/blogsaverroes.juntadeandalucia.es\/ceipsansebastian\/wp-json\/wp\/v2\/comments?post=3135"}],"version-history":[{"count":8,"href":"https:\/\/blogsaverroes.juntadeandalucia.es\/ceipsansebastian\/wp-json\/wp\/v2\/pages\/3135\/revisions"}],"predecessor-version":[{"id":3180,"href":"https:\/\/blogsaverroes.juntadeandalucia.es\/ceipsansebastian\/wp-json\/wp\/v2\/pages\/3135\/revisions\/3180"}],"wp:attachment":[{"href":"https:\/\/blogsaverroes.juntadeandalucia.es\/ceipsansebastian\/wp-json\/wp\/v2\/media?parent=3135"}],"curies":[{"name":"wp","href":"https:\/\/api.w.org\/{rel}","templated":true}]}}