{"id":3158,"date":"2021-05-01T18:45:02","date_gmt":"2021-05-01T16:45:02","guid":{"rendered":"http:\/\/blogsaverroes.juntadeandalucia.es\/ceipsansebastian\/?page_id=3158"},"modified":"2021-11-11T21:23:19","modified_gmt":"2021-11-11T20:23:19","slug":"conociendo-a-nuestra-clase","status":"publish","type":"page","link":"https:\/\/blogsaverroes.juntadeandalucia.es\/ceipsansebastian\/conociendo-a-nuestra-clase\/","title":{"rendered":"CONOCIENDO A NUESTRA CLASE."},"content":{"rendered":"<h1 style=\"text-align: center\"><span style=\"color: #3366ff\">\u00abCONOCIENDO A NUESTRA CLASE\u00bb<\/span><\/h1>\n<p style=\"text-align: justify\">&nbsp; &nbsp;Con este programa se pretende que el alumnado del Centro conozca un poquito m\u00e1s a sus compa\u00f1eros y compa\u00f1eras. El encargado de realizarlo ser\u00e1 el tercer ciclo de EP.<\/p>\n<p>&nbsp;<\/p>\n","protected":false},"excerpt":{"rendered":"<p>\u00abCONOCIENDO A NUESTRA CLASE\u00bb &nbsp; &nbsp;Con este programa se pretende que el alumnado del Centro conozca un poquito m\u00e1s a sus compa\u00f1eros y compa\u00f1eras. El&hellip;<\/p>\n","protected":false},"author":3474,"featured_media":0,"parent":0,"menu_order":0,"comment_status":"closed","ping_status":"closed","template":"","meta":{"ngg_post_thumbnail":0,"footnotes":"","_mc_calendar":[]},"aioseo_notices":[],"_links":{"self":[{"href":"https:\/\/blogsaverroes.juntadeandalucia.es\/ceipsansebastian\/wp-json\/wp\/v2\/pages\/3158"}],"collection":[{"href":"https:\/\/blogsaverroes.juntadeandalucia.es\/ceipsansebastian\/wp-json\/wp\/v2\/pages"}],"about":[{"href":"https:\/\/blogsaverroes.juntadeandalucia.es\/ceipsansebastian\/wp-json\/wp\/v2\/types\/page"}],"author":[{"embeddable":true,"href":"https:\/\/blogsaverroes.juntadeandalucia.es\/ceipsansebastian\/wp-json\/wp\/v2\/users\/3474"}],"replies":[{"embeddable":true,"href":"https:\/\/blogsaverroes.juntadeandalucia.es\/ceipsansebastian\/wp-json\/wp\/v2\/comments?post=3158"}],"version-history":[{"count":6,"href":"https:\/\/blogsaverroes.juntadeandalucia.es\/ceipsansebastian\/wp-json\/wp\/v2\/pages\/3158\/revisions"}],"predecessor-version":[{"id":3163,"href":"https:\/\/blogsaverroes.juntadeandalucia.es\/ceipsansebastian\/wp-json\/wp\/v2\/pages\/3158\/revisions\/3163"}],"wp:attachment":[{"href":"https:\/\/blogsaverroes.juntadeandalucia.es\/ceipsansebastian\/wp-json\/wp\/v2\/media?parent=3158"}],"curies":[{"name":"wp","href":"https:\/\/api.w.org\/{rel}","templated":true}]}}