{"id":2629,"date":"2019-10-14T11:41:41","date_gmt":"2019-10-14T11:41:41","guid":{"rendered":"https:\/\/blogsaverroes.juntadeandalucia.es\/ceipsansebastiandemijas\/?page_id=2629"},"modified":"2020-03-14T10:41:38","modified_gmt":"2020-03-14T10:41:38","slug":"religion-catolica","status":"publish","type":"page","link":"https:\/\/blogsaverroes.juntadeandalucia.es\/ceipsansebastiandemijas\/religion-catolica\/","title":{"rendered":"Religi\u00f3n Cat\u00f3lica"},"content":{"rendered":"<h2>Maestras y maestros:<\/h2>\n<h3 style=\"padding-left: 40px\">Mabel Caro<\/h3>\n<h3 style=\"padding-left: 40px\">Carmen Regina Gambero<\/h3>\n<h3 style=\"padding-left: 40px\">Inmaculada<\/h3>\n<hr \/>\n<div class=\"pt-cv-wrapper\"><div class=\"pt-cv-view pt-cv-grid pt-cv-colsys\" id=\"pt-cv-view-2601641gpi\"><div data-id=\"pt-cv-page-1\" class=\"pt-cv-page\" data-cvc=\"1\"><div class=\"col-md-12 col-sm-12 col-xs-12 pt-cv-content-item pt-cv-2-col\" ><div class='pt-cv-ifield'><a href=\"https:\/\/blogsaverroes.juntadeandalucia.es\/ceipsansebastiandemijas\/navidana\/\" class=\"_blank pt-cv-href-thumbnail pt-cv-thumb-left\" target=\"_blank\" ><img fetchpriority=\"high\" decoding=\"async\" width=\"300\" height=\"235\" src=\"https:\/\/blogsaverroes.juntadeandalucia.es\/ceipsansebastiandemijas\/files\/2024\/12\/Navidana-01-v2-300x235.png\" class=\"pt-cv-thumbnail pull-left\" alt=\"\" srcset=\"https:\/\/blogsaverroes.juntadeandalucia.es\/ceipsansebastiandemijas\/files\/2024\/12\/Navidana-01-v2-300x235.png 300w, https:\/\/blogsaverroes.juntadeandalucia.es\/ceipsansebastiandemijas\/files\/2024\/12\/Navidana-01-v2-1024x802.png 1024w, https:\/\/blogsaverroes.juntadeandalucia.es\/ceipsansebastiandemijas\/files\/2024\/12\/Navidana-01-v2-768x602.png 768w, https:\/\/blogsaverroes.juntadeandalucia.es\/ceipsansebastiandemijas\/files\/2024\/12\/Navidana-01-v2.png 1472w\" sizes=\"(max-width: 300px) 100vw, 300px\" \/><\/a>\n<h4 class=\"pt-cv-title\"><a href=\"https:\/\/blogsaverroes.juntadeandalucia.es\/ceipsansebastiandemijas\/navidana\/\" class=\"_blank\" target=\"_blank\" >Navidana<\/a><\/h4>\n<div class=\"pt-cv-content\">NaviDana El alumnado del CEIP San Sebasti\u00e1n de Mijas ha participado en el proyecto NAVIDANA , que nos ha llegado desde Paiporta en Valencia. Para ello han pintado 132 estrellas que servir\u00e1n para adornar y alegrar una calle de esta poblacion, que ha sufrido y sigue sufriendo los efectos de ...<br \/><div class=\"pt-cv-rmwrap\"><a href=\"https:\/\/blogsaverroes.juntadeandalucia.es\/ceipsansebastiandemijas\/navidana\/\" class=\"_blank pt-cv-readmore btn btn-success\" target=\"_blank\">Leer M\u00e1s<\/a><\/div><\/div><\/div><\/div>\n<div class=\"col-md-12 col-sm-12 col-xs-12 pt-cv-content-item pt-cv-2-col\" ><div class='pt-cv-ifield'><a href=\"https:\/\/blogsaverroes.juntadeandalucia.es\/ceipsansebastiandemijas\/los-reyes-y-papa-noel-nos-visitan\/\" class=\"_blank pt-cv-href-thumbnail pt-cv-thumb-left\" target=\"_blank\" ><\/a>\n<h4 class=\"pt-cv-title\"><a href=\"https:\/\/blogsaverroes.juntadeandalucia.es\/ceipsansebastiandemijas\/los-reyes-y-papa-noel-nos-visitan\/\" class=\"_blank\" target=\"_blank\" >LOS REYES Y PAP\u00c1 NOEL NOS VISITAN<\/a><\/h4>\n<div class=\"pt-cv-content\">LOS REYES Y PAP\u00c1 NOEL NOS VISITAN El jueves tuvimos la visita de SS.MM los Reyes Magos y Pap\u00e1 Noel. Todo el alumnado del colegio ha tenido la oportunidad de estar con ellos y as\u00ed poder darle su carta y recibir un regalo. Agradecer su paso por nuestro centro y ...<br \/><div class=\"pt-cv-rmwrap\"><a href=\"https:\/\/blogsaverroes.juntadeandalucia.es\/ceipsansebastiandemijas\/los-reyes-y-papa-noel-nos-visitan\/\" class=\"_blank pt-cv-readmore btn btn-success\" target=\"_blank\">Leer M\u00e1s<\/a><\/div><\/div><\/div><\/div>\n<div class=\"col-md-12 col-sm-12 col-xs-12 pt-cv-content-item pt-cv-2-col\" ><div class='pt-cv-ifield'><a href=\"https:\/\/blogsaverroes.juntadeandalucia.es\/ceipsansebastiandemijas\/la-navidad-viste-nuestro-cole\/\" class=\"_blank pt-cv-href-thumbnail pt-cv-thumb-left\" target=\"_blank\" ><\/a>\n<h4 class=\"pt-cv-title\"><a href=\"https:\/\/blogsaverroes.juntadeandalucia.es\/ceipsansebastiandemijas\/la-navidad-viste-nuestro-cole\/\" class=\"_blank\" target=\"_blank\" >La Navidad viste nuestro cole<\/a><\/h4>\n<div class=\"pt-cv-content\">La Navidad viste nuestro cole Ya estamos adornando nuestro cole para la Navidad. Como todos los a\u00f1os, la se\u00f1o Mabel, con alguna que otra colaboraci\u00f3n, es la que se dedica a ambientar nuestro centro con la instalaci\u00f3n del Bel\u00e9n y del \u00e1rbol de Navidad. Entre todos podemos ir completando el ...<br \/><div class=\"pt-cv-rmwrap\"><a href=\"https:\/\/blogsaverroes.juntadeandalucia.es\/ceipsansebastiandemijas\/la-navidad-viste-nuestro-cole\/\" class=\"_blank pt-cv-readmore btn btn-success\" target=\"_blank\">Leer M\u00e1s<\/a><\/div><\/div><\/div><\/div>\n<div class=\"col-md-12 col-sm-12 col-xs-12 pt-cv-content-item pt-cv-2-col\" ><div class='pt-cv-ifield'><a href=\"https:\/\/blogsaverroes.juntadeandalucia.es\/ceipsansebastiandemijas\/semana-santa-2022\/\" class=\"_blank pt-cv-href-thumbnail pt-cv-thumb-left\" target=\"_blank\" ><img decoding=\"async\" width=\"191\" height=\"149\" src=\"https:\/\/blogsaverroes.juntadeandalucia.es\/ceipsansebastiandemijas\/files\/2022\/12\/Captura-de-pantalla-de-2022-12-09-21-37-11.png\" class=\"pt-cv-thumbnail pull-left\" alt=\"\" srcset=\"https:\/\/blogsaverroes.juntadeandalucia.es\/ceipsansebastiandemijas\/files\/2022\/12\/Captura-de-pantalla-de-2022-12-09-21-37-11.png 191w, https:\/\/blogsaverroes.juntadeandalucia.es\/ceipsansebastiandemijas\/files\/2022\/12\/Captura-de-pantalla-de-2022-12-09-21-37-11-24x19.png 24w, https:\/\/blogsaverroes.juntadeandalucia.es\/ceipsansebastiandemijas\/files\/2022\/12\/Captura-de-pantalla-de-2022-12-09-21-37-11-36x28.png 36w, https:\/\/blogsaverroes.juntadeandalucia.es\/ceipsansebastiandemijas\/files\/2022\/12\/Captura-de-pantalla-de-2022-12-09-21-37-11-48x37.png 48w\" sizes=\"(max-width: 191px) 100vw, 191px\" \/><\/a>\n<h4 class=\"pt-cv-title\"><a href=\"https:\/\/blogsaverroes.juntadeandalucia.es\/ceipsansebastiandemijas\/semana-santa-2022\/\" class=\"_blank\" target=\"_blank\" >Semana Santa 2022<\/a><\/h4>\n<div class=\"pt-cv-content\">SEMANA SANTA 2022 Exposici\u00f3n de tronoselaborados por el alumnado del cole ...<br \/><div class=\"pt-cv-rmwrap\"><a href=\"https:\/\/blogsaverroes.juntadeandalucia.es\/ceipsansebastiandemijas\/semana-santa-2022\/\" class=\"_blank pt-cv-readmore btn btn-success\" target=\"_blank\">Leer M\u00e1s<\/a><\/div><\/div><\/div><\/div>\n<div class=\"col-md-12 col-sm-12 col-xs-12 pt-cv-content-item pt-cv-2-col\" ><div class='pt-cv-ifield'><a href=\"https:\/\/blogsaverroes.juntadeandalucia.es\/ceipsansebastiandemijas\/cuaresma-2021\/\" class=\"_blank pt-cv-href-thumbnail pt-cv-thumb-left\" target=\"_blank\" ><img decoding=\"async\" width=\"300\" height=\"163\" src=\"https:\/\/blogsaverroes.juntadeandalucia.es\/ceipsansebastiandemijas\/files\/2021\/02\/Captura-de-pantalla-de-2021-02-19-13-37-27-300x163.png\" class=\"pt-cv-thumbnail pull-left\" alt=\"\" srcset=\"https:\/\/blogsaverroes.juntadeandalucia.es\/ceipsansebastiandemijas\/files\/2021\/02\/Captura-de-pantalla-de-2021-02-19-13-37-27-300x163.png 300w, https:\/\/blogsaverroes.juntadeandalucia.es\/ceipsansebastiandemijas\/files\/2021\/02\/Captura-de-pantalla-de-2021-02-19-13-37-27.png 730w\" sizes=\"(max-width: 300px) 100vw, 300px\" \/><\/a>\n<h4 class=\"pt-cv-title\"><a href=\"https:\/\/blogsaverroes.juntadeandalucia.es\/ceipsansebastiandemijas\/cuaresma-2021\/\" class=\"_blank\" target=\"_blank\" >Cuaresma 2021<\/a><\/h4>\n<div class=\"pt-cv-content\">Aqu\u00ed os dejamos una presentaci\u00f3n sobre la cuaresma y una p\u00e1gina d\u00f3nde encontrar\u00e9is informaci\u00f3n sobre las patronas de Andaluc\u00eda ...<br \/><div class=\"pt-cv-rmwrap\"><a href=\"https:\/\/blogsaverroes.juntadeandalucia.es\/ceipsansebastiandemijas\/cuaresma-2021\/\" class=\"_blank pt-cv-readmore btn btn-success\" target=\"_blank\">Leer M\u00e1s<\/a><\/div><\/div><\/div><\/div><\/div><\/div><\/div>\n","protected":false},"excerpt":{"rendered":"<p>Maestras y maestros: Mabel Caro Carmen Regina Gambero Inmaculada<\/p>\n","protected":false},"author":6385,"featured_media":0,"parent":0,"menu_order":0,"comment_status":"closed","ping_status":"closed","template":"","meta":{"ngg_post_thumbnail":0,"footnotes":""},"aioseo_notices":[],"_links":{"self":[{"href":"https:\/\/blogsaverroes.juntadeandalucia.es\/ceipsansebastiandemijas\/wp-json\/wp\/v2\/pages\/2629"}],"collection":[{"href":"https:\/\/blogsaverroes.juntadeandalucia.es\/ceipsansebastiandemijas\/wp-json\/wp\/v2\/pages"}],"about":[{"href":"https:\/\/blogsaverroes.juntadeandalucia.es\/ceipsansebastiandemijas\/wp-json\/wp\/v2\/types\/page"}],"author":[{"embeddable":true,"href":"https:\/\/blogsaverroes.juntadeandalucia.es\/ceipsansebastiandemijas\/wp-json\/wp\/v2\/users\/6385"}],"replies":[{"embeddable":true,"href":"https:\/\/blogsaverroes.juntadeandalucia.es\/ceipsansebastiandemijas\/wp-json\/wp\/v2\/comments?post=2629"}],"version-history":[{"count":5,"href":"https:\/\/blogsaverroes.juntadeandalucia.es\/ceipsansebastiandemijas\/wp-json\/wp\/v2\/pages\/2629\/revisions"}],"predecessor-version":[{"id":3947,"href":"https:\/\/blogsaverroes.juntadeandalucia.es\/ceipsansebastiandemijas\/wp-json\/wp\/v2\/pages\/2629\/revisions\/3947"}],"wp:attachment":[{"href":"https:\/\/blogsaverroes.juntadeandalucia.es\/ceipsansebastiandemijas\/wp-json\/wp\/v2\/media?parent=2629"}],"curies":[{"name":"wp","href":"https:\/\/api.w.org\/{rel}","templated":true}]}}

Religión Católica

<h2>Maestras y maestros:</h2>
<h3 style="padding-left: 40px">Mabel Caro</h3>
<h3 style="padding-left: 40px">Carmen Regina Gambero</h3>
<h3 style="padding-left: 40px">Inmaculada</h3>
<hr />
<div class="pt-cv-wrapper"><div class="pt-cv-view pt-cv-grid pt-cv-colsys" id="pt-cv-view-2601641gpi"><div data-id="pt-cv-page-1" class="pt-cv-page" data-cvc="1"><div class="col-md-12 col-sm-12 col-xs-12 pt-cv-content-item pt-cv-2-col" ><div class='pt-cv-ifield'><a href="https://blogsaverroes.juntadeandalucia.es/ceipsansebastiandemijas/navidana/" class="_blank pt-cv-href-thumbnail pt-cv-thumb-left" target="_blank" ><img fetchpriority="high" decoding="async" width="300" height="235" src="https://blogsaverroes.juntadeandalucia.es/ceipsansebastiandemijas/files/2024/12/Navidana-01-v2-300x235.png" class="pt-cv-thumbnail pull-left" alt="" srcset="https://blogsaverroes.juntadeandalucia.es/ceipsansebastiandemijas/files/2024/12/Navidana-01-v2-300x235.png 300w, https://blogsaverroes.juntadeandalucia.es/ceipsansebastiandemijas/files/2024/12/Navidana-01-v2-1024x802.png 1024w, https://blogsaverroes.juntadeandalucia.es/ceipsansebastiandemijas/files/2024/12/Navidana-01-v2-768x602.png 768w, https://blogsaverroes.juntadeandalucia.es/ceipsansebastiandemijas/files/2024/12/Navidana-01-v2.png 1472w" sizes="(max-width: 300px) 100vw, 300px" /></a>
<h4 class="pt-cv-title"><a href="https://blogsaverroes.juntadeandalucia.es/ceipsansebastiandemijas/navidana/" class="_blank" target="_blank" >Navidana</a></h4>
<div class="pt-cv-content">NaviDana El alumnado del CEIP San Sebastián de Mijas ha participado en el proyecto NAVIDANA , que nos ha llegado desde Paiporta en Valencia. Para ello han pintado 132 estrellas que servirán para adornar y alegrar una calle de esta poblacion, que ha sufrido y sigue sufriendo los efectos de ...<br /><div class="pt-cv-rmwrap"><a href="https://blogsaverroes.juntadeandalucia.es/ceipsansebastiandemijas/navidana/" class="_blank pt-cv-readmore btn btn-success" target="_blank">Leer Más</a></div></div></div></div>
<div class="col-md-12 col-sm-12 col-xs-12 pt-cv-content-item pt-cv-2-col" ><div class='pt-cv-ifield'><a href="https://blogsaverroes.juntadeandalucia.es/ceipsansebastiandemijas/los-reyes-y-papa-noel-nos-visitan/" class="_blank pt-cv-href-thumbnail pt-cv-thumb-left" target="_blank" ></a>
<h4 class="pt-cv-title"><a href="https://blogsaverroes.juntadeandalucia.es/ceipsansebastiandemijas/los-reyes-y-papa-noel-nos-visitan/" class="_blank" target="_blank" >LOS REYES Y PAPÁ NOEL NOS VISITAN</a></h4>
<div class="pt-cv-content">LOS REYES Y PAPÁ NOEL NOS VISITAN El jueves tuvimos la visita de SS.MM los Reyes Magos y Papá Noel. Todo el alumnado del colegio ha tenido la oportunidad de estar con ellos y así poder darle su carta y recibir un regalo. Agradecer su paso por nuestro centro y ...<br /><div class="pt-cv-rmwrap"><a href="https://blogsaverroes.juntadeandalucia.es/ceipsansebastiandemijas/los-reyes-y-papa-noel-nos-visitan/" class="_blank pt-cv-readmore btn btn-success" target="_blank">Leer Más</a></div></div></div></div>
<div class="col-md-12 col-sm-12 col-xs-12 pt-cv-content-item pt-cv-2-col" ><div class='pt-cv-ifield'><a href="https://blogsaverroes.juntadeandalucia.es/ceipsansebastiandemijas/la-navidad-viste-nuestro-cole/" class="_blank pt-cv-href-thumbnail pt-cv-thumb-left" target="_blank" ></a>
<h4 class="pt-cv-title"><a href="https://blogsaverroes.juntadeandalucia.es/ceipsansebastiandemijas/la-navidad-viste-nuestro-cole/" class="_blank" target="_blank" >La Navidad viste nuestro cole</a></h4>
<div class="pt-cv-content">La Navidad viste nuestro cole Ya estamos adornando nuestro cole para la Navidad. Como todos los años, la seño Mabel, con alguna que otra colaboración, es la que se dedica a ambientar nuestro centro con la instalación del Belén y del árbol de Navidad. Entre todos podemos ir completando el ...<br /><div class="pt-cv-rmwrap"><a href="https://blogsaverroes.juntadeandalucia.es/ceipsansebastiandemijas/la-navidad-viste-nuestro-cole/" class="_blank pt-cv-readmore btn btn-success" target="_blank">Leer Más</a></div></div></div></div>
<div class="col-md-12 col-sm-12 col-xs-12 pt-cv-content-item pt-cv-2-col" ><div class='pt-cv-ifield'><a href="https://blogsaverroes.juntadeandalucia.es/ceipsansebastiandemijas/semana-santa-2022/" class="_blank pt-cv-href-thumbnail pt-cv-thumb-left" target="_blank" ><img decoding="async" width="191" height="149" src="https://blogsaverroes.juntadeandalucia.es/ceipsansebastiandemijas/files/2022/12/Captura-de-pantalla-de-2022-12-09-21-37-11.png" class="pt-cv-thumbnail pull-left" alt="" srcset="https://blogsaverroes.juntadeandalucia.es/ceipsansebastiandemijas/files/2022/12/Captura-de-pantalla-de-2022-12-09-21-37-11.png 191w, https://blogsaverroes.juntadeandalucia.es/ceipsansebastiandemijas/files/2022/12/Captura-de-pantalla-de-2022-12-09-21-37-11-24x19.png 24w, https://blogsaverroes.juntadeandalucia.es/ceipsansebastiandemijas/files/2022/12/Captura-de-pantalla-de-2022-12-09-21-37-11-36x28.png 36w, https://blogsaverroes.juntadeandalucia.es/ceipsansebastiandemijas/files/2022/12/Captura-de-pantalla-de-2022-12-09-21-37-11-48x37.png 48w" sizes="(max-width: 191px) 100vw, 191px" /></a>
<h4 class="pt-cv-title"><a href="https://blogsaverroes.juntadeandalucia.es/ceipsansebastiandemijas/semana-santa-2022/" class="_blank" target="_blank" >Semana Santa 2022</a></h4>
<div class="pt-cv-content">SEMANA SANTA 2022 Exposición de tronoselaborados por el alumnado del cole ...<br /><div class="pt-cv-rmwrap"><a href="https://blogsaverroes.juntadeandalucia.es/ceipsansebastiandemijas/semana-santa-2022/" class="_blank pt-cv-readmore btn btn-success" target="_blank">Leer Más</a></div></div></div></div>
<div class="col-md-12 col-sm-12 col-xs-12 pt-cv-content-item pt-cv-2-col" ><div class='pt-cv-ifield'><a href="https://blogsaverroes.juntadeandalucia.es/ceipsansebastiandemijas/cuaresma-2021/" class="_blank pt-cv-href-thumbnail pt-cv-thumb-left" target="_blank" ><img decoding="async" width="300" height="163" src="https://blogsaverroes.juntadeandalucia.es/ceipsansebastiandemijas/files/2021/02/Captura-de-pantalla-de-2021-02-19-13-37-27-300x163.png" class="pt-cv-thumbnail pull-left" alt="" srcset="https://blogsaverroes.juntadeandalucia.es/ceipsansebastiandemijas/files/2021/02/Captura-de-pantalla-de-2021-02-19-13-37-27-300x163.png 300w, https://blogsaverroes.juntadeandalucia.es/ceipsansebastiandemijas/files/2021/02/Captura-de-pantalla-de-2021-02-19-13-37-27.png 730w" sizes="(max-width: 300px) 100vw, 300px" /></a>
<h4 class="pt-cv-title"><a href="https://blogsaverroes.juntadeandalucia.es/ceipsansebastiandemijas/cuaresma-2021/" class="_blank" target="_blank" >Cuaresma 2021</a></h4>
<div class="pt-cv-content">Aquí os dejamos una presentación sobre la cuaresma y una página dónde encontraréis información sobre las patronas de Andalucía ...<br /><div class="pt-cv-rmwrap"><a href="https://blogsaverroes.juntadeandalucia.es/ceipsansebastiandemijas/cuaresma-2021/" class="_blank pt-cv-readmore btn btn-success" target="_blank">Leer Más</a></div></div></div></div></div></div></div>
