{"id":2926,"date":"2019-11-25T21:44:44","date_gmt":"2019-11-25T21:44:44","guid":{"rendered":"https:\/\/blogsaverroes.juntadeandalucia.es\/ceipsansebastiandemijas\/?page_id=2926"},"modified":"2019-11-29T23:22:55","modified_gmt":"2019-11-29T23:22:55","slug":"escuela-espacio-de-paz","status":"publish","type":"page","link":"https:\/\/blogsaverroes.juntadeandalucia.es\/ceipsansebastiandemijas\/planes-y-proyectos\/escuela-espacio-de-paz\/","title":{"rendered":"Escuela espacio de paz"},"content":{"rendered":"<h5>Desde este proyecto educativo se realizan una serie de actividades y proyectos:<\/h5>\n<p>&nbsp;<\/p>\n<h3><a href=\"https:\/\/blogsaverroes.juntadeandalucia.es\/ceipsansebastiandemijas\/mediacion-escolar\/\" target=\"_blank\" rel=\"noopener noreferrer\">Mediaci\u00f3n escolar<\/a><\/h3>\n<p>&nbsp;<\/p>\n<h3><a href=\"https:\/\/blogsaverroes.juntadeandalucia.es\/ceipsansebastiandemijas\/derechos-de-los-ninos-y-ninas\/\">Derechos de los ni\u00f1os y de las ni\u00f1as<\/a><\/h3>\n<p>&nbsp;<\/p>\n<p>&nbsp;<\/p>\n<h5>Coordinadora: Beatriz Rold\u00e1n<\/h5>\n","protected":false},"excerpt":{"rendered":"<p>Desde este proyecto educativo se realizan una serie de actividades y proyectos: &nbsp; Mediaci\u00f3n escolar &nbsp; Derechos de los ni\u00f1os y de las ni\u00f1as &nbsp; &nbsp; Coordinadora: Beatriz Rold\u00e1n<\/p>\n","protected":false},"author":6385,"featured_media":0,"parent":44,"menu_order":0,"comment_status":"closed","ping_status":"closed","template":"page-cs.php","meta":{"ngg_post_thumbnail":0,"footnotes":""},"aioseo_notices":[],"_links":{"self":[{"href":"https:\/\/blogsaverroes.juntadeandalucia.es\/ceipsansebastiandemijas\/wp-json\/wp\/v2\/pages\/2926"}],"collection":[{"href":"https:\/\/blogsaverroes.juntadeandalucia.es\/ceipsansebastiandemijas\/wp-json\/wp\/v2\/pages"}],"about":[{"href":"https:\/\/blogsaverroes.juntadeandalucia.es\/ceipsansebastiandemijas\/wp-json\/wp\/v2\/types\/page"}],"author":[{"embeddable":true,"href":"https:\/\/blogsaverroes.juntadeandalucia.es\/ceipsansebastiandemijas\/wp-json\/wp\/v2\/users\/6385"}],"replies":[{"embeddable":true,"href":"https:\/\/blogsaverroes.juntadeandalucia.es\/ceipsansebastiandemijas\/wp-json\/wp\/v2\/comments?post=2926"}],"version-history":[{"count":4,"href":"https:\/\/blogsaverroes.juntadeandalucia.es\/ceipsansebastiandemijas\/wp-json\/wp\/v2\/pages\/2926\/revisions"}],"predecessor-version":[{"id":3015,"href":"https:\/\/blogsaverroes.juntadeandalucia.es\/ceipsansebastiandemijas\/wp-json\/wp\/v2\/pages\/2926\/revisions\/3015"}],"up":[{"embeddable":true,"href":"https:\/\/blogsaverroes.juntadeandalucia.es\/ceipsansebastiandemijas\/wp-json\/wp\/v2\/pages\/44"}],"wp:attachment":[{"href":"https:\/\/blogsaverroes.juntadeandalucia.es\/ceipsansebastiandemijas\/wp-json\/wp\/v2\/media?parent=2926"}],"curies":[{"name":"wp","href":"https:\/\/api.w.org\/{rel}","templated":true}]}}

<h5>Desde este proyecto educativo se realizan una serie de actividades y proyectos:</h5>
<p>&nbsp;</p>
<h3><a href="https://blogsaverroes.juntadeandalucia.es/ceipsansebastiandemijas/mediacion-escolar/" target="_blank" rel="noopener noreferrer">Mediación escolar</a></h3>
<p>&nbsp;</p>
<h3><a href="https://blogsaverroes.juntadeandalucia.es/ceipsansebastiandemijas/derechos-de-los-ninos-y-ninas/">Derechos de los niños y de las niñas</a></h3>
<p>&nbsp;</p>
<p>&nbsp;</p>
<h5>Coordinadora: Beatriz Roldán</h5>

<p>Desde este proyecto educativo se realizan una serie de actividades y proyectos: &nbsp; Mediación escolar &nbsp; Derechos de los niños y de las niñas &nbsp; &nbsp; Coordinadora: Beatriz Roldán</p>
