{"id":77,"date":"2015-03-16T06:54:56","date_gmt":"2015-03-16T06:54:56","guid":{"rendered":"http:\/\/blogsaverroes.juntadeandalucia.es\/pre\/ceip\/?page_id=77"},"modified":"2024-09-15T13:31:02","modified_gmt":"2024-09-15T13:31:02","slug":"secretaria","status":"publish","type":"page","link":"https:\/\/blogsaverroes.juntadeandalucia.es\/ceipsansebastiandemijas\/secretaria\/","title":{"rendered":"Secretar\u00eda"},"content":{"rendered":"<p><span style=\"font-size: 18pt\"><strong>Secretaria:<\/strong> M\u00aa \u00c1ngeles<\/span><\/p>\n<p>&nbsp;<\/p>\n<p><span style=\"font-size: 16pt\">Los tramites se realizar\u00e1n, preferentemente, online.<\/span><\/p>\n<p><strong><span style=\"font-size: 21.3333px\">Horario de secretar\u00eda:&nbsp;<\/span><\/strong><\/p>\n<p><span style=\"font-size: 16pt\"><strong>Tel\u00e9fonos: 951 26 98 03 \/ 951 26 98 04 \/ 670 94 97 32<br \/>\n<\/strong><\/span><\/p>\n<p><span style=\"font-size: 16pt\"><strong>Email secretar\u00eda:<\/strong> 29007019.secretaria@g.educaand.es<\/span><\/p>\n<p><span style=\"font-size: 16pt\"><strong>email centro:<\/strong>&nbsp;29007019.edu@juntadeandalucia.es<\/span><\/p>\n<p><span style=\"font-size: 16pt\"><strong>Nuestro horario es de 9:00 a 12:30&nbsp;<\/strong><\/span><\/p>\n<p>&nbsp;<\/p>\n<div><span style=\"font-size: 16pt\">Los escritos para el <strong>REGISTRO DE ENTRADA<\/strong> se pueden traer al centro, previa cita, mandar al mail o hacerlo a trav\u00e9s de la secretar\u00eda virtual de los centros docentes:<\/span><\/div>\n<div style=\"text-align: center\"><span style=\"font-size: 16pt\"> <a href=\"https:\/\/www.juntadeandalucia.es\/educacion\/secretariavirtual\/\" target=\"_blank\" rel=\"noopener noreferrer\" data-saferedirecturl=\"https:\/\/www.google.com\/url?hl=es&amp;q=https:\/\/www.juntadeandalucia.es\/educacion\/secretariavirtual\/&amp;source=gmail&amp;ust=1603744734269000&amp;usg=AFQjCNFXFL_AMOIVKDxc4APtQAuTXQNPdg\">https:\/\/www.juntadeandalucia.es\/educacion\/secretariavirtual\/<\/a>&nbsp;<\/span><\/div>\n<div><span style=\"font-size: 16pt\">en el apartado Presentaci\u00f3n Electr\u00f3nica General<\/span><\/div>\n<div>&nbsp;<\/div>\n<div style=\"text-align: center\"><span style=\"font-size: 16pt\">Se\u00f1alamos la importancia del uso de <strong>Ipasen<\/strong>. <\/span><\/div>\n<div><span style=\"font-size: 16pt\">Cualquier duda, solicitud de claves, incidencia etc, nos la pueden indicar tanto por tel\u00e9fono como por e mail.<\/span><\/div>\n<div>&nbsp;<\/div>\n<div><span style=\"font-size: 16pt\">Las <strong>AUTORIZACIONES DE RECOGIDA<\/strong>&nbsp; del alumnado se hacen por <strong>Ipasen<\/strong>.<\/span><\/div>\n<p>&nbsp;<\/p>\n","protected":false},"excerpt":{"rendered":"<p>Secretaria: M\u00aa \u00c1ngeles &nbsp; Los tramites se realizar\u00e1n, preferentemente, online. Horario de secretar\u00eda:&nbsp; Tel\u00e9fonos: 951 26 98 03 \/ 951 26 98 04 \/ 670 94 97 32 Email secretar\u00eda: 29007019.secretaria@g.educaand.es email centro:&nbsp;29007019.edu@juntadeandalucia.es Nuestro horario es de 9:00 a 12:30&nbsp; &nbsp; Los escritos para el REGISTRO DE ENTRADA se pueden traer al centro, previa cita, [&hellip;]<\/p>\n","protected":false},"author":1,"featured_media":0,"parent":0,"menu_order":0,"comment_status":"closed","ping_status":"open","template":"page-c.php","meta":{"ngg_post_thumbnail":0,"footnotes":""},"aioseo_notices":[],"_links":{"self":[{"href":"https:\/\/blogsaverroes.juntadeandalucia.es\/ceipsansebastiandemijas\/wp-json\/wp\/v2\/pages\/77"}],"collection":[{"href":"https:\/\/blogsaverroes.juntadeandalucia.es\/ceipsansebastiandemijas\/wp-json\/wp\/v2\/pages"}],"about":[{"href":"https:\/\/blogsaverroes.juntadeandalucia.es\/ceipsansebastiandemijas\/wp-json\/wp\/v2\/types\/page"}],"author":[{"embeddable":true,"href":"https:\/\/blogsaverroes.juntadeandalucia.es\/ceipsansebastiandemijas\/wp-json\/wp\/v2\/users\/1"}],"replies":[{"embeddable":true,"href":"https:\/\/blogsaverroes.juntadeandalucia.es\/ceipsansebastiandemijas\/wp-json\/wp\/v2\/comments?post=77"}],"version-history":[{"count":18,"href":"https:\/\/blogsaverroes.juntadeandalucia.es\/ceipsansebastiandemijas\/wp-json\/wp\/v2\/pages\/77\/revisions"}],"predecessor-version":[{"id":20146,"href":"https:\/\/blogsaverroes.juntadeandalucia.es\/ceipsansebastiandemijas\/wp-json\/wp\/v2\/pages\/77\/revisions\/20146"}],"wp:attachment":[{"href":"https:\/\/blogsaverroes.juntadeandalucia.es\/ceipsansebastiandemijas\/wp-json\/wp\/v2\/media?parent=77"}],"curies":[{"name":"wp","href":"https:\/\/api.w.org\/{rel}","templated":true}]}}