{"id":1098,"date":"2021-05-20T17:19:29","date_gmt":"2021-05-20T16:19:29","guid":{"rendered":"https:\/\/blogsaverroes.juntadeandalucia.es\/ceipsansebastiansantabarbara\/?page_id=1098"},"modified":"2021-05-21T11:28:20","modified_gmt":"2021-05-21T10:28:20","slug":"instalaciones","status":"publish","type":"page","link":"https:\/\/blogsaverroes.juntadeandalucia.es\/ceipsansebastiansantabarbara\/instalaciones\/","title":{"rendered":"Instalaciones"},"content":{"rendered":"<p>&nbsp; &nbsp; &nbsp; &nbsp; &nbsp; El colegio consta de seis edificios, algunos de nueva construcci\u00f3n y otros remodelados ubicados dentro de un mismo recinto.<\/p>\n<p>&nbsp;&nbsp;&nbsp;&nbsp;&nbsp;&nbsp;&nbsp;&nbsp;&nbsp;&nbsp;&nbsp; El edificio de Primaria se consta de dos plantas. En la planta baja hay tres aulas ordinarias, el aula de Pedagog\u00eda Terap\u00e9utica y la Sala de Profesores. En la planta alta hay tres aulas ordinarias y el Aula de M\u00fasica&nbsp; y Manualidades.<\/p>\n<p>&nbsp; &nbsp; &nbsp; &nbsp; &nbsp;En el edificio de Secundaria&nbsp; hay dos aulas ordinarias y la biblioteca.<\/p>\n<p>&nbsp; &nbsp; &nbsp; &nbsp; El edificio de Infantil se compone de tres aulas&nbsp; comunicadas entre s\u00ed.<\/p>\n<p>&nbsp; &nbsp; &nbsp; &nbsp; En el cuarto edificio se ubican el SUM y el comedor.<\/p>\n<p>&nbsp; &nbsp; &nbsp; &nbsp;En el quinto edificio se localizan la Direcci\u00f3n, la Secretar\u00eda, el Aula de Audici\u00f3n y Lenguaje y otro despacho de administraci\u00f3n.<\/p>\n<p>&nbsp; &nbsp; &nbsp; &nbsp;El sexto edificio es el gimnasio.<\/p>\n<p>&nbsp;<\/p>\n","protected":false},"excerpt":{"rendered":"<p>&nbsp; &nbsp; &nbsp; &nbsp; &nbsp; El colegio consta de seis edificios, algunos de nueva construcci\u00f3n y otros remodelados ubicados dentro de un mismo recinto. &nbsp;&nbsp;&nbsp;&nbsp;&nbsp;&nbsp;&nbsp;&nbsp;&nbsp;&nbsp;&nbsp; El edificio de Primaria se consta de dos plantas.&#46;&#46;&#46;<\/p>\n","protected":false},"author":12939,"featured_media":0,"parent":0,"menu_order":0,"comment_status":"closed","ping_status":"closed","template":"","meta":{"ngg_post_thumbnail":0,"footnotes":""},"aioseo_notices":[],"_links":{"self":[{"href":"https:\/\/blogsaverroes.juntadeandalucia.es\/ceipsansebastiansantabarbara\/wp-json\/wp\/v2\/pages\/1098"}],"collection":[{"href":"https:\/\/blogsaverroes.juntadeandalucia.es\/ceipsansebastiansantabarbara\/wp-json\/wp\/v2\/pages"}],"about":[{"href":"https:\/\/blogsaverroes.juntadeandalucia.es\/ceipsansebastiansantabarbara\/wp-json\/wp\/v2\/types\/page"}],"author":[{"embeddable":true,"href":"https:\/\/blogsaverroes.juntadeandalucia.es\/ceipsansebastiansantabarbara\/wp-json\/wp\/v2\/users\/12939"}],"replies":[{"embeddable":true,"href":"https:\/\/blogsaverroes.juntadeandalucia.es\/ceipsansebastiansantabarbara\/wp-json\/wp\/v2\/comments?post=1098"}],"version-history":[{"count":3,"href":"https:\/\/blogsaverroes.juntadeandalucia.es\/ceipsansebastiansantabarbara\/wp-json\/wp\/v2\/pages\/1098\/revisions"}],"predecessor-version":[{"id":1185,"href":"https:\/\/blogsaverroes.juntadeandalucia.es\/ceipsansebastiansantabarbara\/wp-json\/wp\/v2\/pages\/1098\/revisions\/1185"}],"wp:attachment":[{"href":"https:\/\/blogsaverroes.juntadeandalucia.es\/ceipsansebastiansantabarbara\/wp-json\/wp\/v2\/media?parent=1098"}],"curies":[{"name":"wp","href":"https:\/\/api.w.org\/{rel}","templated":true}]}}