{"id":1188,"date":"2021-05-21T11:53:40","date_gmt":"2021-05-21T10:53:40","guid":{"rendered":"https:\/\/blogsaverroes.juntadeandalucia.es\/ceipsansebastiansantabarbara\/?page_id=1188"},"modified":"2021-05-21T11:53:40","modified_gmt":"2021-05-21T10:53:40","slug":"nuestros-planes-y-programas","status":"publish","type":"page","link":"https:\/\/blogsaverroes.juntadeandalucia.es\/ceipsansebastiansantabarbara\/nuestros-planes-y-programas\/","title":{"rendered":"Nuestros Planes y Programas"},"content":{"rendered":"<p>En nuestro centro, como es preceptivo, contamos con los siguientes Planes y Programas:<\/p>\n<p>-Plan de Igualdad<\/p>\n<p>-Plan de Lectura y Biblioteca<\/p>\n<p>-Plan de Autoprotecci\u00f3n<\/p>\n<p>-Programa de Transformaci\u00f3n Digital Educativa<\/p>\n<p>&nbsp;<\/p>\n<p>Adem\u00e1s contamos con:<\/p>\n<p>-Plan de Apertura (servicio de comedor y talleres extraescolares)<\/p>\n<p>-Programa Red Escuela Espacio de Paz<\/p>\n<p>-Programa de H\u00e1bitos de Vida Saludable (Creciendo en Salud), que incluye el Programa escolar de&nbsp; consumo de frutas y hortalizas.<\/p>\n<p>&nbsp;<\/p>\n<p><img loading=\"lazy\" decoding=\"async\" class=\"alignnone size-medium wp-image-1068\" style=\"font-family: 'Open Sans', sans-serif;font-size: 15px;font-style: normal;font-weight: 400\" src=\"https:\/\/blogsaverroes.juntadeandalucia.es\/ceipsansebastiansantabarbara\/files\/2021\/05\/20210514_1025151-300x400.jpg\" alt=\"\" width=\"300\" height=\"400\" srcset=\"https:\/\/blogsaverroes.juntadeandalucia.es\/ceipsansebastiansantabarbara\/files\/2021\/05\/20210514_1025151-300x400.jpg 300w, https:\/\/blogsaverroes.juntadeandalucia.es\/ceipsansebastiansantabarbara\/files\/2021\/05\/20210514_1025151-600x800.jpg 600w, https:\/\/blogsaverroes.juntadeandalucia.es\/ceipsansebastiansantabarbara\/files\/2021\/05\/20210514_1025151-768x1024.jpg 768w, https:\/\/blogsaverroes.juntadeandalucia.es\/ceipsansebastiansantabarbara\/files\/2021\/05\/20210514_1025151-1152x1536.jpg 1152w, https:\/\/blogsaverroes.juntadeandalucia.es\/ceipsansebastiansantabarbara\/files\/2021\/05\/20210514_1025151-1536x2048.jpg 1536w, https:\/\/blogsaverroes.juntadeandalucia.es\/ceipsansebastiansantabarbara\/files\/2021\/05\/20210514_1025151-700x933.jpg 700w, https:\/\/blogsaverroes.juntadeandalucia.es\/ceipsansebastiansantabarbara\/files\/2021\/05\/20210514_1025151-332x443.jpg 332w, https:\/\/blogsaverroes.juntadeandalucia.es\/ceipsansebastiansantabarbara\/files\/2021\/05\/20210514_1025151-scaled.jpg 1920w\" sizes=\"(max-width: 300px) 100vw, 300px\" \/><\/p>\n","protected":false},"excerpt":{"rendered":"<p>En nuestro centro, como es preceptivo, contamos con los siguientes Planes y Programas: -Plan de Igualdad -Plan de Lectura y Biblioteca -Plan de Autoprotecci\u00f3n -Programa de Transformaci\u00f3n Digital Educativa &nbsp; Adem\u00e1s contamos con: -Plan&#46;&#46;&#46;<\/p>\n","protected":false},"author":12939,"featured_media":0,"parent":0,"menu_order":0,"comment_status":"closed","ping_status":"closed","template":"","meta":{"ngg_post_thumbnail":0,"footnotes":""},"aioseo_notices":[],"_links":{"self":[{"href":"https:\/\/blogsaverroes.juntadeandalucia.es\/ceipsansebastiansantabarbara\/wp-json\/wp\/v2\/pages\/1188"}],"collection":[{"href":"https:\/\/blogsaverroes.juntadeandalucia.es\/ceipsansebastiansantabarbara\/wp-json\/wp\/v2\/pages"}],"about":[{"href":"https:\/\/blogsaverroes.juntadeandalucia.es\/ceipsansebastiansantabarbara\/wp-json\/wp\/v2\/types\/page"}],"author":[{"embeddable":true,"href":"https:\/\/blogsaverroes.juntadeandalucia.es\/ceipsansebastiansantabarbara\/wp-json\/wp\/v2\/users\/12939"}],"replies":[{"embeddable":true,"href":"https:\/\/blogsaverroes.juntadeandalucia.es\/ceipsansebastiansantabarbara\/wp-json\/wp\/v2\/comments?post=1188"}],"version-history":[{"count":2,"href":"https:\/\/blogsaverroes.juntadeandalucia.es\/ceipsansebastiansantabarbara\/wp-json\/wp\/v2\/pages\/1188\/revisions"}],"predecessor-version":[{"id":1192,"href":"https:\/\/blogsaverroes.juntadeandalucia.es\/ceipsansebastiansantabarbara\/wp-json\/wp\/v2\/pages\/1188\/revisions\/1192"}],"wp:attachment":[{"href":"https:\/\/blogsaverroes.juntadeandalucia.es\/ceipsansebastiansantabarbara\/wp-json\/wp\/v2\/media?parent=1188"}],"curies":[{"name":"wp","href":"https:\/\/api.w.org\/{rel}","templated":true}]}}