{"id":825,"date":"2020-12-18T08:32:50","date_gmt":"2020-12-18T07:32:50","guid":{"rendered":"https:\/\/blogsaverroes.juntadeandalucia.es\/pre\/plantilla-pencil\/?page_id=824"},"modified":"2021-10-17T21:36:47","modified_gmt":"2021-10-17T20:36:47","slug":"2o-ciclo-de-educacion-infantil","status":"publish","type":"page","link":"https:\/\/blogsaverroes.juntadeandalucia.es\/ceipsantaclara\/2o-ciclo-de-educacion-infantil","title":{"rendered":"2\u00ba Ciclo de Educaci\u00f3n Infantil"},"content":{"rendered":"<p>[et_pb_section fb_built=&#8221;1&#8243; _builder_version=&#8221;3.23.3&#8243; custom_padding=&#8221;0px||0px|&#8221; z_index_tablet=&#8221;500&#8243; box_shadow_horizontal_tablet=&#8221;0px&#8221; box_shadow_vertical_tablet=&#8221;0px&#8221; box_shadow_blur_tablet=&#8221;40px&#8221; box_shadow_spread_tablet=&#8221;0px&#8221;][et_pb_row _builder_version=&#8221;3.25&#8243; background_size=&#8221;initial&#8221; background_position=&#8221;top_left&#8221; background_repeat=&#8221;repeat&#8221;][et_pb_column type=&#8221;4_4&#8243; _builder_version=&#8221;3.25&#8243; custom_padding=&#8221;|||&#8221; custom_padding__hover=&#8221;|||&#8221;][et_pb_image src=&#8221;https:\/\/blogsaverroes.juntadeandalucia.es\/ceipsantaclara\/files\/2020\/01\/cabecera-interior-3.jpg&#8221; title_text=&#8221;cabecera-interior-3&#8243; admin_label=&#8221;Imagen de la portada&#8221; _builder_version=&#8221;4.5.0&#8243; z_index_tablet=&#8221;500&#8243; box_shadow_horizontal_tablet=&#8221;0px&#8221; box_shadow_vertical_tablet=&#8221;0px&#8221; box_shadow_blur_tablet=&#8221;40px&#8221; box_shadow_spread_tablet=&#8221;0px&#8221;][\/et_pb_image][et_pb_text admin_label=&#8221;Texto descriptivo&#8221; _builder_version=&#8221;4.5.0&#8243; hover_enabled=&#8221;0&#8243; z_index_tablet=&#8221;500&#8243; text_text_shadow_horizontal_length_tablet=&#8221;0px&#8221; text_text_shadow_vertical_length_tablet=&#8221;0px&#8221; text_text_shadow_blur_strength_tablet=&#8221;1px&#8221; link_text_shadow_horizontal_length_tablet=&#8221;0px&#8221; link_text_shadow_vertical_length_tablet=&#8221;0px&#8221; link_text_shadow_blur_strength_tablet=&#8221;1px&#8221; ul_text_shadow_horizontal_length_tablet=&#8221;0px&#8221; ul_text_shadow_vertical_length_tablet=&#8221;0px&#8221; ul_text_shadow_blur_strength_tablet=&#8221;1px&#8221; ol_text_shadow_horizontal_length_tablet=&#8221;0px&#8221; ol_text_shadow_vertical_length_tablet=&#8221;0px&#8221; ol_text_shadow_blur_strength_tablet=&#8221;1px&#8221; quote_text_shadow_horizontal_length_tablet=&#8221;0px&#8221; quote_text_shadow_vertical_length_tablet=&#8221;0px&#8221; quote_text_shadow_blur_strength_tablet=&#8221;1px&#8221; header_text_shadow_horizontal_length_tablet=&#8221;0px&#8221; header_text_shadow_vertical_length_tablet=&#8221;0px&#8221; header_text_shadow_blur_strength_tablet=&#8221;1px&#8221; header_2_text_shadow_horizontal_length_tablet=&#8221;0px&#8221; header_2_text_shadow_vertical_length_tablet=&#8221;0px&#8221; header_2_text_shadow_blur_strength_tablet=&#8221;1px&#8221; header_3_text_shadow_horizontal_length_tablet=&#8221;0px&#8221; header_3_text_shadow_vertical_length_tablet=&#8221;0px&#8221; header_3_text_shadow_blur_strength_tablet=&#8221;1px&#8221; header_4_text_shadow_horizontal_length_tablet=&#8221;0px&#8221; header_4_text_shadow_vertical_length_tablet=&#8221;0px&#8221; header_4_text_shadow_blur_strength_tablet=&#8221;1px&#8221; header_5_text_shadow_horizontal_length_tablet=&#8221;0px&#8221; header_5_text_shadow_vertical_length_tablet=&#8221;0px&#8221; header_5_text_shadow_blur_strength_tablet=&#8221;1px&#8221; header_6_text_shadow_horizontal_length_tablet=&#8221;0px&#8221; header_6_text_shadow_vertical_length_tablet=&#8221;0px&#8221; header_6_text_shadow_blur_strength_tablet=&#8221;1px&#8221; box_shadow_horizontal_tablet=&#8221;0px&#8221; box_shadow_vertical_tablet=&#8221;0px&#8221; box_shadow_blur_tablet=&#8221;40px&#8221; box_shadow_spread_tablet=&#8221;0px&#8221;]<\/p>\n<h2>2\u00ba Ciclo de Educaci\u00f3n Infantil<\/h2>\n<p>&nbsp;<\/p>\n<p>Nuestro alumnado y maestras de infantil han estado trabajando la unidad referente al cuerpo humano. Han realizado lecturas,cuentos, canciones,talleres, manualidades, troquelados, fichas, asambleas, han estudiado huesos y m\u00fasculos , se ha puesto \u00e9nfasis a los h\u00e1bitos de vida\u00a0 saludables, etc.<\/p>\n<p>La tarea final fue realizar un cuerpo humano tama\u00f1o real de forma cooperativa entre las tres clases\u00a0 y decorarlo posteriormente.<\/p>\n<p>\u00a1\u00a1\u00a1\u00a1\u00a1 Lo han pasado en grande!!!!<\/p>\n<p>&nbsp;<\/p>\n<p>\u00a0<img loading=\"lazy\" decoding=\"async\" src=\"https:\/\/blogsaverroes.juntadeandalucia.es\/ceipsantaclara\/files\/2021\/10\/IMG-20211011-WA0007-461x1024.jpg\" width=\"461\" height=\"1024\" alt=\"El cuerpo humano\" class=\"wp-image-1119 alignnone size-large\" \/> <img loading=\"lazy\" decoding=\"async\" src=\"https:\/\/blogsaverroes.juntadeandalucia.es\/ceipsantaclara\/files\/2021\/10\/IMG-20211011-WA0012-461x1024.jpg\" width=\"461\" height=\"1024\" alt=\"\" class=\"wp-image-1120 alignnone size-large\" \/> <img loading=\"lazy\" decoding=\"async\" src=\"https:\/\/blogsaverroes.juntadeandalucia.es\/ceipsantaclara\/files\/2021\/10\/IMG-20211011-WA0016-1024x461.jpg\" width=\"1024\" height=\"461\" alt=\"\" class=\"wp-image-1121 alignnone size-large\" srcset=\"https:\/\/blogsaverroes.juntadeandalucia.es\/ceipsantaclara\/files\/2021\/10\/IMG-20211011-WA0016-980x441.jpg 980w, https:\/\/blogsaverroes.juntadeandalucia.es\/ceipsantaclara\/files\/2021\/10\/IMG-20211011-WA0016-480x216.jpg 480w\" sizes=\"(min-width: 0px) and (max-width: 480px) 480px, (min-width: 481px) and (max-width: 980px) 980px, (min-width: 981px) 1024px, 100vw\" \/> <img loading=\"lazy\" decoding=\"async\" src=\"https:\/\/blogsaverroes.juntadeandalucia.es\/ceipsantaclara\/files\/2021\/10\/IMG-20211011-WA0017-461x1024.jpg\" width=\"461\" height=\"1024\" alt=\"\" class=\"wp-image-1122 alignnone size-large\" \/> <img loading=\"lazy\" decoding=\"async\" src=\"https:\/\/blogsaverroes.juntadeandalucia.es\/ceipsantaclara\/files\/2021\/10\/IMG-20211011-WA0018-1024x768.jpg\" width=\"1024\" height=\"768\" alt=\"\" class=\"wp-image-1123 alignnone size-large\" srcset=\"https:\/\/blogsaverroes.juntadeandalucia.es\/ceipsantaclara\/files\/2021\/10\/IMG-20211011-WA0018-980x735.jpg 980w, https:\/\/blogsaverroes.juntadeandalucia.es\/ceipsantaclara\/files\/2021\/10\/IMG-20211011-WA0018-480x360.jpg 480w\" sizes=\"(min-width: 0px) and (max-width: 480px) 480px, (min-width: 481px) and (max-width: 980px) 980px, (min-width: 981px) 1024px, 100vw\" \/><\/p>\n<p>[\/et_pb_text][\/et_pb_column][\/et_pb_row][\/et_pb_section]<\/p>\n","protected":false},"excerpt":{"rendered":"<p>2\u00ba Ciclo de Educaci\u00f3n Infantil &nbsp; Nuestro alumnado y maestras de infantil han estado trabajando la unidad referente al cuerpo humano. Han realizado lecturas,cuentos, canciones,talleres, manualidades, troquelados, fichas, asambleas, han estudiado huesos y m\u00fasculos , se ha puesto \u00e9nfasis a los h\u00e1bitos de vida\u00a0 saludables, etc. La tarea final fue realizar un cuerpo humano tama\u00f1o [&hellip;]<\/p>\n","protected":false},"author":13541,"featured_media":0,"parent":0,"menu_order":0,"comment_status":"closed","ping_status":"closed","template":"","meta":{"_et_pb_use_builder":"on","_et_pb_old_content":"","_et_gb_content_width":"","ngg_post_thumbnail":0,"footnotes":""},"aioseo_notices":[],"_links":{"self":[{"href":"https:\/\/blogsaverroes.juntadeandalucia.es\/ceipsantaclara\/wp-json\/wp\/v2\/pages\/825"}],"collection":[{"href":"https:\/\/blogsaverroes.juntadeandalucia.es\/ceipsantaclara\/wp-json\/wp\/v2\/pages"}],"about":[{"href":"https:\/\/blogsaverroes.juntadeandalucia.es\/ceipsantaclara\/wp-json\/wp\/v2\/types\/page"}],"author":[{"embeddable":true,"href":"https:\/\/blogsaverroes.juntadeandalucia.es\/ceipsantaclara\/wp-json\/wp\/v2\/users\/13541"}],"replies":[{"embeddable":true,"href":"https:\/\/blogsaverroes.juntadeandalucia.es\/ceipsantaclara\/wp-json\/wp\/v2\/comments?post=825"}],"version-history":[{"count":4,"href":"https:\/\/blogsaverroes.juntadeandalucia.es\/ceipsantaclara\/wp-json\/wp\/v2\/pages\/825\/revisions"}],"predecessor-version":[{"id":1124,"href":"https:\/\/blogsaverroes.juntadeandalucia.es\/ceipsantaclara\/wp-json\/wp\/v2\/pages\/825\/revisions\/1124"}],"wp:attachment":[{"href":"https:\/\/blogsaverroes.juntadeandalucia.es\/ceipsantaclara\/wp-json\/wp\/v2\/media?parent=825"}],"curies":[{"name":"wp","href":"https:\/\/api.w.org\/{rel}","templated":true}]}}

2º Ciclo de Educación Infantil

<p>[et_pb_section fb_built=&#8221;1&#8243; _builder_version=&#8221;3.23.3&#8243; custom_padding=&#8221;0px||0px|&#8221; z_index_tablet=&#8221;500&#8243; box_shadow_horizontal_tablet=&#8221;0px&#8221; box_shadow_vertical_tablet=&#8221;0px&#8221; box_shadow_blur_tablet=&#8221;40px&#8221; box_shadow_spread_tablet=&#8221;0px&#8221;][et_pb_row _builder_version=&#8221;3.25&#8243; background_size=&#8221;initial&#8221; background_position=&#8221;top_left&#8221; background_repeat=&#8221;repeat&#8221;][et_pb_column type=&#8221;4_4&#8243; _builder_version=&#8221;3.25&#8243; custom_padding=&#8221;|||&#8221; custom_padding__hover=&#8221;|||&#8221;][et_pb_image src=&#8221;https://blogsaverroes.juntadeandalucia.es/ceipsantaclara/files/2020/01/cabecera-interior-3.jpg&#8221; title_text=&#8221;cabecera-interior-3&#8243; admin_label=&#8221;Imagen de la portada&#8221; _builder_version=&#8221;4.5.0&#8243; z_index_tablet=&#8221;500&#8243; box_shadow_horizontal_tablet=&#8221;0px&#8221; box_shadow_vertical_tablet=&#8221;0px&#8221; box_shadow_blur_tablet=&#8221;40px&#8221; box_shadow_spread_tablet=&#8221;0px&#8221;][/et_pb_image][et_pb_text admin_label=&#8221;Texto descriptivo&#8221; _builder_version=&#8221;4.5.0&#8243; hover_enabled=&#8221;0&#8243; z_index_tablet=&#8221;500&#8243; text_text_shadow_horizontal_length_tablet=&#8221;0px&#8221; text_text_shadow_vertical_length_tablet=&#8221;0px&#8221; text_text_shadow_blur_strength_tablet=&#8221;1px&#8221; link_text_shadow_horizontal_length_tablet=&#8221;0px&#8221; link_text_shadow_vertical_length_tablet=&#8221;0px&#8221; link_text_shadow_blur_strength_tablet=&#8221;1px&#8221; ul_text_shadow_horizontal_length_tablet=&#8221;0px&#8221; ul_text_shadow_vertical_length_tablet=&#8221;0px&#8221; ul_text_shadow_blur_strength_tablet=&#8221;1px&#8221; ol_text_shadow_horizontal_length_tablet=&#8221;0px&#8221; ol_text_shadow_vertical_length_tablet=&#8221;0px&#8221; ol_text_shadow_blur_strength_tablet=&#8221;1px&#8221; quote_text_shadow_horizontal_length_tablet=&#8221;0px&#8221; quote_text_shadow_vertical_length_tablet=&#8221;0px&#8221; quote_text_shadow_blur_strength_tablet=&#8221;1px&#8221; header_text_shadow_horizontal_length_tablet=&#8221;0px&#8221; header_text_shadow_vertical_length_tablet=&#8221;0px&#8221; header_text_shadow_blur_strength_tablet=&#8221;1px&#8221; header_2_text_shadow_horizontal_length_tablet=&#8221;0px&#8221; header_2_text_shadow_vertical_length_tablet=&#8221;0px&#8221; header_2_text_shadow_blur_strength_tablet=&#8221;1px&#8221; header_3_text_shadow_horizontal_length_tablet=&#8221;0px&#8221; header_3_text_shadow_vertical_length_tablet=&#8221;0px&#8221; header_3_text_shadow_blur_strength_tablet=&#8221;1px&#8221; header_4_text_shadow_horizontal_length_tablet=&#8221;0px&#8221; header_4_text_shadow_vertical_length_tablet=&#8221;0px&#8221; header_4_text_shadow_blur_strength_tablet=&#8221;1px&#8221; header_5_text_shadow_horizontal_length_tablet=&#8221;0px&#8221; header_5_text_shadow_vertical_length_tablet=&#8221;0px&#8221; header_5_text_shadow_blur_strength_tablet=&#8221;1px&#8221; header_6_text_shadow_horizontal_length_tablet=&#8221;0px&#8221; header_6_text_shadow_vertical_length_tablet=&#8221;0px&#8221; header_6_text_shadow_blur_strength_tablet=&#8221;1px&#8221; box_shadow_horizontal_tablet=&#8221;0px&#8221; box_shadow_vertical_tablet=&#8221;0px&#8221; box_shadow_blur_tablet=&#8221;40px&#8221; box_shadow_spread_tablet=&#8221;0px&#8221;]</p>
<h2>2º Ciclo de Educación Infantil</h2>
<p>&nbsp;</p>
<p>Nuestro alumnado y maestras de infantil han estado trabajando la unidad referente al cuerpo humano. Han realizado lecturas,cuentos, canciones,talleres, manualidades, troquelados, fichas, asambleas, han estudiado huesos y músculos , se ha puesto énfasis a los hábitos de vida  saludables, etc.</p>
<p>La tarea final fue realizar un cuerpo humano tamaño real de forma cooperativa entre las tres clases  y decorarlo posteriormente.</p>
<p>¡¡¡¡¡ Lo han pasado en grande!!!!</p>
<p>&nbsp;</p>
<p> <img loading="lazy" decoding="async" src="https://blogsaverroes.juntadeandalucia.es/ceipsantaclara/files/2021/10/IMG-20211011-WA0007-461x1024.jpg" width="461" height="1024" alt="El cuerpo humano" class="wp-image-1119 alignnone size-large" /> <img loading="lazy" decoding="async" src="https://blogsaverroes.juntadeandalucia.es/ceipsantaclara/files/2021/10/IMG-20211011-WA0012-461x1024.jpg" width="461" height="1024" alt="" class="wp-image-1120 alignnone size-large" /> <img loading="lazy" decoding="async" src="https://blogsaverroes.juntadeandalucia.es/ceipsantaclara/files/2021/10/IMG-20211011-WA0016-1024x461.jpg" width="1024" height="461" alt="" class="wp-image-1121 alignnone size-large" srcset="https://blogsaverroes.juntadeandalucia.es/ceipsantaclara/files/2021/10/IMG-20211011-WA0016-980x441.jpg 980w, https://blogsaverroes.juntadeandalucia.es/ceipsantaclara/files/2021/10/IMG-20211011-WA0016-480x216.jpg 480w" sizes="(min-width: 0px) and (max-width: 480px) 480px, (min-width: 481px) and (max-width: 980px) 980px, (min-width: 981px) 1024px, 100vw" /> <img loading="lazy" decoding="async" src="https://blogsaverroes.juntadeandalucia.es/ceipsantaclara/files/2021/10/IMG-20211011-WA0017-461x1024.jpg" width="461" height="1024" alt="" class="wp-image-1122 alignnone size-large" /> <img loading="lazy" decoding="async" src="https://blogsaverroes.juntadeandalucia.es/ceipsantaclara/files/2021/10/IMG-20211011-WA0018-1024x768.jpg" width="1024" height="768" alt="" class="wp-image-1123 alignnone size-large" srcset="https://blogsaverroes.juntadeandalucia.es/ceipsantaclara/files/2021/10/IMG-20211011-WA0018-980x735.jpg 980w, https://blogsaverroes.juntadeandalucia.es/ceipsantaclara/files/2021/10/IMG-20211011-WA0018-480x360.jpg 480w" sizes="(min-width: 0px) and (max-width: 480px) 480px, (min-width: 481px) and (max-width: 980px) 980px, (min-width: 981px) 1024px, 100vw" /></p>
<p>[/et_pb_text][/et_pb_column][/et_pb_row][/et_pb_section]</p>

<p>2º Ciclo de Educación Infantil &nbsp; Nuestro alumnado y maestras de infantil han estado trabajando la unidad referente al cuerpo humano. Han realizado lecturas,cuentos, canciones,talleres, manualidades, troquelados, fichas, asambleas, han estudiado huesos y músculos , se ha puesto énfasis a los hábitos de vida  saludables, etc. La tarea final fue realizar un cuerpo humano tamaño [&hellip;]</p>
