{"id":35,"date":"2015-03-13T08:21:43","date_gmt":"2015-03-13T08:21:43","guid":{"rendered":"http:\/\/blogsaverroes.juntadeandalucia.es\/pre\/ceip\/?page_id=35"},"modified":"2018-09-20T07:50:08","modified_gmt":"2018-09-20T07:50:08","slug":"el-centro-2","status":"publish","type":"page","link":"https:\/\/blogsaverroes.juntadeandalucia.es\/ceipsantamaria\/el-centro-2\/","title":{"rendered":"Datos del centro"},"content":{"rendered":"<p style=\"text-align: justify\">El CEIP Santa Mar\u00eda del \u00c1guila fue inaugurado en el a\u00f1o <strong>1965<\/strong>. En ese momento fue el primer colegio de la localidad. El nombre asignado fue el mismo que el del n\u00facleo urbano, Colegio \u201cSanta Mar\u00eda Del \u00c1guila\u201d.<\/p>\n<p style=\"text-align: center\"><a href=\"https:\/\/blogsaverroes.juntadeandalucia.es\/ceipsantamaria\/files\/2015\/03\/CEIP_santa_maria_ejido_1.jpg\"><img loading=\"lazy\" decoding=\"async\" class=\"size-medium wp-image-2157 aligncenter\" src=\"https:\/\/blogsaverroes.juntadeandalucia.es\/ceipsantamaria\/files\/2015\/03\/CEIP_santa_maria_ejido_1-300x225.jpg\" alt=\"\" width=\"300\" height=\"225\" srcset=\"https:\/\/blogsaverroes.juntadeandalucia.es\/ceipsantamaria\/files\/2015\/03\/CEIP_santa_maria_ejido_1-300x225.jpg 300w, https:\/\/blogsaverroes.juntadeandalucia.es\/ceipsantamaria\/files\/2015\/03\/CEIP_santa_maria_ejido_1-1024x767.jpg 1024w, https:\/\/blogsaverroes.juntadeandalucia.es\/ceipsantamaria\/files\/2015\/03\/CEIP_santa_maria_ejido_1-24x18.jpg 24w, https:\/\/blogsaverroes.juntadeandalucia.es\/ceipsantamaria\/files\/2015\/03\/CEIP_santa_maria_ejido_1-36x27.jpg 36w, https:\/\/blogsaverroes.juntadeandalucia.es\/ceipsantamaria\/files\/2015\/03\/CEIP_santa_maria_ejido_1-48x36.jpg 48w, https:\/\/blogsaverroes.juntadeandalucia.es\/ceipsantamaria\/files\/2015\/03\/CEIP_santa_maria_ejido_1.jpg 1365w\" sizes=\"(max-width: 300px) 100vw, 300px\" \/><\/a><\/p>\n<p style=\"text-align: justify\">Cuando se construy\u00f3 solo se hizo uno de los tres edificios con los que cuenta en la actualidad, el que actualmente ocupan el primer y segundo ciclo de Primaria, as\u00ed como las dependencias administrativas. En esos a\u00f1os de comienzos solo escolarizaba alumnado de <strong>Educaci\u00f3n Primaria<\/strong>, hasta que en el a\u00f1o <strong>1981 <\/strong>se construy\u00f3 el edificio de <strong>Educaci\u00f3n Infantil<\/strong>. Debido al crecimiento demogr\u00e1fico del municipio se fue ampliando hasta llegar a como est\u00e1 en la actualidad.<\/p>\n<p style=\"text-align: justify\">El centro fue considerado como centro <strong>CAEP <\/strong>desde 1986 hasta el a\u00f1o 2008 debido a la construcci\u00f3n de unas viviendas sociales cercanas.<\/p>\n<p style=\"text-align: justify\">En el a\u00f1o 2004 se acometi\u00f3 una <strong>gran reforma <\/strong>en los edificios que actualmente albergan al alumnado de Educaci\u00f3n Primaria pero no as\u00ed en el edificio de Educaci\u00f3n Infantil.<\/p>\n<p style=\"text-align: justify\">El Centro est\u00e1 formado por <strong>dos recintos <\/strong>independientes que albergan a los alumnos\/as de Educaci\u00f3n Infantil y Primaria respectivamente separados por la calle Manuel de Falla.<\/p>\n<p style=\"text-align: justify\">El edificio de <strong>Infantil <\/strong>se encuentra separado del edificio principal por la calle Manuel de Falla. La construcci\u00f3n consta de dos plantas con nueve aulas.En la primera de ellas est\u00e1n ubicadas cuatro de estas aulas y los ba\u00f1os. En la segunda contamos con una zona com\u00fan, cinco aulas m\u00e1s, los ba\u00f1os y un peque\u00f1o despacho. Este edificio posee un patio que solo usan los alumnos de esta etapa.<\/p>\n<p style=\"text-align: justify\">En el recinto de <strong>Primaria<\/strong>, distinguimos el <strong>edificio principal que <\/strong>cuenta con dos plantas. El la planta baja se encuentran las aulas de segundo ciclo, as\u00ed como el aula espec\u00edfica, un aula de PT, la conserjer\u00eda y los ba\u00f1os. En la segunda planta podemos encontrar las aulas del primer ciclo de Educaci\u00f3n Primaria, los despachos de administraci\u00f3n, direcci\u00f3n, y orientaci\u00f3n, el aula de AL, el archivo y el resto de los ba\u00f1os. Este edificio est\u00e1 dotado de un ascensor para evitar las barreras arquitect\u00f3nicas.<\/p>\n<p style=\"text-align: justify\">Frente a este edificio principal encontramos un mismo espacio con diferentes funciones. Esta construcci\u00f3n hace las veces de <strong>comedor <\/strong>y <strong>cocina, aula matinal<\/strong>, <strong>sala de profesores <\/strong>y <strong>sal\u00f3n de<\/strong> <strong>usos m\u00faltiples<\/strong>. Junto a \u00e9l, tenemos el edificio que alberga a las seis clases de tercer ciclo, el aula de PT y el ba\u00f1o en la planta baja y la biblioteca que a su vez se utiliza como aula de ATAL en la primera planta.<\/p>\n<p style=\"text-align: justify\">Todos los edificios est\u00e1n rodeados por amplias zonas de <strong>patio<\/strong>. Adem\u00e1s contamos con dos <strong>pistas polideportivas<\/strong>, unos <strong>vestuarios <\/strong>y una <strong>sala de material <\/strong>deportivo.<\/p>\n<p style=\"text-align: justify\">A partir del a\u00f1o <strong>2006 <\/strong>se nos considera como <strong>centro TIC <\/strong>y en el <strong>2009 <\/strong>centro <strong>TIC 2.0<\/strong>. Esto nos permiti\u00f3 contar con una dotaci\u00f3n de ordenadores en las aulas del tercer ciclo de Educaci\u00f3n Primaria haciendo posible que nuestro alumnado estuviese en contacto con las tecnolog\u00edas de la informaci\u00f3n y la comunicaci\u00f3n.<\/p>\n<p style=\"text-align: justify\">En <strong>2008 <\/strong>el CEIP Santa M\u00aa del \u00c1guila &nbsp;pasa a ser <strong>centro biling\u00fce ingl\u00e9s <\/strong>imparti\u00e9ndose varias materias en Ingl\u00e9s.<\/p>\n<p style=\"text-align: justify\">Como <strong>complementos <\/strong>al <strong>horario lectivo <\/strong>contamos con una serie de actividades y actuaciones que hacen que el centro est\u00e9 abierto desde las 7.30 horas de la ma\u00f1ana hasta las 18:30 horas.<\/p>\n<p style=\"text-align: justify\"><a href=\"https:\/\/blogsaverroes.juntadeandalucia.es\/ceipsantamaria\/files\/2015\/03\/CEIP_santa_maria_ejido_2.jpg.png\"><img loading=\"lazy\" decoding=\"async\" class=\"size-medium wp-image-2156 alignleft\" src=\"https:\/\/blogsaverroes.juntadeandalucia.es\/ceipsantamaria\/files\/2015\/03\/CEIP_santa_maria_ejido_2.jpg-300x217.png\" alt=\"\" width=\"300\" height=\"217\" srcset=\"https:\/\/blogsaverroes.juntadeandalucia.es\/ceipsantamaria\/files\/2015\/03\/CEIP_santa_maria_ejido_2.jpg-300x217.png 300w, https:\/\/blogsaverroes.juntadeandalucia.es\/ceipsantamaria\/files\/2015\/03\/CEIP_santa_maria_ejido_2.jpg-24x17.png 24w, https:\/\/blogsaverroes.juntadeandalucia.es\/ceipsantamaria\/files\/2015\/03\/CEIP_santa_maria_ejido_2.jpg-36x26.png 36w, https:\/\/blogsaverroes.juntadeandalucia.es\/ceipsantamaria\/files\/2015\/03\/CEIP_santa_maria_ejido_2.jpg-48x35.png 48w, https:\/\/blogsaverroes.juntadeandalucia.es\/ceipsantamaria\/files\/2015\/03\/CEIP_santa_maria_ejido_2.jpg.png 309w\" sizes=\"(max-width: 300px) 100vw, 300px\" \/><\/a>Nuestro centro esta enmarcado tambi\u00e9n dentro del <strong>Plan de Apoyo a las Familias<\/strong>, dentro de los tres \u00e1mbitos con que cuenta este plan, actualmente tenemos concedido por parte de la Consejer\u00eda el servicio de comedor. Los otros dos \u00e1mbitos, Aula Matinal y Actividades Extraescolares (Ingles, Franc\u00e9s, Rob\u00f3tica, Refuerzo) se desarrollan en colaboraci\u00f3n con la AMPA Manuel de Falla.<\/p>\n<p style=\"text-align: justify\">Adem\u00e1s nuestro centro desarrolla el Programa <strong>Escuelas Deportivas<\/strong> y el <strong>PROA <\/strong>(Acompa\u00f1amiento Escolar y PALI).<\/p>\n","protected":false},"excerpt":{"rendered":"<p>El CEIP Santa Mar\u00eda del \u00c1guila fue inaugurado en el a\u00f1o 1965. En ese momento fue el primer colegio de la localidad. El nombre asignado fue el mismo que el del n\u00facleo urbano, Colegio&#46;&#46;&#46;<\/p>\n","protected":false},"author":1,"featured_media":0,"parent":0,"menu_order":0,"comment_status":"closed","ping_status":"open","template":"page-cs.php","meta":{"ngg_post_thumbnail":0,"footnotes":"","_mc_calendar":[]},"aioseo_notices":[],"_links":{"self":[{"href":"https:\/\/blogsaverroes.juntadeandalucia.es\/ceipsantamaria\/wp-json\/wp\/v2\/pages\/35"}],"collection":[{"href":"https:\/\/blogsaverroes.juntadeandalucia.es\/ceipsantamaria\/wp-json\/wp\/v2\/pages"}],"about":[{"href":"https:\/\/blogsaverroes.juntadeandalucia.es\/ceipsantamaria\/wp-json\/wp\/v2\/types\/page"}],"author":[{"embeddable":true,"href":"https:\/\/blogsaverroes.juntadeandalucia.es\/ceipsantamaria\/wp-json\/wp\/v2\/users\/1"}],"replies":[{"embeddable":true,"href":"https:\/\/blogsaverroes.juntadeandalucia.es\/ceipsantamaria\/wp-json\/wp\/v2\/comments?post=35"}],"version-history":[{"count":23,"href":"https:\/\/blogsaverroes.juntadeandalucia.es\/ceipsantamaria\/wp-json\/wp\/v2\/pages\/35\/revisions"}],"predecessor-version":[{"id":2158,"href":"https:\/\/blogsaverroes.juntadeandalucia.es\/ceipsantamaria\/wp-json\/wp\/v2\/pages\/35\/revisions\/2158"}],"wp:attachment":[{"href":"https:\/\/blogsaverroes.juntadeandalucia.es\/ceipsantamaria\/wp-json\/wp\/v2\/media?parent=35"}],"curies":[{"name":"wp","href":"https:\/\/api.w.org\/{rel}","templated":true}]}}